{"id":2151,"date":"2012-05-14T08:30:38","date_gmt":"2012-05-14T06:30:38","guid":{"rendered":"http:\/\/klubmamgdynia.pl\/index.php\/produkt\/rastar-samochod-zdalnie-sterowany-lamborghini-huracan-sto-gra2020\/"},"modified":"2026-04-23T01:11:36","modified_gmt":"2026-04-22T23:11:36","slug":"rastar-samochod-zdalnie-sterowany-lamborghini-huracan-sto-gra2020","status":"publish","type":"product","link":"http:\/\/klubmamgdynia.pl\/index.php\/produkt\/rastar-samochod-zdalnie-sterowany-lamborghini-huracan-sto-gra2020\/","title":{"rendered":"Rastar Samoch\u00f3d Zdalnie Sterowany Lamborghini Hurac\u00e1n Sto Gra2020"},"content":{"rendered":"<p>Zdalnie sterowany model renomowanej marki, zabawek ze wzgl\u0119du na doskona\u0142\u0105 jako\u015b\u0107 i uzyska\u0142a licencje na produkcj\u0119 i dystrybucj\u0119 ponad 300 pojazd\u00f3w od 28 znanych na ca\u0142ym \u015bwiecie marek samochodowych, w tym Ferrari, Lamborghini, Bugatti, Bentley, Porsche, BMW, Audi, Mercedes-Benz itp. Rastar to ekskluzywny, niezale\u017cny model wagi. Miniaturowy model Lamborghini Huracan jest w skali 1:14, a jego konstrukcja \u015bwiadczy o eleganckim charakterze samochodu. Samoch\u00f3d \u0142\u0105czy w sobie mocne linie i pierwszorz\u0119dne wn\u0119trze. Lamborghini ma ekskluzywne otwierane drzwi. Posiada oryginaln\u0105 ram\u0119 formowan\u0105 wtryskowo i niezale\u017cny system zawieszenia. Dzi\u0119ki temu stylowemu samochodowi sterowanemu radiem mo\u017cesz je\u017adzi\u0107 do przodu, do ty\u0142u oraz skr\u0119ca\u0107 w prawo i w lewo. Pilot dzia\u0142a na cz\u0119stotliwo\u015bci 27,40 GHz. Realistyczny pojazd sterowany radiowo to doskona\u0142y i efektowny prezent dla ka\u017cdego dziecka.<\/p>\n<h2>Rastar Samoch\u00f3d Zdalnie Sterowany Lamborghini Hurac\u00e1n Sto Gra2020 Rastar<\/h2>\n<p>kawa\u0142y na prima aprilis dla rodzic\u00f3w, trudne zagadki logiczne z odpowiedziami, dyplomy do wydrukowania a4, marcel imi\u0119, harry potter kolorowanka, co na roczek dla ch\u0142opca, dobre \u017carty na prima aprilis, zagadki wielkanocne przedszkole, weso\u0142e pisanki tekst, molo w brze\u017anie, zagadki o zwierz\u0119tach wiejskich, znaki drogowe quizy, pisanie literek do druku, mia imie, p\u0142onie ognisko w lesie, prezent dla 16 latki, dla dzieci warszawa, lol surprise kolorowanki, sta\u0142a pod \u015bniegiem, opisy do zdj z dzieckiem<\/p>\n<p>yyyyy<\/p>\n<p>&nbsp;<\/p>\n","protected":false},"excerpt":{"rendered":"<p>Zdalnie sterowany model renomowanej marki, zabawek ze wzgl\u0119du na doskona\u0142\u0105 jako\u015b\u0107 i uzyska\u0142a licencje na produkcj\u0119 i dystrybucj\u0119 ponad 300 pojazd\u00f3w od 28 znanych na ca\u0142ym \u015bwiecie marek samochodowych, w tym Ferrari, Lamborghini, Bugatti, Bentley, Porsche, BMW, Audi, Mercedes-Benz itp. Rastar to ekskluzywny, niezale\u017cny model wagi. Miniaturowy model Lamborghini Huracan jest w skali 1:14, a [&hellip;]<\/p>\n","protected":false},"featured_media":2152,"comment_status":"closed","ping_status":"open","template":"","meta":[],"product_cat":[504,337],"product_tag":[686,681,734,627,710],"class_list":["post-2151","product","type-product","status-publish","has-post-thumbnail","hentry","product_cat-rastar","product_cat-zabawki-zdalnie-sterowane","product_tag-co-na-roczek-dla-chlopca","product_tag-flagi-europy-quiz","product_tag-milan-imie","product_tag-quiz-dzieci-z-bullerbyn","product_tag-zagadki-dla-dzieci-10-12-lat"],"_links":{"self":[{"href":"http:\/\/klubmamgdynia.pl\/index.php\/wp-json\/wp\/v2\/product\/2151","targetHints":{"allow":["GET"]}}],"collection":[{"href":"http:\/\/klubmamgdynia.pl\/index.php\/wp-json\/wp\/v2\/product"}],"about":[{"href":"http:\/\/klubmamgdynia.pl\/index.php\/wp-json\/wp\/v2\/types\/product"}],"replies":[{"embeddable":true,"href":"http:\/\/klubmamgdynia.pl\/index.php\/wp-json\/wp\/v2\/comments?post=2151"}],"wp:featuredmedia":[{"embeddable":true,"href":"http:\/\/klubmamgdynia.pl\/index.php\/wp-json\/wp\/v2\/media\/2152"}],"wp:attachment":[{"href":"http:\/\/klubmamgdynia.pl\/index.php\/wp-json\/wp\/v2\/media?parent=2151"}],"wp:term":[{"taxonomy":"product_cat","embeddable":true,"href":"http:\/\/klubmamgdynia.pl\/index.php\/wp-json\/wp\/v2\/product_cat?post=2151"},{"taxonomy":"product_tag","embeddable":true,"href":"http:\/\/klubmamgdynia.pl\/index.php\/wp-json\/wp\/v2\/product_tag?post=2151"}],"curies":[{"name":"wp","href":"https:\/\/api.w.org\/{rel}","templated":true}]}}