{"id":2163,"date":"2019-12-05T17:23:01","date_gmt":"2019-12-05T16:23:01","guid":{"rendered":"http:\/\/klubmamgdynia.pl\/index.php\/produkt\/czuczu-5906837-ukladanka-edukacyjna-ksiazeczka-zwierzeta-18\/"},"modified":"2026-04-26T12:45:30","modified_gmt":"2026-04-26T10:45:30","slug":"czuczu-5906837-ukladanka-edukacyjna-ksiazeczka-zwierzeta-18","status":"publish","type":"product","link":"http:\/\/klubmamgdynia.pl\/index.php\/produkt\/czuczu-5906837-ukladanka-edukacyjna-ksiazeczka-zwierzeta-18\/","title":{"rendered":"Czuczu 5906837 Uk\u0142adanka Edukacyjna + Ksi\u0105\u017ceczka Zwierz\u0119ta 18+"},"content":{"rendered":"<p>Ma\u0142a akademia Zwierz\u0105tka to ksi\u0105\u017ceczka do kolorowania i edukacyjny zestaw puzzli. To spos\u00f3b na \u015bwietn\u0105 zabaw\u0119, kt\u00f3ra jednocze\u015bnie:- zach\u0119ca do poznawania nowych s\u0142\u00f3w- \u0107wiczy spostrzegawczo\u015b\u0107 i percepcj\u0119 wzrokow\u0105- wspiera ma\u0142\u0105 motoryk\u0119 oraz precyzj\u0119- trenuje prawid\u0142owy chwyt kredki.Proste i kolorowe ilustracje zach\u0119caj\u0105 dzieci do podj\u0119cia pierwszych samodzielnych pr\u00f3b kolorowania, a nast\u0119pnie kontynuowania zabawy z puzzlami.Zestaw zawiera:- ksi\u0105\u017ceczk\u0119 do kolorowania- 7 du\u017cych dwuelementowych uk\u0142adanek- naklejki.<\/p>\n<h2>Czuczu 5906837 Uk\u0142adanka Edukacyjna + Ksi\u0105\u017ceczka Zwierz\u0119ta 18+ <\/h2>\n<p>zagadki dla dzieci 7 lat, zabawki na roczek dla ch\u0142opca, co kupic dziewczynce na roczek, stare piosenki dla dzieci teksty, prezent dla nastolatk\u00f3w, kolorowanki antystresowe, kr\u00f3tkie zagadki, zagadki o lesie, maska karnawa\u0142owa pdf, p\u0142onie ognisko w lesie, dzien matki cytaty<\/p>\n<p>yyyyy<\/p>\n<p>&nbsp;<\/p>\n","protected":false},"excerpt":{"rendered":"<p>Ma\u0142a akademia Zwierz\u0105tka to ksi\u0105\u017ceczka do kolorowania i edukacyjny zestaw puzzli. To spos\u00f3b na \u015bwietn\u0105 zabaw\u0119, kt\u00f3ra jednocze\u015bnie:- zach\u0119ca do poznawania nowych s\u0142\u00f3w- \u0107wiczy spostrzegawczo\u015b\u0107 i percepcj\u0119 wzrokow\u0105- wspiera ma\u0142\u0105 motoryk\u0119 oraz precyzj\u0119- trenuje prawid\u0142owy chwyt kredki.Proste i kolorowe ilustracje zach\u0119caj\u0105 dzieci do podj\u0119cia pierwszych samodzielnych pr\u00f3b kolorowania, a nast\u0119pnie kontynuowania zabawy z puzzlami.Zestaw zawiera:- [&hellip;]<\/p>\n","protected":false},"featured_media":2164,"comment_status":"closed","ping_status":"open","template":"","meta":[],"product_cat":[537],"product_tag":[686,685,780],"class_list":["post-2163","product","type-product","status-publish","has-post-thumbnail","hentry","product_cat-pozostale-zabawki-edukacyjne","product_tag-co-na-roczek-dla-chlopca","product_tag-cytaty-o-rodzinie","product_tag-krecik-bajka"],"_links":{"self":[{"href":"http:\/\/klubmamgdynia.pl\/index.php\/wp-json\/wp\/v2\/product\/2163","targetHints":{"allow":["GET"]}}],"collection":[{"href":"http:\/\/klubmamgdynia.pl\/index.php\/wp-json\/wp\/v2\/product"}],"about":[{"href":"http:\/\/klubmamgdynia.pl\/index.php\/wp-json\/wp\/v2\/types\/product"}],"replies":[{"embeddable":true,"href":"http:\/\/klubmamgdynia.pl\/index.php\/wp-json\/wp\/v2\/comments?post=2163"}],"wp:featuredmedia":[{"embeddable":true,"href":"http:\/\/klubmamgdynia.pl\/index.php\/wp-json\/wp\/v2\/media\/2164"}],"wp:attachment":[{"href":"http:\/\/klubmamgdynia.pl\/index.php\/wp-json\/wp\/v2\/media?parent=2163"}],"wp:term":[{"taxonomy":"product_cat","embeddable":true,"href":"http:\/\/klubmamgdynia.pl\/index.php\/wp-json\/wp\/v2\/product_cat?post=2163"},{"taxonomy":"product_tag","embeddable":true,"href":"http:\/\/klubmamgdynia.pl\/index.php\/wp-json\/wp\/v2\/product_tag?post=2163"}],"curies":[{"name":"wp","href":"https:\/\/api.w.org\/{rel}","templated":true}]}}