{"id":2167,"date":"2015-03-24T07:37:43","date_gmt":"2015-03-24T06:37:43","guid":{"rendered":"http:\/\/klubmamgdynia.pl\/index.php\/produkt\/wader-chwytacz-pilek-rc-h-toys-1571-16ch-2-4ghz-114\/"},"modified":"2026-04-04T20:22:56","modified_gmt":"2026-04-04T18:22:56","slug":"wader-chwytacz-pilek-rc-h-toys-1571-16ch-2-4ghz-114","status":"publish","type":"product","link":"http:\/\/klubmamgdynia.pl\/index.php\/produkt\/wader-chwytacz-pilek-rc-h-toys-1571-16ch-2-4ghz-114\/","title":{"rendered":"Wader Chwytacz pi\u0142ek RC H-Toys 1571 16CH 2.4Ghz 1:14"},"content":{"rendered":"<p>CHWYTACZ PI\u0141EK RC H-TOYS 1571 16CH 2.4GHZ 1:1416-kana\u0142owa koparka g\u0105sienicowa z chwytakiem do pi\u0142ek marki H-Toys to doskonale odwzorowany zdalnie sterowany model wykonana niezwykle precyzyjn\u0105 metod\u0105 die cast. Wygl\u0105dem i funkcjonalno\u015bci\u0105 odzwierciedla prawdziw\u0105 maszyn\u0119 budowlan\u0105. Prezentowana koparka to pojazd w skali 1:14, wykonana z trwa\u0142ego i wytrzyma\u0142ego tworzywa ABS oraz metalu.Model sterowany aparatur\u0105 pracuj\u0105c\u0105 na cz\u0119stotliwo\u015bci 2.4GHz porusza si\u0119 do przodu, do ty\u0142u, skr\u0119ca w lewo, skr\u0119ca w prawo, obraca w prawo i lewo. Samo rami\u0119 jest w pe\u0142ni funkcjonalne, podnosi si\u0119 do g\u00f3ry i do do\u0142u, a chwytak otwiera i zamyka. Prezentowany model wyposa\u017cony jest w \u015bwiat\u0142a, wydaje r\u00f3wnie\u017c sygna\u0142y d\u017awi\u0119kowe.Prezentowany model jest w wersji RTR, czyli gotowy do jazdy od razu po wyj\u0119ciu z pude\u0142ka.Mo\u017cliwo\u015b\u0107 ca\u0142kowitego wy\u0142\u0105czenia d\u017awi\u0119ku, je\u017celi zale\u017cy Ci na ciszy podczas u\u017cywania zabawki!Dane techniczne:? Skala: 1:14? Wymiary: 42cm x 26cm x 20cm (rozmiar mo\u017ce si\u0119 r\u00f3\u017cni\u0107 w zale\u017cno\u015bci od uk\u0142adu chwytaka)? Waga: ok. 2kg? Materia\u0142 wykonania: metal i tworzywo ABS? Ilo\u015b\u0107 kana\u0142\u00f3w: 16? Kierunki ruchu: do przodu, do ty\u0142u, w lewo, w prawo, ruchy ramienia, obracanie lewo\/prawo, zamykanie\/otwieranie chwytaka? Cz\u0119stotliwo\u015b\u0107 pracy nadajnika: 2.4GHz? Czas zabawy: ok. 20 minut? Czas \u0142adowania: 120 minut? Zasi\u0119g: do 50mZasilanie nadajnika: 2x bateria AA (brak w zestawie)Zestaw zawiera:? Kopark\u0119? Pilot 2.4GHz? Akumulator 7.2V 400mAh Ni-Cd? \u0141adowarka? Instrukcja obs\u0142ugi<\/p>\n<h2>Wader Chwytacz pi\u0142ek RC H-Toys 1571 16CH 2.4Ghz 1:14 Wader<\/h2>\n<p>rysunki krok po kroku, kolorowe kanapki kanapki dla dzieci, \u0142\u00f3d\u017a atrakcje dla dzieci, milan znaczenie imienia, maska batmana do druku, zabawy dla 7 latki, proste dekoracje bo\u017conarodzeniowe dla dzieci, prezent dla rocznego ch\u0142opca, smieszne zagadki, konstancja imie, pa\u0144stwa europy i ich stolice quiz, kolorowanka harry potter do druku, wierszyk o marzannie, zagadki dla 6 latka, ko\u0142ysanka tekst, \u017carty na prima aprilis dla ch\u0142opaka, opis na dzie\u0144 mamy<\/p>\n<p>yyyyy<\/p>\n<p>&nbsp;<\/p>\n","protected":false},"excerpt":{"rendered":"<p>CHWYTACZ PI\u0141EK RC H-TOYS 1571 16CH 2.4GHZ 1:1416-kana\u0142owa koparka g\u0105sienicowa z chwytakiem do pi\u0142ek marki H-Toys to doskonale odwzorowany zdalnie sterowany model wykonana niezwykle precyzyjn\u0105 metod\u0105 die cast. Wygl\u0105dem i funkcjonalno\u015bci\u0105 odzwierciedla prawdziw\u0105 maszyn\u0119 budowlan\u0105. Prezentowana koparka to pojazd w skali 1:14, wykonana z trwa\u0142ego i wytrzyma\u0142ego tworzywa ABS oraz metalu.Model sterowany aparatur\u0105 pracuj\u0105c\u0105 na [&hellip;]<\/p>\n","protected":false},"featured_media":2168,"comment_status":"closed","ping_status":"open","template":"","meta":[],"product_cat":[514,337],"product_tag":[817,839,758,729,694],"class_list":["post-2167","product","type-product","status-publish","has-post-thumbnail","hentry","product_cat-wader","product_cat-zabawki-zdalnie-sterowane","product_tag-bajka-terapeutyczna-o-emocjach","product_tag-bajki-na-dobranoc-do-czytania","product_tag-julian","product_tag-madre-bajki-dla-dzieci-do-czytania","product_tag-zagadki-swiateczne-dla-dzieci"],"_links":{"self":[{"href":"http:\/\/klubmamgdynia.pl\/index.php\/wp-json\/wp\/v2\/product\/2167","targetHints":{"allow":["GET"]}}],"collection":[{"href":"http:\/\/klubmamgdynia.pl\/index.php\/wp-json\/wp\/v2\/product"}],"about":[{"href":"http:\/\/klubmamgdynia.pl\/index.php\/wp-json\/wp\/v2\/types\/product"}],"replies":[{"embeddable":true,"href":"http:\/\/klubmamgdynia.pl\/index.php\/wp-json\/wp\/v2\/comments?post=2167"}],"wp:featuredmedia":[{"embeddable":true,"href":"http:\/\/klubmamgdynia.pl\/index.php\/wp-json\/wp\/v2\/media\/2168"}],"wp:attachment":[{"href":"http:\/\/klubmamgdynia.pl\/index.php\/wp-json\/wp\/v2\/media?parent=2167"}],"wp:term":[{"taxonomy":"product_cat","embeddable":true,"href":"http:\/\/klubmamgdynia.pl\/index.php\/wp-json\/wp\/v2\/product_cat?post=2167"},{"taxonomy":"product_tag","embeddable":true,"href":"http:\/\/klubmamgdynia.pl\/index.php\/wp-json\/wp\/v2\/product_tag?post=2167"}],"curies":[{"name":"wp","href":"https:\/\/api.w.org\/{rel}","templated":true}]}}