{"id":2177,"date":"2023-05-12T03:09:12","date_gmt":"2023-05-12T01:09:12","guid":{"rendered":"http:\/\/klubmamgdynia.pl\/?post_type=product&#038;p=2177"},"modified":"2026-04-30T22:24:15","modified_gmt":"2026-04-30T20:24:15","slug":"smart-games-iq-puzzler-pro-eng-iuvi-games","status":"publish","type":"product","link":"http:\/\/klubmamgdynia.pl\/index.php\/produkt\/smart-games-iq-puzzler-pro-eng-iuvi-games\/","title":{"rendered":"Smart Games IQ Puzzler Pro (ENG) IUVI Games"},"content":{"rendered":"<p>IQ Puzzler Pro<br \/>\nIQ Puzzler to prawdziwa gratka dla mi\u0142o\u015bnik\u00f3w \u0142amig\u0142\u00f3wek.  12 bardzo estetycznych element\u00f3w mie\u015bci si\u0119 w ma\u0142ym por\u0119cznym pude\u0142ku, kt\u00f3re mo\u017cna zabra\u0107 w ka\u017cd\u0105 podr\u00f3\u017c.   \u0141amig\u0142\u00f3wka bazuje na innej, niezmiernie  popularnej \u0142amig\u0142\u00f3wce &#8211; pentomino. Jak zwykle w serii Smart Games mamy sprawdzony pomys\u0142 wzbogacony o nowe rozwi\u0105zania. Zalet\u0105 \u0142amig\u0142\u00f3wki jest fakt, \u017ce producent przygotowa\u0142 nam a\u017c 3 plansze na kt\u00f3rych b\u0119dziemy rozwi\u0105zywa\u0107 kolejne zadania. Dzi\u0119ki temu nie mo\u017cemy zbyt szybko przywykn\u0105\u0107 do kszta\u0142tu \u0142amig\u0142\u00f3wki.  Jednak plansza to nie jedyna niespodzianka jaka nas spotka. O ile prostsze zadania rozwi\u0105zujemy na p\u0142askiej planszy, ostatnie 29 zada\u0144 stanowi\u0105 konstrukcje tr\u00f3jwymiarowe.<br \/>\nGra rozwijaj\u0105ca inteligencj\u0119.\u00a0\u00a0Znakomita do zabrania w podr\u00f3\u017c.\u00a0Gra zawiera a\u017c 120 wyzwa\u0144.ZESTAW ZAWIERA:<br \/>\n1 kompaktowa plansza do gry\u00a012 kolorowych element\u00f3w\u00a01 broszura ze 120 wyzwaniami i rozwi\u0105zaniami\u00a0instrukcja  w j\u0119zyku polskim<\/p>\n<h2>Smart Games IQ Puzzler Pro (ENG) IUVI Games IUVI Games<\/h2>\n<p>cytaty o dziecku i mamie, rodzina sentencja, kr\u00f3tkie bajki dla dzieci, pomys\u0142 na prezent dla 15 latki, zagadki dla dzieci 10-12 lat, prezent na roczek dla ch\u0142opca, jak narysowa\u0107 oko, peppa do czytania, zagadki zimowe dla dzieci, bajki na dobranoc psi patrol<\/p>\n<p>yyyyy<\/p>\n<p>&nbsp;<\/p>\n","protected":false},"excerpt":{"rendered":"<p>IQ Puzzler Pro IQ Puzzler to prawdziwa gratka dla mi\u0142o\u015bnik\u00f3w \u0142amig\u0142\u00f3wek. 12 bardzo estetycznych element\u00f3w mie\u015bci si\u0119 w ma\u0142ym por\u0119cznym pude\u0142ku, kt\u00f3re mo\u017cna zabra\u0107 w ka\u017cd\u0105 podr\u00f3\u017c. \u0141amig\u0142\u00f3wka bazuje na innej, niezmiernie popularnej \u0142amig\u0142\u00f3wce &#8211; pentomino. Jak zwykle w serii Smart Games mamy sprawdzony pomys\u0142 wzbogacony o nowe rozwi\u0105zania. Zalet\u0105 \u0142amig\u0142\u00f3wki jest fakt, \u017ce producent [&hellip;]<\/p>\n","protected":false},"featured_media":2178,"comment_status":"closed","ping_status":"open","template":"","meta":[],"product_cat":[130,432],"product_tag":[839,784,675],"class_list":["post-2177","product","type-product","status-publish","has-post-thumbnail","hentry","product_cat-gry-dzieciece","product_cat-iuvi-games","product_tag-bajki-na-dobranoc-do-czytania","product_tag-hymn-gorniczy","product_tag-test-z-lektury-kajko-i-kokosz-szkola-latania"],"_links":{"self":[{"href":"http:\/\/klubmamgdynia.pl\/index.php\/wp-json\/wp\/v2\/product\/2177","targetHints":{"allow":["GET"]}}],"collection":[{"href":"http:\/\/klubmamgdynia.pl\/index.php\/wp-json\/wp\/v2\/product"}],"about":[{"href":"http:\/\/klubmamgdynia.pl\/index.php\/wp-json\/wp\/v2\/types\/product"}],"replies":[{"embeddable":true,"href":"http:\/\/klubmamgdynia.pl\/index.php\/wp-json\/wp\/v2\/comments?post=2177"}],"wp:featuredmedia":[{"embeddable":true,"href":"http:\/\/klubmamgdynia.pl\/index.php\/wp-json\/wp\/v2\/media\/2178"}],"wp:attachment":[{"href":"http:\/\/klubmamgdynia.pl\/index.php\/wp-json\/wp\/v2\/media?parent=2177"}],"wp:term":[{"taxonomy":"product_cat","embeddable":true,"href":"http:\/\/klubmamgdynia.pl\/index.php\/wp-json\/wp\/v2\/product_cat?post=2177"},{"taxonomy":"product_tag","embeddable":true,"href":"http:\/\/klubmamgdynia.pl\/index.php\/wp-json\/wp\/v2\/product_tag?post=2177"}],"curies":[{"name":"wp","href":"https:\/\/api.w.org\/{rel}","templated":true}]}}