{"id":219,"date":"2012-04-23T00:22:43","date_gmt":"2012-04-22T22:22:43","guid":{"rendered":"http:\/\/klubmamgdynia.pl\/index.php\/produkt\/holle-kaszka-pelnoziarnista-pszenna-z-bananem-bezmleczna-250g-bio\/"},"modified":"2026-04-24T05:44:36","modified_gmt":"2026-04-24T03:44:36","slug":"holle-kaszka-pelnoziarnista-pszenna-z-bananem-bezmleczna-250g-bio","status":"publish","type":"product","link":"http:\/\/klubmamgdynia.pl\/index.php\/produkt\/holle-kaszka-pelnoziarnista-pszenna-z-bananem-bezmleczna-250g-bio\/","title":{"rendered":"Holle Kaszka Pe\u0142noziarnista Pszenna Z Bananem Bezmleczna 250G Bio"},"content":{"rendered":"<p>HOLLE BIO Kaszka Pszenna z Bananami Pe\u0142noziarnista 6mMINIMALNY TERMIN PRZYDATNO\u015aCI: 08.04.2021Masa netto: 250 g produkt ekologicznyod 6 miesi\u0105caWarto\u015b\u0107 od\u017cywcza w 100 g:warto\u015b\u0107 energetyczna 1518 kJ\/359 cal-t\u0142uszcz 2,3 g, w tym kwasy t\u0142uszczowe nasycone 0,6 g-w\u0119glowodany 69,8 g, w tym cukier 15,5 g-w tym skrobia 34,4 g- b\u0142onnik 9,5 g-bia\u0142ko 9,9 g- s\u00f3l 0,020 g-tiamina 1,570 mg-s\u00f3d 0,008 g.Warto\u015b\u0107 od\u017cywcza w porcji kaszki z dodatkiem mleka**:warto\u015b\u0107 energetyczna 659 kJ\/157 kcal-t\u0142uszcz 4,4 g, w tym kwasy t\u0142uszczowe nasycone 2,5 g-w\u0119glowodany 22,2 g, w tym cukier* 8,6 g-w tym skrobia 8,6 g- b\u0142onnik 2,4 g-bia\u0142ko 5,7 g- s\u00f3l 0,125 g-tiamina 0,430 mg-s\u00f3d 0,050 g.* naturalny cukier w sk\u0142adzie** jedna paczka kaszki wystarcza na 10 porcji lekkostrawnego posi\u0142ku.Sk\u0142adniki: Demeter pe\u0142noziarniste p\u0142atki PSZENNE** 50%, puree bananowe* 50%,tiamina (zawarto\u015b\u0107 witaminy zgodna z prawem).* rolnictwo ekologiczne,** rolnictwo biodynamiczne (Demeter)Produkt zawiera GLUTEN.Bez dodatku cukru (zawiera naturalnie wyst\u0119puj\u0105ce cukry).Dla niemowl\u0105t od 6 miesi\u0105ca \u017cycia.MO\u017bLIWE SPOSOBY PRZYGOTOWANIA POSI\u0141KU OD 6 MIESI\u0104CA \u017bYCIA.POSI\u0141EK Z MLEKIEM MODYFIKOWANYM:Przygotuj 170 ml mleka (zgodnie z instrukcj\u0105 na opakowaniu), wsyp 18 g kaszki (ok. 3-4 \u0142y\u017cek).Pozostawi\u0107 do nap\u0119cznienia i ostudzi\u0107 do temperatury spo\u017cywania (ok 37\u00b0C) \u2013 gotowe.KASZKA Z MLEKIEM:100 ml wody i 100 ml mleka zagotowa\u0107 i ostudzi\u0107 do temp ok. 50\u00b0C.P\u0142yn przela\u0107 na talerz i rozmiesza\u0107 z 25 g kaszki (ok. 5 \u0142y\u017cek).Pozostawi\u0107 do nap\u0119cznienia i ostudzi\u0107 do temperatury spo\u017cywania (ok. 37\u00b0C.) \u2013 gotowe.POSI\u0141EK Z MLEKIEM MATKI:Rozmiesza\u0107 25 g kaszki (ok. 5 \u0142y\u017cek) ze 130 ml gor\u0105cego mleka matki \u2013 gotowe.Uwaga: aby zachowa\u0107 cenne substancje od\u017cywcze nale\u017cy podgrza\u0107 mleko matki do temp. nie wy\u017cszej ni\u017c 40\u00b0 C.KASZKA BEZMLECZNA:200 ml wody zagotowa\u0107 i ostudzi\u0107 do temp ok. 50\u00b0 C . Doda\u0107 25 g kaszki (ok. 5 \u0142y\u017cek) i1 \u0142y\u017ceczk\u0119 BIO oleju dla dzieci, wymiesza\u0107 do uzyskania wymaganej konsystencji \u2013 gotowe.BEZMLECZNA KASZKA ZBO\u017bOWA Z OWOCAMI LUB WARZYWAMI:Zmieszaj 20 g kaszki (ok. 4 \u0142y\u017cki sto\u0142owe) ze 100 g \u015bwie\u017cych owoc\u00f3w lub 100 g owoc\u00f3w zblendowanych i1 \u0142y\u017ceczk\u0105 BIO oleju dla dzieci.W razie potrzeby nale\u017cy doda\u0107 wod\u0119 (przegotowan\u0105, temp. 50\u00b0C).Opcjonalnie mo\u017cna doda\u0107 160 g ciep\u0142ych zblendowanych warzyw.Do tego doda\u0107 2 \u0142y\u017ceczki BIO oleju dla dzieci.MO\u017bLIWY SPOS\u00d3B PRZYGOTOWANIA POSI\u0141KU PO 6 MIESI\u0104CU \u017bYCIA.150 ml wody zagotowa\u0107 i ostudzi\u0107 do temp ok. 50\u00b0C.Najpierw doda\u0107 5 miarek mleka Holle 2 a nast\u0119pnie 18 g kaszki (3-4 \u0142y\u017cki) wymiesza\u0107 \u2013 gotowe.Od 10 miesi\u0105ca \u017cycia mo\u017cna przygotowywa\u0107 posi\u0142ki z mlekiem Holle 3.1 \u0142y\u017cka kaszki =5g1 \u0142y\u017ceczka BIO oleju dla dzieci Holle = 4g<\/p>\n<h2>Holle Kaszka Pe\u0142noziarnista Pszenna Z Bananem Bezmleczna 250G Bio Holle<\/h2>\n<p>dobrej nocy i sza, opisy do zdj dziecka, cyferki do druku, filmy animowane \u015bwi\u0105teczne<\/p>\n<p>yyyyy<\/p>\n<p>&nbsp;<\/p>\n","protected":false},"excerpt":{"rendered":"<p>HOLLE BIO Kaszka Pszenna z Bananami Pe\u0142noziarnista 6mMINIMALNY TERMIN PRZYDATNO\u015aCI: 08.04.2021Masa netto: 250 g produkt ekologicznyod 6 miesi\u0105caWarto\u015b\u0107 od\u017cywcza w 100 g:warto\u015b\u0107 energetyczna 1518 kJ\/359 cal-t\u0142uszcz 2,3 g, w tym kwasy t\u0142uszczowe nasycone 0,6 g-w\u0119glowodany 69,8 g, w tym cukier 15,5 g-w tym skrobia 34,4 g- b\u0142onnik 9,5 g-bia\u0142ko 9,9 g- s\u00f3l 0,020 g-tiamina 1,570 [&hellip;]<\/p>\n","protected":false},"featured_media":220,"comment_status":"closed","ping_status":"open","template":"","meta":[],"product_cat":[106,107],"product_tag":[668,727,596,814,586,641,600],"class_list":["post-219","product","type-product","status-publish","has-post-thumbnail","hentry","product_cat-holle","product_cat-kaszki-dla-dzieci","product_tag-atrakcje-dla-dzieci-wroclaw","product_tag-godlo-polski-do-druku","product_tag-pomysly-na-prima-aprilis","product_tag-prezenty-dla-nastolatek","product_tag-smieszne-zagadki","product_tag-trudne-zagadki-logiczne","product_tag-zaproszenia-na-urodziny-do-druku"],"_links":{"self":[{"href":"http:\/\/klubmamgdynia.pl\/index.php\/wp-json\/wp\/v2\/product\/219","targetHints":{"allow":["GET"]}}],"collection":[{"href":"http:\/\/klubmamgdynia.pl\/index.php\/wp-json\/wp\/v2\/product"}],"about":[{"href":"http:\/\/klubmamgdynia.pl\/index.php\/wp-json\/wp\/v2\/types\/product"}],"replies":[{"embeddable":true,"href":"http:\/\/klubmamgdynia.pl\/index.php\/wp-json\/wp\/v2\/comments?post=219"}],"wp:featuredmedia":[{"embeddable":true,"href":"http:\/\/klubmamgdynia.pl\/index.php\/wp-json\/wp\/v2\/media\/220"}],"wp:attachment":[{"href":"http:\/\/klubmamgdynia.pl\/index.php\/wp-json\/wp\/v2\/media?parent=219"}],"wp:term":[{"taxonomy":"product_cat","embeddable":true,"href":"http:\/\/klubmamgdynia.pl\/index.php\/wp-json\/wp\/v2\/product_cat?post=219"},{"taxonomy":"product_tag","embeddable":true,"href":"http:\/\/klubmamgdynia.pl\/index.php\/wp-json\/wp\/v2\/product_tag?post=219"}],"curies":[{"name":"wp","href":"https:\/\/api.w.org\/{rel}","templated":true}]}}