{"id":2193,"date":"2016-06-25T22:18:27","date_gmt":"2016-06-25T20:18:27","guid":{"rendered":"http:\/\/klubmamgdynia.pl\/index.php\/produkt\/woopie-zdalnie-sterowany-buldozer-spychacz-xxl-6-kanalow-skala-118\/"},"modified":"2026-05-17T22:39:29","modified_gmt":"2026-05-17T20:39:29","slug":"woopie-zdalnie-sterowany-buldozer-spychacz-xxl-6-kanalow-skala-118","status":"publish","type":"product","link":"http:\/\/klubmamgdynia.pl\/index.php\/produkt\/woopie-zdalnie-sterowany-buldozer-spychacz-xxl-6-kanalow-skala-118\/","title":{"rendered":"Woopie Zdalnie Sterowany Buldo\u017cer Spychacz Xxl 6 Kana\u0142\u00f3w Skala 1:18"},"content":{"rendered":"<p>Buldo\u017cer zdalnie sterowany marki WOOPIE to idealna zabawka dla ka\u017cdego ma\u0142ego fana maszyn budowlanych. Pojazd stworzony zosta\u0142 z wysokiej jako\u015bci tworzywa, posiada tak\u017ce metalowe elementy takie jak \u0142y\u017cka czy kabina, oraz szerokie gumowe opony, dzi\u0119ki kt\u00f3rym zabawka poradzi sobie nawet na najbardziej wymagaj\u0105cym terenie. Ponadto podczas zabawy w domu nie porysuje pod\u0142ogi. Wykonany z przywi\u0105zaniem do najdrobniejszych szczeg\u00f3\u0142\u00f3w jest doskona\u0142\u0105 imitacj\u0105 prawdziwej maszyny w skali 1:18. Spraw aby pok\u00f3j Twojego dziecka zamieni\u0142 si\u0119 w prawdziwy plac budowy! Pojazd rewelacyjnie spe\u0142nia rol\u0119 dydaktyczn\u0105. Podczas zabawy dziecko rozwija ma\u0142a motoryk\u0119 oraz umiej\u0119tno\u015bci manualne. Pojazdy zdalnie sterowane wp\u0142ywaj\u0105 pozytywnie na rozw\u00f3j koncentracji oraz na szybko\u015b\u0107 my\u015blenia, spryt. Jest to \u015bwietny spos\u00f3b na zabaw\u0119 w grupie \u2013 z rodzicami b\u0105d\u017a r\u00f3wie\u015bnikami.Charakterystyka:- buldo\u017cer sterowany jest za pomoc\u0105 sze\u015bciokana\u0142owego pilota z profesjonalnym, intuicyjnym nadajnikiem o cz\u0119stotliwo\u015bci 2.4 ghz,- pojazdem mo\u017ce porusza\u0107 si\u0119  w prz\u00f3d, ty\u0142, prawo, lewo oraz sterowa\u0107 \u0142y\u017ck\u0105 w g\u00f3r\u0119 i d\u00f3\u0142, &#8211; pilot posiada zasi\u0119g od 30 do 50 metr\u00f3w co daje dziecku du\u017c\u0105 swobod\u0119 podczas zabawy,- pilot zasilany jest dwiema bateriami (brak w zestawie),- akumulator wielokrotnego \u0142adowania \u2013 do zestawu zosta\u0142 do\u0142\u0105czony specjalny akumulator NiMh 4.8v 400mah,- gumowe ko\u0142a \u2013 buldo\u017cer posiada masywne, szerokie, gumowe ko\u0142a, kt\u00f3re u\u0142atwiaj\u0105 dziecku zabaw\u0119 w terenie,- wykonany metod\u0105 die cast \u2013 stworzony dzi\u0119ki technologii odlewania ci\u015bnieniowego,- pojazd charakteryzuje si\u0119 du\u017c\u0105 dok\u0142adno\u015bci\u0105, wysok\u0105 jako\u015bci\u0105 powierzchni oraz idealnym odwzorowaniem prawdziwego buldo\u017cera w skali 1:18,- posiada nap\u0119dna 4 ko\u0142a oraz wyposa\u017cony zosta\u0142 w \u015bwiat\u0142a z diodami LED.Zestaw zawiera:- buldo\u017cer,- akumulator wielokrotnego \u0142adowania,- \u0142adowarka USB.Zabawka rozwija:- ma\u0142\u0105 motoryk\u0119,- umiej\u0119tno\u015bci manualne,- koncentracj\u0119,- szybko\u015b\u0107 my\u015blenia, spryt.Zabawki marki Woopie maj\u0105 jeden cel &#8211; wzbudza\u0107 rado\u015b\u0107 dzieci! Po\u015br\u00f3d bogatego asortymentu, Woopie posiada mi\u0119dzy innymi stroje karnawa\u0142owe i przebrania dla dzieci, ale tak\u017ce hu\u015btawki zawieszane, zabawki piankowe, r\u00f3\u017cnego rodzaju zabawki ogrodowe, oraz du\u017co wi\u0119cej! Daj si\u0119 ponie\u015b\u0107 zabawie &#8211; daj si\u0119 ponie\u015b\u0107 Woopie!<\/p>\n<h2>Woopie Zdalnie Sterowany Buldo\u017cer Spychacz Xxl 6 Kana\u0142\u00f3w Skala 1:18 Woopie<\/h2>\n<p>zabawy z pi\u0142k\u0105 dla dzieci, quizy dla dzieci 8 lat, filmy na \u015bwi\u0119ta bo\u017cego narodzenia, co kupi\u0107 nastolatce na \u015bwi\u0119ta<\/p>\n<p>yyyyy<\/p>\n<p>&nbsp;<\/p>\n","protected":false},"excerpt":{"rendered":"<p>Buldo\u017cer zdalnie sterowany marki WOOPIE to idealna zabawka dla ka\u017cdego ma\u0142ego fana maszyn budowlanych. Pojazd stworzony zosta\u0142 z wysokiej jako\u015bci tworzywa, posiada tak\u017ce metalowe elementy takie jak \u0142y\u017cka czy kabina, oraz szerokie gumowe opony, dzi\u0119ki kt\u00f3rym zabawka poradzi sobie nawet na najbardziej wymagaj\u0105cym terenie. Ponadto podczas zabawy w domu nie porysuje pod\u0142ogi. Wykonany z przywi\u0105zaniem [&hellip;]<\/p>\n","protected":false},"featured_media":2194,"comment_status":"closed","ping_status":"open","template":"","meta":[],"product_cat":[177,337],"product_tag":[844,691,618,633],"class_list":["post-2193","product","type-product","status-publish","has-post-thumbnail","hentry","product_cat-woopie","product_cat-zabawki-zdalnie-sterowane","product_tag-co-kupic-na-roczek","product_tag-gabriel","product_tag-lato-lato-lato-czeka-tekst","product_tag-zagadki-z-odpowiedziami"],"_links":{"self":[{"href":"http:\/\/klubmamgdynia.pl\/index.php\/wp-json\/wp\/v2\/product\/2193","targetHints":{"allow":["GET"]}}],"collection":[{"href":"http:\/\/klubmamgdynia.pl\/index.php\/wp-json\/wp\/v2\/product"}],"about":[{"href":"http:\/\/klubmamgdynia.pl\/index.php\/wp-json\/wp\/v2\/types\/product"}],"replies":[{"embeddable":true,"href":"http:\/\/klubmamgdynia.pl\/index.php\/wp-json\/wp\/v2\/comments?post=2193"}],"wp:featuredmedia":[{"embeddable":true,"href":"http:\/\/klubmamgdynia.pl\/index.php\/wp-json\/wp\/v2\/media\/2194"}],"wp:attachment":[{"href":"http:\/\/klubmamgdynia.pl\/index.php\/wp-json\/wp\/v2\/media?parent=2193"}],"wp:term":[{"taxonomy":"product_cat","embeddable":true,"href":"http:\/\/klubmamgdynia.pl\/index.php\/wp-json\/wp\/v2\/product_cat?post=2193"},{"taxonomy":"product_tag","embeddable":true,"href":"http:\/\/klubmamgdynia.pl\/index.php\/wp-json\/wp\/v2\/product_tag?post=2193"}],"curies":[{"name":"wp","href":"https:\/\/api.w.org\/{rel}","templated":true}]}}