{"id":2211,"date":"2021-09-28T20:22:37","date_gmt":"2021-09-28T18:22:37","guid":{"rendered":"http:\/\/klubmamgdynia.pl\/index.php\/produkt\/mega-creative-toaletka-b-o-33x45x6-pudelko-24-zabawka\/"},"modified":"2026-04-05T23:53:18","modified_gmt":"2026-04-05T21:53:18","slug":"mega-creative-toaletka-b-o-33x45x6-pudelko-24-zabawka","status":"publish","type":"product","link":"http:\/\/klubmamgdynia.pl\/index.php\/produkt\/mega-creative-toaletka-b-o-33x45x6-pudelko-24-zabawka\/","title":{"rendered":"Mega Creative Toaletka B\/O 33X45X6 Pude\u0142ko 24 &#8211; Zabawka"},"content":{"rendered":"<p>Zalety produktu: toaletka posiada du\u017ce lustro, posiada efekty d\u017cwi\u0119kowe oraz \u015bwietlne po naci\u015bni\u0119ciu przycisku nad lustrem, suszarka wydaje odg\u0142os suszenia. Du\u017ca toaletka MEGA CREATIVE dla ma\u0142ej modnisi. Na pewno w pokoju znajdzie si\u0119 dla niej miejsce. Spe\u0142ni marzenie nie jednej ma\u0142ej Ksi\u0119\u017cniczki by mie\u0107 miejsce do malowania paznokci i robienia makija\u017cu Zawarto\u015b\u0107 zestawu: toaletk\u0119 z lustrem, suszarka do w\u0142os\u00f3w, szczotka, ma\u0142e lusterko, kolczyki, 3 x pier\u015bcionki, flakonik z perfumami, 2 x bransoletki, spinka do w\u0142os\u00f3w. Produkt wykonany z plastiku. Wymiary\/waga\/baterie wymiary produktu d\u0142. x wys. x g\u0142. cm : 29x37x19, wymiary opakowania d\u0142. x wys. x g\u0142. cm : 33x45x6, waga produktu bez opakowania kg : 0,85 kg, waga produktu z opakowaniem kg : 1,71 kg, wymaga zasilania bateriami 3 x AALR06- nie za\u0142\u0105czono do zestawu. Pakowany w kartonik. W kartonie zbiorczym po 24 szt. &#8230;<\/p>\n<h2>Mega Creative Toaletka B\/O 33X45X6 Pude\u0142ko 24 &#8211; Zabawka Mega Creative<\/h2>\n<p>darmowe quizy, zagadki dla dzieci z odpowiedziami, \u0142amig\u0142\u00f3wki dla dzieci do druku, marcel imi\u0119, w uk\u0142adzie s\u0142onecznym tekst, zagadki s\u0142owne, kolorowanki do druku lol, gad\u017cety dla nastolatka, kolorowanka kotek, logiczne zagadki, proste origami dla dzieci, opowiadanie o jesieni dla dzieci, place zabaw warszawa<\/p>\n<p>yyyyy<\/p>\n<p>&nbsp;<\/p>\n","protected":false},"excerpt":{"rendered":"<p>Zalety produktu: toaletka posiada du\u017ce lustro, posiada efekty d\u017cwi\u0119kowe oraz \u015bwietlne po naci\u015bni\u0119ciu przycisku nad lustrem, suszarka wydaje odg\u0142os suszenia. Du\u017ca toaletka MEGA CREATIVE dla ma\u0142ej modnisi. Na pewno w pokoju znajdzie si\u0119 dla niej miejsce. Spe\u0142ni marzenie nie jednej ma\u0142ej Ksi\u0119\u017cniczki by mie\u0107 miejsce do malowania paznokci i robienia makija\u017cu Zawarto\u015b\u0107 zestawu: toaletk\u0119 z [&hellip;]<\/p>\n","protected":false},"featured_media":2212,"comment_status":"closed","ping_status":"open","template":"","meta":[],"product_cat":[53,64],"product_tag":[817,700,626,743,620],"class_list":["post-2211","product","type-product","status-publish","has-post-thumbnail","hentry","product_cat-kaciki-zabaw","product_cat-mega-creative","product_tag-bajka-terapeutyczna-o-emocjach","product_tag-bajki-do-czytania-dla-dzieci","product_tag-jacek","product_tag-quiz-dla-dzieci","product_tag-quiz-opowiesci-z-narnii"],"_links":{"self":[{"href":"http:\/\/klubmamgdynia.pl\/index.php\/wp-json\/wp\/v2\/product\/2211","targetHints":{"allow":["GET"]}}],"collection":[{"href":"http:\/\/klubmamgdynia.pl\/index.php\/wp-json\/wp\/v2\/product"}],"about":[{"href":"http:\/\/klubmamgdynia.pl\/index.php\/wp-json\/wp\/v2\/types\/product"}],"replies":[{"embeddable":true,"href":"http:\/\/klubmamgdynia.pl\/index.php\/wp-json\/wp\/v2\/comments?post=2211"}],"wp:featuredmedia":[{"embeddable":true,"href":"http:\/\/klubmamgdynia.pl\/index.php\/wp-json\/wp\/v2\/media\/2212"}],"wp:attachment":[{"href":"http:\/\/klubmamgdynia.pl\/index.php\/wp-json\/wp\/v2\/media?parent=2211"}],"wp:term":[{"taxonomy":"product_cat","embeddable":true,"href":"http:\/\/klubmamgdynia.pl\/index.php\/wp-json\/wp\/v2\/product_cat?post=2211"},{"taxonomy":"product_tag","embeddable":true,"href":"http:\/\/klubmamgdynia.pl\/index.php\/wp-json\/wp\/v2\/product_tag?post=2211"}],"curies":[{"name":"wp","href":"https:\/\/api.w.org\/{rel}","templated":true}]}}