{"id":2235,"date":"2015-10-09T23:59:18","date_gmt":"2015-10-09T21:59:18","guid":{"rendered":"http:\/\/klubmamgdynia.pl\/index.php\/produkt\/kik-klocki-drewniane-edukacyjne-ukladanka-pojazdy-9el\/"},"modified":"2026-04-29T12:05:34","modified_gmt":"2026-04-29T10:05:34","slug":"kik-klocki-drewniane-edukacyjne-ukladanka-pojazdy-9el","status":"publish","type":"product","link":"http:\/\/klubmamgdynia.pl\/index.php\/produkt\/kik-klocki-drewniane-edukacyjne-ukladanka-pojazdy-9el\/","title":{"rendered":"Kik Klocki Drewniane Edukacyjne Uk\u0142adanka Pojazdy 9El."},"content":{"rendered":"<p>DREWNIANA UK\u0141ADANKA 3D POJAZDY 6w1 Fantastyczna uk\u0142adanka w formie drewnianych klock\u00f3w.Zabawa polega na u\u0142o\u017ceniu sp\u00f3jnego obrazka przedstawiaj\u0105cego jeden ze \u015brodk\u00f3w transportu.Jedna uk\u0142adanka to a\u017c 6 r\u00f3\u017cnych wzor\u00f3w do u\u0142o\u017cenia: Lokomotywa Koparka Auto Samolot Statek Karetka Nauka i zabawa w jednymDoskona\u0142a zabawka edukacyjna, kt\u00f3ra pozytywnie wp\u0142ywa na rozw\u00f3j logicznego my\u015blenia i kszta\u0142towanie wyobra\u017ani przestrzennej dziecka.Pomocna w czasie nauki nazw kolor\u00f3w i zwierz\u0105tek.\u017bywa, ciep\u0142a kolorystyka zach\u0119ci ka\u017cdego maluszka do zabawy. Uk\u0142adanka z pewno\u015bci\u0105 przyniesie mn\u00f3stwo rado\u015bci i zabierze Twoje dziecko w podr\u00f3\u017c pe\u0142n\u0105 kolor\u00f3w i niezapominanych wra\u017ce\u0144.Zestaw sk\u0142ada si\u0119 z 9 drewnianych, kolorowych kostek o tym samym wymiarze.Klocki s\u0105 ca\u0142kowicie bezpieczne, drewno zosta\u0142o precyzyjnie wyszlifowane i nie zawiera ostrych kraw\u0119dzi.Dodatkowo du\u017cy rozmiar klocka zapobiega przed jego po\u0142kni\u0119ciem.Wymiary:Jedna kostka: 3,5cm x 3,5cm x 3,5cmCa\u0142a uk\u0142adanka: 10cm x 10cm x 3,5cm<\/p>\n<h2>Kik Klocki Drewniane Edukacyjne Uk\u0142adanka Pojazdy 9El. Kik<\/h2>\n<p>labirynt dla dzieci, imie gaja, prezent na roczek nie zabawka, asiunia test z lektury, quizy ortograficzne trudne, prezent dla 15 latka, w uk\u0142adzie s\u0142onecznym, jak si\u0119 rysuje kota, pomys\u0142y na roczek, quizy dla dzieci z bajek, test zaczarowana zagroda, \u015bmieszne zagadki logiczne, cytaty dzie\u0144 nauczyciela, gdzie na ferie zimowe 2022, zabawy ruchowe dla dzieci, niech \u017cyj\u0105 wakacje<\/p>\n<p>yyyyy<\/p>\n<p>&nbsp;<\/p>\n","protected":false},"excerpt":{"rendered":"<p>DREWNIANA UK\u0141ADANKA 3D POJAZDY 6w1 Fantastyczna uk\u0142adanka w formie drewnianych klock\u00f3w.Zabawa polega na u\u0142o\u017ceniu sp\u00f3jnego obrazka przedstawiaj\u0105cego jeden ze \u015brodk\u00f3w transportu.Jedna uk\u0142adanka to a\u017c 6 r\u00f3\u017cnych wzor\u00f3w do u\u0142o\u017cenia: Lokomotywa Koparka Auto Samolot Statek Karetka Nauka i zabawa w jednymDoskona\u0142a zabawka edukacyjna, kt\u00f3ra pozytywnie wp\u0142ywa na rozw\u00f3j logicznego my\u015blenia i kszta\u0142towanie wyobra\u017ani przestrzennej dziecka.Pomocna w [&hellip;]<\/p>\n","protected":false},"featured_media":2236,"comment_status":"closed","ping_status":"open","template":"","meta":[],"product_cat":[165,537],"product_tag":[611,723,807,762],"class_list":["post-2235","product","type-product","status-publish","has-post-thumbnail","hentry","product_cat-kik","product_cat-pozostale-zabawki-edukacyjne","product_tag-bajki-do-czytania-psi-patrol","product_tag-krotkie-bajki-do-czytania-na-dobranoc","product_tag-logiczne-zagadki","product_tag-trudne-zagadki-dla-dzieci"],"_links":{"self":[{"href":"http:\/\/klubmamgdynia.pl\/index.php\/wp-json\/wp\/v2\/product\/2235","targetHints":{"allow":["GET"]}}],"collection":[{"href":"http:\/\/klubmamgdynia.pl\/index.php\/wp-json\/wp\/v2\/product"}],"about":[{"href":"http:\/\/klubmamgdynia.pl\/index.php\/wp-json\/wp\/v2\/types\/product"}],"replies":[{"embeddable":true,"href":"http:\/\/klubmamgdynia.pl\/index.php\/wp-json\/wp\/v2\/comments?post=2235"}],"wp:featuredmedia":[{"embeddable":true,"href":"http:\/\/klubmamgdynia.pl\/index.php\/wp-json\/wp\/v2\/media\/2236"}],"wp:attachment":[{"href":"http:\/\/klubmamgdynia.pl\/index.php\/wp-json\/wp\/v2\/media?parent=2235"}],"wp:term":[{"taxonomy":"product_cat","embeddable":true,"href":"http:\/\/klubmamgdynia.pl\/index.php\/wp-json\/wp\/v2\/product_cat?post=2235"},{"taxonomy":"product_tag","embeddable":true,"href":"http:\/\/klubmamgdynia.pl\/index.php\/wp-json\/wp\/v2\/product_tag?post=2235"}],"curies":[{"name":"wp","href":"https:\/\/api.w.org\/{rel}","templated":true}]}}