{"id":2237,"date":"2023-12-09T02:30:32","date_gmt":"2023-12-09T01:30:32","guid":{"rendered":"http:\/\/klubmamgdynia.pl\/?post_type=product&#038;p=2237"},"modified":"2026-05-01T11:53:41","modified_gmt":"2026-05-01T09:53:41","slug":"icom-poland-malowidla-slonik-3-poziomy","status":"publish","type":"product","link":"http:\/\/klubmamgdynia.pl\/index.php\/produkt\/icom-poland-malowidla-slonik-3-poziomy\/","title":{"rendered":"Icom Poland Malowid\u0142a S\u0142onik 3 Poziomy"},"content":{"rendered":"<p>MALOWID\u0141\u0104 S\u0141ONIK 3 POZIOMY 30 X 28 X 6,5 CM.<\/p>\n<h2>Icom Poland Malowid\u0142a S\u0142onik 3 Poziomy Icom Poland<\/h2>\n<p>co kupic na roczek, test detektyw pozytywka, przysz\u0142a zima bia\u0142a, znaczenie imienia paula, wroc\u0142aw dla dzieci, henryk, trudne zagadki na inteligencje, quiz o psie kt\u00f3ry je\u017adzi\u0142 kolej\u0105, prezent dla 14 letniej dziewczyny, prezent dla ch\u0142opca 7 lat, pieski, do druku dla dzieci, \u0142\u00f3d\u017a atrakcje dla dzieci, psi patrol rysunek, karty pracy dla uczni\u00f3w z ukrainy, marcel imi\u0119, szybkie zagadki matematyczne<\/p>\n<p>yyyyy<\/p>\n<p>&nbsp;<\/p>\n","protected":false},"excerpt":{"rendered":"<p>MALOWID\u0141\u0104 S\u0141ONIK 3 POZIOMY 30 X 28 X 6,5 CM. Icom Poland Malowid\u0142a S\u0142onik 3 Poziomy Icom Poland co kupic na roczek, test detektyw pozytywka, przysz\u0142a zima bia\u0142a, znaczenie imienia paula, wroc\u0142aw dla dzieci, henryk, trudne zagadki na inteligencje, quiz o psie kt\u00f3ry je\u017adzi\u0142 kolej\u0105, prezent dla 14 letniej dziewczyny, prezent dla ch\u0142opca 7 lat, [&hellip;]<\/p>\n","protected":false},"featured_media":2238,"comment_status":"closed","ping_status":"open","template":"","meta":[],"product_cat":[332,537],"product_tag":[738,628,788],"class_list":["post-2237","product","type-product","status-publish","has-post-thumbnail","hentry","product_cat-icom-poland","product_cat-pozostale-zabawki-edukacyjne","product_tag-wroclaw-dla-dzieci","product_tag-zagadka","product_tag-zagadki-krotkie"],"_links":{"self":[{"href":"http:\/\/klubmamgdynia.pl\/index.php\/wp-json\/wp\/v2\/product\/2237","targetHints":{"allow":["GET"]}}],"collection":[{"href":"http:\/\/klubmamgdynia.pl\/index.php\/wp-json\/wp\/v2\/product"}],"about":[{"href":"http:\/\/klubmamgdynia.pl\/index.php\/wp-json\/wp\/v2\/types\/product"}],"replies":[{"embeddable":true,"href":"http:\/\/klubmamgdynia.pl\/index.php\/wp-json\/wp\/v2\/comments?post=2237"}],"wp:featuredmedia":[{"embeddable":true,"href":"http:\/\/klubmamgdynia.pl\/index.php\/wp-json\/wp\/v2\/media\/2238"}],"wp:attachment":[{"href":"http:\/\/klubmamgdynia.pl\/index.php\/wp-json\/wp\/v2\/media?parent=2237"}],"wp:term":[{"taxonomy":"product_cat","embeddable":true,"href":"http:\/\/klubmamgdynia.pl\/index.php\/wp-json\/wp\/v2\/product_cat?post=2237"},{"taxonomy":"product_tag","embeddable":true,"href":"http:\/\/klubmamgdynia.pl\/index.php\/wp-json\/wp\/v2\/product_tag?post=2237"}],"curies":[{"name":"wp","href":"https:\/\/api.w.org\/{rel}","templated":true}]}}