{"id":2253,"date":"2023-11-16T18:16:48","date_gmt":"2023-11-16T17:16:48","guid":{"rendered":"http:\/\/klubmamgdynia.pl\/?post_type=product&#038;p=2253"},"modified":"2026-04-30T05:52:33","modified_gmt":"2026-04-30T03:52:33","slug":"playmobil-70258-klara-z-tata-i-panna-rottenmeier","status":"publish","type":"product","link":"http:\/\/klubmamgdynia.pl\/index.php\/produkt\/playmobil-70258-klara-z-tata-i-panna-rottenmeier\/","title":{"rendered":"Playmobil 70258 Klara Z Tat\u0105 I Pann\u0105 Rottenmeier"},"content":{"rendered":"<p>Seria &#8222;Heidi&#8221; to kolekcja ciekawych zestaw\u00f3w, nawi\u0105zuj\u0105cych do przyg\u00f3d i \u017cycia w g\u00f3rach, rezolutnej dziewczynki &#8211; Heidi. Znana z powie\u015bci szwajcarskiej pisarki posta\u0107, podbi\u0142a serca dzieci na ca\u0142ym \u015bwiecie, a jej historia znalaz\u0142a swoje odbicie w najr\u00f3\u017cniejszych adaptacjach. Tym razem klimatyczne opowie\u015bci przeniesione zosta\u0142y na zestawy Playmobil. Dzieci znajd\u0105 tu ciekaw\u0105 koncepcj\u0119 zabawy i b\u0119d\u0105 mog\u0142y odgrywa\u0107 scenki z ksi\u0105\u017cki lub tworzy\u0107 w\u0142asne, fantastyczne przygody.Playmobil &#8211; Klara z tat\u0105 i pann\u0105 Rottenmeier 70258. Odtw\u00f3rz swoje ulubione sceny lub stw\u00f3rz w\u0142asne! Zestaw zawiera figurki oraz akcesoria wzbogacaj\u0105ce zabaw\u0119. Dzieci mog\u0105 bawi\u0107 si\u0119 tym zestawem samodzielnie lub \u0142\u0105czy\u0107 z innymi zestawami Playmobil z serii Heidi, co daje mo\u017cliwo\u015b\u0107 tworzenia nowych w\u0105tk\u00f3w podczas zabawy.Zawarto\u015b\u0107 i cechy zestawu:figurki Playmobil: 1 figurka Klary, 1 figurka taty, 1 figurka Panny Rottenmeierzwierz\u0119ta: 2 koci\u0119taakcesoria: 1 dzieci\u0119cy w\u00f3zek inwalidzki, 1 laska, 1 kula z we\u0142ny, 1 zdj\u0119cie, 1 d\u0142ugopis, 1 para puchowych r\u0119kaw\u00f3w, 1 kokarda do w\u0142os\u00f3w<\/p>\n<h2>Playmobil 70258 Klara Z Tat\u0105 I Pann\u0105 Rottenmeier Playmobil<\/h2>\n<p>praktyczny prezent dla rocznego dziecka, nietypowe atrakcje dla dzieci, bajki dla niemowlakow, zagadki dla dzieci, pole dyniowe pozna\u0144, prezent dla jedenastolatka, znaki drogowe quizy, zagadki \u015bwi\u0105teczne dla dzieci, kolorowanki do druku zwierz\u0119ta, bajka o \u017cabie, wzory zaprosze\u0144 zaproszenie na urodziny do druku pdf<\/p>\n<p>yyyyy<\/p>\n<p>&nbsp;<\/p>\n","protected":false},"excerpt":{"rendered":"<p>Seria &#8222;Heidi&#8221; to kolekcja ciekawych zestaw\u00f3w, nawi\u0105zuj\u0105cych do przyg\u00f3d i \u017cycia w g\u00f3rach, rezolutnej dziewczynki &#8211; Heidi. Znana z powie\u015bci szwajcarskiej pisarki posta\u0107, podbi\u0142a serca dzieci na ca\u0142ym \u015bwiecie, a jej historia znalaz\u0142a swoje odbicie w najr\u00f3\u017cniejszych adaptacjach. Tym razem klimatyczne opowie\u015bci przeniesione zosta\u0142y na zestawy Playmobil. Dzieci znajd\u0105 tu ciekaw\u0105 koncepcj\u0119 zabawy i b\u0119d\u0105 [&hellip;]<\/p>\n","protected":false},"featured_media":2254,"comment_status":"closed","ping_status":"open","template":"","meta":[],"product_cat":[113,466],"product_tag":[848,792,749],"class_list":["post-2253","product","type-product","status-publish","has-post-thumbnail","hentry","product_cat-klocki","product_cat-playmobil","product_tag-cytat-o-rodzinie","product_tag-cytaty-o-mamie","product_tag-najlepsze-zarty-na-prima-aprilis"],"_links":{"self":[{"href":"http:\/\/klubmamgdynia.pl\/index.php\/wp-json\/wp\/v2\/product\/2253","targetHints":{"allow":["GET"]}}],"collection":[{"href":"http:\/\/klubmamgdynia.pl\/index.php\/wp-json\/wp\/v2\/product"}],"about":[{"href":"http:\/\/klubmamgdynia.pl\/index.php\/wp-json\/wp\/v2\/types\/product"}],"replies":[{"embeddable":true,"href":"http:\/\/klubmamgdynia.pl\/index.php\/wp-json\/wp\/v2\/comments?post=2253"}],"wp:featuredmedia":[{"embeddable":true,"href":"http:\/\/klubmamgdynia.pl\/index.php\/wp-json\/wp\/v2\/media\/2254"}],"wp:attachment":[{"href":"http:\/\/klubmamgdynia.pl\/index.php\/wp-json\/wp\/v2\/media?parent=2253"}],"wp:term":[{"taxonomy":"product_cat","embeddable":true,"href":"http:\/\/klubmamgdynia.pl\/index.php\/wp-json\/wp\/v2\/product_cat?post=2253"},{"taxonomy":"product_tag","embeddable":true,"href":"http:\/\/klubmamgdynia.pl\/index.php\/wp-json\/wp\/v2\/product_tag?post=2253"}],"curies":[{"name":"wp","href":"https:\/\/api.w.org\/{rel}","templated":true}]}}