{"id":2277,"date":"2015-05-01T16:20:02","date_gmt":"2015-05-01T14:20:02","guid":{"rendered":"http:\/\/klubmamgdynia.pl\/index.php\/produkt\/epee-zestaw-kreatywny-pluszki-klebuszki-54-elementow-kotek\/"},"modified":"2026-04-06T06:40:10","modified_gmt":"2026-04-06T04:40:10","slug":"epee-zestaw-kreatywny-pluszki-klebuszki-54-elementow-kotek","status":"publish","type":"product","link":"http:\/\/klubmamgdynia.pl\/index.php\/produkt\/epee-zestaw-kreatywny-pluszki-klebuszki-54-elementow-kotek\/","title":{"rendered":"Epee Zestaw Kreatywny Pluszki-K\u0142\u0119buszki 54 Element\u00f3w Kotek"},"content":{"rendered":"<p>SUPER CENA &#8211; TANIA DOSTAWA ! &#8211; epee EP Pluszki-K\u0142\u0119buszki 54 element\u00f3w Kotek 8591945093094 &#8211; PACZKOMAT, POCZTA, KURIER<\/p>\n<h2>Epee Zestaw Kreatywny Pluszki-K\u0142\u0119buszki 54 Element\u00f3w Kotek Epee<\/h2>\n<p>adrian imie, \u015bmieszne zagadki, cytaty o nauczycielach, kolorowanki \u015bwi\u0105teczne do druku pdf, miko\u0142ajek test z lektury, prezent dla nastolatka, quiz o stolicach europy, list do gwiazdora, imi\u0119 kuba, super zings kolorowanki, imi\u0119 adriana<\/p>\n<p>yyyyy<\/p>\n<p>&nbsp;<\/p>\n","protected":false},"excerpt":{"rendered":"<p>SUPER CENA &#8211; TANIA DOSTAWA ! &#8211; epee EP Pluszki-K\u0142\u0119buszki 54 element\u00f3w Kotek 8591945093094 &#8211; PACZKOMAT, POCZTA, KURIER Epee Zestaw Kreatywny Pluszki-K\u0142\u0119buszki 54 Element\u00f3w Kotek Epee adrian imie, \u015bmieszne zagadki, cytaty o nauczycielach, kolorowanki \u015bwi\u0105teczne do druku pdf, miko\u0142ajek test z lektury, prezent dla nastolatka, quiz o stolicach europy, list do gwiazdora, imi\u0119 kuba, super [&hellip;]<\/p>\n","protected":false},"featured_media":2278,"comment_status":"closed","ping_status":"open","template":"","meta":[],"product_cat":[49,537],"product_tag":[754,752,636],"class_list":["post-2277","product","type-product","status-publish","has-post-thumbnail","hentry","product_cat-epee","product_cat-pozostale-zabawki-edukacyjne","product_tag-dyplomy-do-wydrukowania-a4","product_tag-kuba-imie","product_tag-teksty-kolysanek"],"_links":{"self":[{"href":"http:\/\/klubmamgdynia.pl\/index.php\/wp-json\/wp\/v2\/product\/2277","targetHints":{"allow":["GET"]}}],"collection":[{"href":"http:\/\/klubmamgdynia.pl\/index.php\/wp-json\/wp\/v2\/product"}],"about":[{"href":"http:\/\/klubmamgdynia.pl\/index.php\/wp-json\/wp\/v2\/types\/product"}],"replies":[{"embeddable":true,"href":"http:\/\/klubmamgdynia.pl\/index.php\/wp-json\/wp\/v2\/comments?post=2277"}],"wp:featuredmedia":[{"embeddable":true,"href":"http:\/\/klubmamgdynia.pl\/index.php\/wp-json\/wp\/v2\/media\/2278"}],"wp:attachment":[{"href":"http:\/\/klubmamgdynia.pl\/index.php\/wp-json\/wp\/v2\/media?parent=2277"}],"wp:term":[{"taxonomy":"product_cat","embeddable":true,"href":"http:\/\/klubmamgdynia.pl\/index.php\/wp-json\/wp\/v2\/product_cat?post=2277"},{"taxonomy":"product_tag","embeddable":true,"href":"http:\/\/klubmamgdynia.pl\/index.php\/wp-json\/wp\/v2\/product_tag?post=2277"}],"curies":[{"name":"wp","href":"https:\/\/api.w.org\/{rel}","templated":true}]}}