{"id":2281,"date":"2013-06-25T06:53:56","date_gmt":"2013-06-25T04:53:56","guid":{"rendered":"http:\/\/klubmamgdynia.pl\/index.php\/produkt\/skarbonka-sejf-bankomat-na-kod-dostepu-banknoty\/"},"modified":"2026-04-03T22:50:44","modified_gmt":"2026-04-03T20:50:44","slug":"skarbonka-sejf-bankomat-na-kod-dostepu-banknoty","status":"publish","type":"product","link":"http:\/\/klubmamgdynia.pl\/index.php\/produkt\/skarbonka-sejf-bankomat-na-kod-dostepu-banknoty\/","title":{"rendered":"Skarbonka Sejf Bankomat Na Kod Dost\u0119pu Banknoty"},"content":{"rendered":"<p>Skarbonka Sejf Bankomat <\/p>\n<p>G\u0142\u00f3wne<br \/>\ncechy produktu:Automatyczne<br \/>\npobieranie banknot\u00f3wPod\u015bwietlana<br \/>\nklawiaturaEfekty<br \/>\nd\u017awi\u0119koweDla<br \/>\ndzieci od 3 roku \u017cyciaWymiary<br \/>\nopakowania: 14,5 x 15 x 21 cm.Wymiary<br \/>\nsejfu: oko\u0142o 13,5 x 14,5 x 20 cmZasilanie:<br \/>\n3 x baterie AA 1,5V (brak w zestawie)<\/p>\n<h2>Skarbonka Sejf Bankomat Na Kod Dost\u0119pu Banknoty Norimpex<\/h2>\n<p>bianka, \u0142amig\u0142\u00f3wki dla dzieci do wydruku, zagadki nie do rozwi\u0105zania, lol kolorowanka, kolorowanki dla ch\u0142opc\u00f3w do druku, piosenka przyjed\u017a do nas miko\u0142aju, kolorowanka lego ninjago, ferie warszawa 2022, miko\u0142ajek sprawdzian z lektury z odpowiedziami, zagadki dla starszych dzieci, zagadki dla dzieci 6-7 lat online, teksty ko\u0142ysanek, pomys\u0142y na prezent dla nastolatk\u00f3w, pomys\u0142y na prezent na roczek, wydarzenia dla dzieci warszawa<\/p>\n<p>yyyyy<\/p>\n<p>&nbsp;<\/p>\n","protected":false},"excerpt":{"rendered":"<p>Skarbonka Sejf Bankomat G\u0142\u00f3wne cechy produktu:Automatyczne pobieranie banknot\u00f3wPod\u015bwietlana klawiaturaEfekty d\u017awi\u0119koweDla dzieci od 3 roku \u017cyciaWymiary opakowania: 14,5 x 15 x 21 cm.Wymiary sejfu: oko\u0142o 13,5 x 14,5 x 20 cmZasilanie: 3 x baterie AA 1,5V (brak w zestawie) Skarbonka Sejf Bankomat Na Kod Dost\u0119pu Banknoty Norimpex bianka, \u0142amig\u0142\u00f3wki dla dzieci do wydruku, zagadki nie do [&hellip;]<\/p>\n","protected":false},"featured_media":2282,"comment_status":"closed","ping_status":"open","template":"","meta":[],"product_cat":[555,554],"product_tag":[723,856,835,587,649,800],"class_list":["post-2281","product","type-product","status-publish","has-post-thumbnail","hentry","product_cat-dzieciece-akcesoria-dekoracyjne","product_cat-norimpex","product_tag-krotkie-bajki-do-czytania-na-dobranoc","product_tag-prezent-dla-16-latki","product_tag-radosc-dziecka-cytaty","product_tag-skalne-miasto","product_tag-zagadki-dla-nastolatkow","product_tag-zagadki-smieszne"],"_links":{"self":[{"href":"http:\/\/klubmamgdynia.pl\/index.php\/wp-json\/wp\/v2\/product\/2281","targetHints":{"allow":["GET"]}}],"collection":[{"href":"http:\/\/klubmamgdynia.pl\/index.php\/wp-json\/wp\/v2\/product"}],"about":[{"href":"http:\/\/klubmamgdynia.pl\/index.php\/wp-json\/wp\/v2\/types\/product"}],"replies":[{"embeddable":true,"href":"http:\/\/klubmamgdynia.pl\/index.php\/wp-json\/wp\/v2\/comments?post=2281"}],"wp:featuredmedia":[{"embeddable":true,"href":"http:\/\/klubmamgdynia.pl\/index.php\/wp-json\/wp\/v2\/media\/2282"}],"wp:attachment":[{"href":"http:\/\/klubmamgdynia.pl\/index.php\/wp-json\/wp\/v2\/media?parent=2281"}],"wp:term":[{"taxonomy":"product_cat","embeddable":true,"href":"http:\/\/klubmamgdynia.pl\/index.php\/wp-json\/wp\/v2\/product_cat?post=2281"},{"taxonomy":"product_tag","embeddable":true,"href":"http:\/\/klubmamgdynia.pl\/index.php\/wp-json\/wp\/v2\/product_tag?post=2281"}],"curies":[{"name":"wp","href":"https:\/\/api.w.org\/{rel}","templated":true}]}}