{"id":2287,"date":"2015-09-02T18:19:36","date_gmt":"2015-09-02T16:19:36","guid":{"rendered":"http:\/\/klubmamgdynia.pl\/index.php\/produkt\/lisciani-giochi-disney-dwustronne-maxi-35el-auta-3-30460665\/"},"modified":"2026-05-17T20:56:37","modified_gmt":"2026-05-17T18:56:37","slug":"lisciani-giochi-disney-dwustronne-maxi-35el-auta-3-30460665","status":"publish","type":"product","link":"http:\/\/klubmamgdynia.pl\/index.php\/produkt\/lisciani-giochi-disney-dwustronne-maxi-35el-auta-3-30460665\/","title":{"rendered":"Lisciani Giochi Disney Dwustronne Maxi 35el. Auta 3 (30460665)"},"content":{"rendered":"<p>8008324060665<\/p>\n<h2>Lisciani Giochi Disney Dwustronne Maxi 35el. Auta 3 (30460665) Lisciani Giochi<\/h2>\n<p>prezent na 1 urodziny, zagadki logiczne dla doros\u0142ych, literki do druku, aneta, kiedy dzieci chodz\u0105 na halloween, ozdoby na choinke przedszkole, szlaczki literopodobne do wydruku, stare piosenki dla dzieci teksty, prezenty na roczek dla dziewczynki, cytat rodzina, uk\u0142ad s\u0142oneczny dla dzieci, imi\u0119 adriana, w zieleni \u0142\u0105ka majowa tekst, prezent na roczek dziewczynka, aniela znaczenie imienia, dzieci cytaty, prezent dla pi\u0119tnastolatka, jeziora blisko warszawy<\/p>\n<p>yyyyy<\/p>\n<p>&nbsp;<\/p>\n","protected":false},"excerpt":{"rendered":"<p>8008324060665 Lisciani Giochi Disney Dwustronne Maxi 35el. Auta 3 (30460665) Lisciani Giochi prezent na 1 urodziny, zagadki logiczne dla doros\u0142ych, literki do druku, aneta, kiedy dzieci chodz\u0105 na halloween, ozdoby na choinke przedszkole, szlaczki literopodobne do wydruku, stare piosenki dla dzieci teksty, prezenty na roczek dla dziewczynki, cytat rodzina, uk\u0142ad s\u0142oneczny dla dzieci, imi\u0119 adriana, [&hellip;]<\/p>\n","protected":false},"featured_media":2288,"comment_status":"closed","ping_status":"open","template":"","meta":[],"product_cat":[553,90],"product_tag":[668,829,722,682],"class_list":["post-2287","product","type-product","status-publish","has-post-thumbnail","hentry","product_cat-lisciani-giochi","product_cat-puzzle","product_tag-atrakcje-dla-dzieci-wroclaw","product_tag-bajki-do-czytania-na-dobranoc","product_tag-cytaty-o-przyjazni","product_tag-przyjazn-cytaty"],"_links":{"self":[{"href":"http:\/\/klubmamgdynia.pl\/index.php\/wp-json\/wp\/v2\/product\/2287","targetHints":{"allow":["GET"]}}],"collection":[{"href":"http:\/\/klubmamgdynia.pl\/index.php\/wp-json\/wp\/v2\/product"}],"about":[{"href":"http:\/\/klubmamgdynia.pl\/index.php\/wp-json\/wp\/v2\/types\/product"}],"replies":[{"embeddable":true,"href":"http:\/\/klubmamgdynia.pl\/index.php\/wp-json\/wp\/v2\/comments?post=2287"}],"wp:featuredmedia":[{"embeddable":true,"href":"http:\/\/klubmamgdynia.pl\/index.php\/wp-json\/wp\/v2\/media\/2288"}],"wp:attachment":[{"href":"http:\/\/klubmamgdynia.pl\/index.php\/wp-json\/wp\/v2\/media?parent=2287"}],"wp:term":[{"taxonomy":"product_cat","embeddable":true,"href":"http:\/\/klubmamgdynia.pl\/index.php\/wp-json\/wp\/v2\/product_cat?post=2287"},{"taxonomy":"product_tag","embeddable":true,"href":"http:\/\/klubmamgdynia.pl\/index.php\/wp-json\/wp\/v2\/product_tag?post=2287"}],"curies":[{"name":"wp","href":"https:\/\/api.w.org\/{rel}","templated":true}]}}