{"id":2295,"date":"2016-12-09T15:57:51","date_gmt":"2016-12-09T14:57:51","guid":{"rendered":"http:\/\/klubmamgdynia.pl\/index.php\/produkt\/tuban-zestaw-obiad-dla-jednorozca\/"},"modified":"2026-04-04T08:27:17","modified_gmt":"2026-04-04T06:27:17","slug":"tuban-zestaw-obiad-dla-jednorozca","status":"publish","type":"product","link":"http:\/\/klubmamgdynia.pl\/index.php\/produkt\/tuban-zestaw-obiad-dla-jednorozca\/","title":{"rendered":"Tuban Zestaw Obiad Dla Jednoro\u017cca"},"content":{"rendered":"<p>Obiad dla jednoro\u017cca &#8222;Zestaw zawiera: 3 kolory \u017celowego p\u0142ynu aktywator szpatu\u0142k\u0119 do mieszania aktywatora i wy\u0142awiania \u017celowych makaronik\u00f3w Zestaw nie zawiera jednoro\u017cca!&#8221; NAZWA ZESTAW OBIAD DLA JEDNORO\u017bCA TUBAN PRODUCENT TUBAN WIEK 6+ EAN 5901087031800 Znajd\u017a podobne wed\u0142ug klucza: TUBAN ZESTAW (361621)<\/p>\n<h2>Tuban Zestaw Obiad Dla Jednoro\u017cca Tuban<\/h2>\n<p>zagadki dla 7 latk\u00f3w, trudne zagadki logiczne, kinderbal przepisy, prezenty na roczek dla ch\u0142opca, eksperymenty dla dzieci wulkan, kolorowanka prezent, kolorowanka kotki<\/p>\n<p>yyyyy<\/p>\n<p>&nbsp;<\/p>\n","protected":false},"excerpt":{"rendered":"<p>Obiad dla jednoro\u017cca &#8222;Zestaw zawiera: 3 kolory \u017celowego p\u0142ynu aktywator szpatu\u0142k\u0119 do mieszania aktywatora i wy\u0142awiania \u017celowych makaronik\u00f3w Zestaw nie zawiera jednoro\u017cca!&#8221; NAZWA ZESTAW OBIAD DLA JEDNORO\u017bCA TUBAN PRODUCENT TUBAN WIEK 6+ EAN 5901087031800 Znajd\u017a podobne wed\u0142ug klucza: TUBAN ZESTAW (361621) Tuban Zestaw Obiad Dla Jednoro\u017cca Tuban zagadki dla 7 latk\u00f3w, trudne zagadki logiczne, kinderbal [&hellip;]<\/p>\n","protected":false},"featured_media":2296,"comment_status":"closed","ping_status":"open","template":"","meta":[],"product_cat":[558,21],"product_tag":[707,643,717,778,581],"class_list":["post-2295","product","type-product","status-publish","has-post-thumbnail","hentry","product_cat-tuban","product_cat-zabawki-plastyczne","product_tag-karty-pracy-dla-dzieci-z-ukrainy","product_tag-prezent-dla-17-latki","product_tag-prezent-roczek","product_tag-zabawki-na-roczek-dla-chlopca","product_tag-zagadki-dla-8-latka"],"_links":{"self":[{"href":"http:\/\/klubmamgdynia.pl\/index.php\/wp-json\/wp\/v2\/product\/2295","targetHints":{"allow":["GET"]}}],"collection":[{"href":"http:\/\/klubmamgdynia.pl\/index.php\/wp-json\/wp\/v2\/product"}],"about":[{"href":"http:\/\/klubmamgdynia.pl\/index.php\/wp-json\/wp\/v2\/types\/product"}],"replies":[{"embeddable":true,"href":"http:\/\/klubmamgdynia.pl\/index.php\/wp-json\/wp\/v2\/comments?post=2295"}],"wp:featuredmedia":[{"embeddable":true,"href":"http:\/\/klubmamgdynia.pl\/index.php\/wp-json\/wp\/v2\/media\/2296"}],"wp:attachment":[{"href":"http:\/\/klubmamgdynia.pl\/index.php\/wp-json\/wp\/v2\/media?parent=2295"}],"wp:term":[{"taxonomy":"product_cat","embeddable":true,"href":"http:\/\/klubmamgdynia.pl\/index.php\/wp-json\/wp\/v2\/product_cat?post=2295"},{"taxonomy":"product_tag","embeddable":true,"href":"http:\/\/klubmamgdynia.pl\/index.php\/wp-json\/wp\/v2\/product_tag?post=2295"}],"curies":[{"name":"wp","href":"https:\/\/api.w.org\/{rel}","templated":true}]}}