{"id":2341,"date":"2011-05-24T22:10:31","date_gmt":"2011-05-24T20:10:31","guid":{"rendered":"http:\/\/klubmamgdynia.pl\/index.php\/produkt\/lisciani-giochi-hot-wheels-super-wyscig-84401\/"},"modified":"2026-04-06T09:36:44","modified_gmt":"2026-04-06T07:36:44","slug":"lisciani-giochi-hot-wheels-super-wyscig-84401","status":"publish","type":"product","link":"http:\/\/klubmamgdynia.pl\/index.php\/produkt\/lisciani-giochi-hot-wheels-super-wyscig-84401\/","title":{"rendered":"Lisciani Giochi Hot Wheels Super Wy\u015bcig 84401"},"content":{"rendered":"<p>Gra dla dzieci HOT WHEELS SUPER WY\u015aCIG- Lisciani Przekrocz lini\u0119 mety dzi\u0119ki najszybszym samochodom, najlepszym kierowcom i korzystaniu z turbodo\u0142adowanych, dopracowanych silnik\u00f3w oraz zapieraj\u0105cych dech w piersiach posuni\u0119\u0107. Za ka\u017cdym razem gdy grasz, mo\u017cesz stworzy\u0107 inny tor wy\u015bcigowy, czyni\u0105c go jeszcze bardziej ekscytuj\u0105cym. Uwa\u017caj, by nie zjecha\u0107 z toru i nie uderzy\u0107 w przeszkody na nim umieszczone. Na co czekasz? Podejmij wyzwanie i zosta\u0144 zwyci\u0119zc\u0105 Super Wy\u015bcigu! Zawarto\u015b\u0107 opakowania: 2 samochody Hot Wheels akcesoria do toru &#8222;Kraw\u0119\u017cnik&#8221; akcesoria do toru &#8222;\u015bciana&#8221; akcesoria do toru &#8222;\u017cwir&#8221; Przeskody Linia ko\u0144cowa Pit Stopy \u017betony bonusowe \u017betony kar Spinner<\/p>\n<h2>Lisciani Giochi Hot Wheels Super Wy\u015bcig 84401 Lisciani Giochi<\/h2>\n<p>sk\u0142adniki do pizzy kolorowanka, trudne zagadki logiczne z odpowiedziami, ko\u0142ysanka tekst, wroc\u0142aw i okolice atrakcje<\/p>\n<p>yyyyy<\/p>\n<p>&nbsp;<\/p>\n","protected":false},"excerpt":{"rendered":"<p>Gra dla dzieci HOT WHEELS SUPER WY\u015aCIG- Lisciani Przekrocz lini\u0119 mety dzi\u0119ki najszybszym samochodom, najlepszym kierowcom i korzystaniu z turbodo\u0142adowanych, dopracowanych silnik\u00f3w oraz zapieraj\u0105cych dech w piersiach posuni\u0119\u0107. Za ka\u017cdym razem gdy grasz, mo\u017cesz stworzy\u0107 inny tor wy\u015bcigowy, czyni\u0105c go jeszcze bardziej ekscytuj\u0105cym. Uwa\u017caj, by nie zjecha\u0107 z toru i nie uderzy\u0107 w przeszkody na [&hellip;]<\/p>\n","protected":false},"featured_media":2342,"comment_status":"closed","ping_status":"open","template":"","meta":[],"product_cat":[130,553],"product_tag":[685,815,692,771],"class_list":["post-2341","product","type-product","status-publish","has-post-thumbnail","hentry","product_cat-gry-dzieciece","product_cat-lisciani-giochi","product_tag-cytaty-o-rodzinie","product_tag-ozdoby-choinkowe-dla-dzieci","product_tag-prezenty-na-roczek","product_tag-stolice-europy-quiz"],"_links":{"self":[{"href":"http:\/\/klubmamgdynia.pl\/index.php\/wp-json\/wp\/v2\/product\/2341","targetHints":{"allow":["GET"]}}],"collection":[{"href":"http:\/\/klubmamgdynia.pl\/index.php\/wp-json\/wp\/v2\/product"}],"about":[{"href":"http:\/\/klubmamgdynia.pl\/index.php\/wp-json\/wp\/v2\/types\/product"}],"replies":[{"embeddable":true,"href":"http:\/\/klubmamgdynia.pl\/index.php\/wp-json\/wp\/v2\/comments?post=2341"}],"wp:featuredmedia":[{"embeddable":true,"href":"http:\/\/klubmamgdynia.pl\/index.php\/wp-json\/wp\/v2\/media\/2342"}],"wp:attachment":[{"href":"http:\/\/klubmamgdynia.pl\/index.php\/wp-json\/wp\/v2\/media?parent=2341"}],"wp:term":[{"taxonomy":"product_cat","embeddable":true,"href":"http:\/\/klubmamgdynia.pl\/index.php\/wp-json\/wp\/v2\/product_cat?post=2341"},{"taxonomy":"product_tag","embeddable":true,"href":"http:\/\/klubmamgdynia.pl\/index.php\/wp-json\/wp\/v2\/product_tag?post=2341"}],"curies":[{"name":"wp","href":"https:\/\/api.w.org\/{rel}","templated":true}]}}