{"id":2345,"date":"2017-05-26T14:11:01","date_gmt":"2017-05-26T12:11:01","guid":{"rendered":"http:\/\/klubmamgdynia.pl\/index.php\/produkt\/ravensburger-ravensburger-gravitrax-zestaw-uzupelniajacy-looping-petla-27-593-9\/"},"modified":"2026-05-01T13:58:17","modified_gmt":"2026-05-01T11:58:17","slug":"ravensburger-ravensburger-gravitrax-zestaw-uzupelniajacy-looping-petla-27-593-9","status":"publish","type":"product","link":"http:\/\/klubmamgdynia.pl\/index.php\/produkt\/ravensburger-ravensburger-gravitrax-zestaw-uzupelniajacy-looping-petla-27-593-9\/","title":{"rendered":"Ravensburger Ravensburger Gravitrax Zestaw Uzupe\u0142niaj\u0105cy Looping P\u0119tla 27 593 9"},"content":{"rendered":"<p>Poznaj fascynuj\u0105cy \u015bwiat grawitacji i prawa, kt\u00f3rymi si\u0119 rz\u0105dzi z fantastycznymi zestawami GRAVITRAX! Rewelacyjne po\u0142\u0105czenie nauki i wspania\u0142ej zabawy, kt\u00f3re dostarczy mn\u00f3stwo frajdy! Z zakr\u0119con\u0105 P\u0119tl\u0105 GRAVITRAX przekonasz si\u0119 jak pokona\u0107 grawitacj\u0119! Aby odkry\u0107 jej fantastyczne mo\u017cliwo\u015bci musisz posiada\u0107 zestaw startowy!Rozpocznij przygod\u0119 z GRAVITRAX od zestawu startowego i rozbuduj go o kolejne elementy, dost\u0119pne w 6 zestawach uzupe\u0142niaj\u0105cych! Tw\u00f3rz zakr\u0119cone systemy \u015bcie\u017cek, z r\u00f3\u017cnymi elementami konstrukcyjnymi i obserwuj jak Twoja kulka zgrabnie je pokonuje. Zbuduj modele w oparciu o do\u0142\u0105czone do zestawu plany budowy i zadania, albo daj si\u0119 ponie\u015b\u0107 kreatywno\u015bci i stw\u00f3rz konstrukcje wed\u0142ug w\u0142asnego pomys\u0142u!Wspania\u0142e zestawy GRAVITRAX rozbudz\u0105 wyobra\u017ani\u0119 ma\u0142ego konstruktora i zapewni\u0105 mu wci\u0105gaj\u0105ce zaj\u0119cie na d\u0142ugi czas, a zabawa nimi zaowocuje oryginalnymi modelami. Zabawka wspomaga rozumowanie przestrzenne, rozwija zdolno\u015bci manualne i trenuje koordynacj\u0119 wzrokowo-ruchow\u0105. Budowanie tor\u00f3w uczy logicznego my\u015blenia, cierpliwo\u015bci oraz odczytywania i pod\u0105\u017cania za wskaz\u00f3wkami. Wykonane z materia\u0142\u00f3w najwy\u017cszej jako\u015bci elementy zapewni\u0105 d\u0142ugie i bezpieczne u\u017cytkowanie.W zestawie znajduj\u0105 si\u0119:p\u0119tla1 d\u0142uga szyna2 \u015brednie szyny3 kr\u00f3tkie szynyprodukt nowy, oryginalnie zapakowanyprzeznaczony dla dzieci od 8 roku \u017cyciaMO\u017bLIWO\u015a\u0106 ZABAWY TYLKO Z ZESTAWEM STARTOWYM!<\/p>\n<h2>Ravensburger Ravensburger Gravitrax Zestaw Uzupe\u0142niaj\u0105cy Looping P\u0119tla 27 593 9 Ravensburger<\/h2>\n<p>wierszyk o marzannie, cytat dziecko, miriam imi\u0119, prezent na pierwsze urodziny, romantyczna bajka na dobranoc, kalendarz adwentowy diy z rolek, prezent na 1 urodziny dla ch\u0142opca, historia andrzejek dla dzieci, \u0142\u0105czenie kropek, prezent dla 17 latka, zabawy dla 10 latka, prezent na pierwsze urodziny, andrea<\/p>\n<p>yyyyy<\/p>\n<p>&nbsp;<\/p>\n","protected":false},"excerpt":{"rendered":"<p>Poznaj fascynuj\u0105cy \u015bwiat grawitacji i prawa, kt\u00f3rymi si\u0119 rz\u0105dzi z fantastycznymi zestawami GRAVITRAX! Rewelacyjne po\u0142\u0105czenie nauki i wspania\u0142ej zabawy, kt\u00f3re dostarczy mn\u00f3stwo frajdy! Z zakr\u0119con\u0105 P\u0119tl\u0105 GRAVITRAX przekonasz si\u0119 jak pokona\u0107 grawitacj\u0119! Aby odkry\u0107 jej fantastyczne mo\u017cliwo\u015bci musisz posiada\u0107 zestaw startowy!Rozpocznij przygod\u0119 z GRAVITRAX od zestawu startowego i rozbuduj go o kolejne elementy, dost\u0119pne w [&hellip;]<\/p>\n","protected":false},"featured_media":2346,"comment_status":"closed","ping_status":"open","template":"","meta":[],"product_cat":[72,207],"product_tag":[864,706,617,672],"class_list":["post-2345","product","type-product","status-publish","has-post-thumbnail","hentry","product_cat-mali-naukowcy","product_cat-ravensburger","product_tag-basen-warszawa","product_tag-imie-kuba","product_tag-keyword","product_tag-trudne-zagadki-z-odpowiedziami"],"_links":{"self":[{"href":"http:\/\/klubmamgdynia.pl\/index.php\/wp-json\/wp\/v2\/product\/2345","targetHints":{"allow":["GET"]}}],"collection":[{"href":"http:\/\/klubmamgdynia.pl\/index.php\/wp-json\/wp\/v2\/product"}],"about":[{"href":"http:\/\/klubmamgdynia.pl\/index.php\/wp-json\/wp\/v2\/types\/product"}],"replies":[{"embeddable":true,"href":"http:\/\/klubmamgdynia.pl\/index.php\/wp-json\/wp\/v2\/comments?post=2345"}],"wp:featuredmedia":[{"embeddable":true,"href":"http:\/\/klubmamgdynia.pl\/index.php\/wp-json\/wp\/v2\/media\/2346"}],"wp:attachment":[{"href":"http:\/\/klubmamgdynia.pl\/index.php\/wp-json\/wp\/v2\/media?parent=2345"}],"wp:term":[{"taxonomy":"product_cat","embeddable":true,"href":"http:\/\/klubmamgdynia.pl\/index.php\/wp-json\/wp\/v2\/product_cat?post=2345"},{"taxonomy":"product_tag","embeddable":true,"href":"http:\/\/klubmamgdynia.pl\/index.php\/wp-json\/wp\/v2\/product_tag?post=2345"}],"curies":[{"name":"wp","href":"https:\/\/api.w.org\/{rel}","templated":true}]}}