{"id":2357,"date":"2020-07-04T22:55:38","date_gmt":"2020-07-04T20:55:38","guid":{"rendered":"http:\/\/klubmamgdynia.pl\/index.php\/produkt\/brelok-grawer-breloczek-led-zapalniczka-latarka-95233277\/"},"modified":"2026-05-17T20:53:32","modified_gmt":"2026-05-17T18:53:32","slug":"brelok-grawer-breloczek-led-zapalniczka-latarka-95233277","status":"publish","type":"product","link":"http:\/\/klubmamgdynia.pl\/index.php\/produkt\/brelok-grawer-breloczek-led-zapalniczka-latarka-95233277\/","title":{"rendered":"Brelok Grawer Breloczek Led Zapalniczka Latarka (95233277)"},"content":{"rendered":"<p>Brelok 3 in 1 Z TWOIM POD\u015aWIETLANYM GRAWEREM LATARK\u0104 i ZAPALNICZK\u0104 \u017barow\u0105. Niezwykle efektowny, gad\u017cet, wykonany z niezwyk\u0142\u0105 staranno\u015bci\u0105 i dba\u0142o\u015bci\u0105 o szczeg\u00f3\u0142y.SZABLON Z GRAFIKAMI ORAZ CZCIONKAMI NA SAMYM DOLE AUKCJIInformacje dotycz\u0105ce GRAWERUNKU ORAZBRELOKAGrawer wykonywany jest technik\u0105 laserow\u0105 co, przek\u0142ada si\u0119 na jego precyzyjny, wyra\u017any, trwa\u0142y i dobrze czytelny grawerunek.Pod\u015bwietlany grawer &#8211; Kolor niebieskiKolor BRELOKA: NIEBIESKI3w1 zapalniczka latarka brelokZapakowany w eleganckie pude\u0142eczkoW zestawie kabel USBWymiary:d\u0142ugo\u015b\u0107 breloka &#8211; 7,5 cmd\u0142ugo\u015b\u0107 breloka ze smycz\u0105 &#8211; 13 cmszeroko\u015b\u0107 podana w r\u00f3\u017cnych punktach &#8211; 3,5 cm &#8211; 4 cm &#8211; 2,3 cmgrubo\u015b\u0107 1,4 cm &#8211; 1,8 cmWA\u017bNE !!!Nie grawerujemy \u017bADNYCH LOGOTYP\u00d3W AUT !!!Nie robimy wizualizacji.Grawerunek wykonywany jest na: wy\u015bwietlaczu kt\u00f3ry jest pod\u015bwietlanyWygrawerowany mo\u017ce zosta\u0107 dowolny napis \/ znakGrawerowany tekst im jest d\u0142u\u017cszy tym automatycznie staje si\u0119 mniej czytelny.Prosz\u0119 o staranne i w\u0142a\u015bciwe dobranie tekstu kt\u00f3ry ma zosta\u0107 wygrawerowany.Przyk\u0142adowy tekst nie powinien przekracza\u0107 kilku rz\u0119d\u00f3w. Wi\u0119ksza tre\u015b\u0107 spowoduje ze tekst stanie si\u0119 s\u0142abo czytelny.Przy podawaniu tekstu prosz\u0119 zwr\u00f3ci\u0107 r\u00f3wnie\u017c uwag\u0119 na ma\u0142e i du\u017ce literyMa to wp\u0142yw na efekt grawerunku przy wyborze ka\u017cdej czcionki.KIEROWCAkierowcaPodczas zakupu prosz\u0119 o przes\u0142anie danych do grawerunku w wiadomo\u015bci dla sprzedaj\u0105cegoW wiadomo\u015bci do nas prosz\u0119 o podanieNumer czcionki np: C4 Je\u015bli zabraknie tej informacji czcionka zostanie dobrana losowo.DANE DO GRAWERUNKU NA CZ\u0118\u015aCI POD\u015aWIETLANEJ Np: tekst + grafika OB 2Dane do grawerunku np inicja\u0142 w okr\u0105g\u0142ej cz\u0119\u015bci brelokaIstnieje te\u017c mo\u017cliwo\u015b\u0107 grawerunku pa\u0144stwa grafiki. W tym przypadku prosz\u0119 o jej przes\u0142anie przed zakupem do naszej weryfikacji.<\/p>\n<h2>Brelok Grawer Breloczek Led Zapalniczka Latarka (95233277) Inny<\/h2>\n<p>wiktor, psi patrol kolorowanki, natalia, \u017c\u0105rty na prima aprilis, nauka polskiego dla dzieci z ukrainy, quizy znaki drogowe, filmy na \u015bwi\u0119ta bo\u017cego narodzenia, quiz flagi europy, \u0142atwe laurki, henryk, test z lektury pies kt\u00f3ry je\u017adzi\u0142 kolej\u0105, zagadki dla dziewczyny, kolorowanki dla dziewczynek 10 lat, \u017carty na prima aprilis dla dzieci, przyjazn, maski karnawa\u0142owe dla dzieci szablony, zagadki na dzie\u0144 przedszkolaka, zagadka dla dzieci, najrzadsze imiona w polsce, audiobooki dla dzieci za darmo<\/p>\n<p>yyyyy<\/p>\n<p>&nbsp;<\/p>\n","protected":false},"excerpt":{"rendered":"<p>Brelok 3 in 1 Z TWOIM POD\u015aWIETLANYM GRAWEREM LATARK\u0104 i ZAPALNICZK\u0104 \u017barow\u0105. Niezwykle efektowny, gad\u017cet, wykonany z niezwyk\u0142\u0105 staranno\u015bci\u0105 i dba\u0142o\u015bci\u0105 o szczeg\u00f3\u0142y.SZABLON Z GRAFIKAMI ORAZ CZCIONKAMI NA SAMYM DOLE AUKCJIInformacje dotycz\u0105ce GRAWERUNKU ORAZBRELOKAGrawer wykonywany jest technik\u0105 laserow\u0105 co, przek\u0142ada si\u0119 na jego precyzyjny, wyra\u017any, trwa\u0142y i dobrze czytelny grawerunek.Pod\u015bwietlany grawer &#8211; Kolor niebieskiKolor BRELOKA: [&hellip;]<\/p>\n","protected":false},"featured_media":2358,"comment_status":"closed","ping_status":"open","template":"","meta":[],"product_cat":[482,169],"product_tag":[797,737,632],"class_list":["post-2357","product","type-product","status-publish","has-post-thumbnail","hentry","product_cat-gadzety","product_cat-inny","product_tag-kiekrz","product_tag-test-z-lektury-felix-net-i-nika-oraz-gang-niewidzialnych-ludzi","product_tag-warszawa-atrakcje-dla-mlodziezy"],"_links":{"self":[{"href":"http:\/\/klubmamgdynia.pl\/index.php\/wp-json\/wp\/v2\/product\/2357","targetHints":{"allow":["GET"]}}],"collection":[{"href":"http:\/\/klubmamgdynia.pl\/index.php\/wp-json\/wp\/v2\/product"}],"about":[{"href":"http:\/\/klubmamgdynia.pl\/index.php\/wp-json\/wp\/v2\/types\/product"}],"replies":[{"embeddable":true,"href":"http:\/\/klubmamgdynia.pl\/index.php\/wp-json\/wp\/v2\/comments?post=2357"}],"wp:featuredmedia":[{"embeddable":true,"href":"http:\/\/klubmamgdynia.pl\/index.php\/wp-json\/wp\/v2\/media\/2358"}],"wp:attachment":[{"href":"http:\/\/klubmamgdynia.pl\/index.php\/wp-json\/wp\/v2\/media?parent=2357"}],"wp:term":[{"taxonomy":"product_cat","embeddable":true,"href":"http:\/\/klubmamgdynia.pl\/index.php\/wp-json\/wp\/v2\/product_cat?post=2357"},{"taxonomy":"product_tag","embeddable":true,"href":"http:\/\/klubmamgdynia.pl\/index.php\/wp-json\/wp\/v2\/product_tag?post=2357"}],"curies":[{"name":"wp","href":"https:\/\/api.w.org\/{rel}","templated":true}]}}