{"id":2361,"date":"2025-05-08T00:03:53","date_gmt":"2025-05-07T22:03:53","guid":{"rendered":"http:\/\/klubmamgdynia.pl\/?post_type=product&#038;p=2361"},"modified":"2026-04-22T17:40:31","modified_gmt":"2026-04-22T15:40:31","slug":"ravensburger-puzzle-wyspa-praslin-1000el","status":"publish","type":"product","link":"http:\/\/klubmamgdynia.pl\/index.php\/produkt\/ravensburger-puzzle-wyspa-praslin-1000el\/","title":{"rendered":"Ravensburger Puzzle Wyspa Praslin 1000El."},"content":{"rendered":"<p>Puzzle niemieckiego producenta &#8211; firmy Ravensburger, charakteryzuj\u0105 si\u0119 wysok\u0105 jako\u015bci\u0105. Przez ponad 100 lat ciesz\u0105 dzieci i doros\u0142ych na ca\u0142ym \u015bwiecie. Perfect Age Fit to cecha, kt\u00f3ra dopasowuje wielko\u015b\u0107 element\u00f3w do mo\u017cliwo\u015bci charakterystycznych dla danego wieku rozwojowego, a SoftClick Technology pozwala precyzyjnie z\u0142o\u017cy\u0107 obraz. Idealne kszta\u0142ty, a tak\u017ce szeroka oferta motyw\u00f3w sprawiaj\u0105, \u017ce znajdzie tu co\u015b dla siebie pasjonat uk\u0142adanek w ka\u017cdym wieku. Puzzle Ravensburger pozwalaj\u0105 nabywa\u0107 cenne umiej\u0119tno\u015bci, wykorzystuj\u0105c funkcj\u0119 nauki poprzez zabaw\u0119. Uk\u0142adanie puzzli wspomaga koncentracj\u0119, uczy spostrzegawczo\u015bci i cierpliwo\u015bci, nie pozostaje te\u017c bez wp\u0142ywu na zdolno\u015bci motoryczne. To tak\u017ce wspania\u0142a aktywno\u015b\u0107 dla du\u017cych i ma\u0142ych i okazja do wsp\u00f3lnego sp\u0119dzenia czasu.Zawarto\u015b\u0107 i cechy zestawu:1 obrazek przedstawiaj\u0105cy widok: &#8222;Wyspa Praslin, Seszele&#8221;Puzzle z edycji najpi\u0119kniejsze miejsca na \u015bwiecieIlo\u015b\u0107 element\u00f3w &#8211; 1000Tekturowe, barwne opakowanie<\/p>\n<h2>Ravensburger Puzzle Wyspa Praslin 1000El. Ravensburger<\/h2>\n<p>czerwony kapturek kolorowanka, zaproszenia do druku, kolorowanka lol, quiz zemsta, quizy ma\u0142y ksi\u0105\u017c\u0119, kolysanki tekst, sentencje napisy cytaty o rodzinie, zagadki logiczne dla dzieci, origami kotek, bajki do czytania dla niemowl\u0105t, pan twardowski na ksi\u0119\u017cycu wiersz, prezenty roczek, stare wierszyki dla dzieci, aurelia, bajka do czytania, quiz opowie\u015bci z narnii, zagadki o wio\u015bnie dla dzieci<\/p>\n<p>yyyyy<\/p>\n<p>&nbsp;<\/p>\n","protected":false},"excerpt":{"rendered":"<p>Puzzle niemieckiego producenta &#8211; firmy Ravensburger, charakteryzuj\u0105 si\u0119 wysok\u0105 jako\u015bci\u0105. Przez ponad 100 lat ciesz\u0105 dzieci i doros\u0142ych na ca\u0142ym \u015bwiecie. Perfect Age Fit to cecha, kt\u00f3ra dopasowuje wielko\u015b\u0107 element\u00f3w do mo\u017cliwo\u015bci charakterystycznych dla danego wieku rozwojowego, a SoftClick Technology pozwala precyzyjnie z\u0142o\u017cy\u0107 obraz. Idealne kszta\u0142ty, a tak\u017ce szeroka oferta motyw\u00f3w sprawiaj\u0105, \u017ce znajdzie tu [&hellip;]<\/p>\n","protected":false},"featured_media":2362,"comment_status":"closed","ping_status":"open","template":"","meta":[],"product_cat":[90,207],"product_tag":[662,676,749,739,757,738],"class_list":["post-2361","product","type-product","status-publish","has-post-thumbnail","hentry","product_cat-puzzle","product_cat-ravensburger","product_tag-bajki-na-dobranoc","product_tag-bursztynek","product_tag-najlepsze-zarty-na-prima-aprilis","product_tag-prima-aprilis-w-szkole","product_tag-test-z-lektury-ania-z-zielonego-wzgorza-klasa-6-z-odpowiedziami","product_tag-wroclaw-dla-dzieci"],"_links":{"self":[{"href":"http:\/\/klubmamgdynia.pl\/index.php\/wp-json\/wp\/v2\/product\/2361","targetHints":{"allow":["GET"]}}],"collection":[{"href":"http:\/\/klubmamgdynia.pl\/index.php\/wp-json\/wp\/v2\/product"}],"about":[{"href":"http:\/\/klubmamgdynia.pl\/index.php\/wp-json\/wp\/v2\/types\/product"}],"replies":[{"embeddable":true,"href":"http:\/\/klubmamgdynia.pl\/index.php\/wp-json\/wp\/v2\/comments?post=2361"}],"wp:featuredmedia":[{"embeddable":true,"href":"http:\/\/klubmamgdynia.pl\/index.php\/wp-json\/wp\/v2\/media\/2362"}],"wp:attachment":[{"href":"http:\/\/klubmamgdynia.pl\/index.php\/wp-json\/wp\/v2\/media?parent=2361"}],"wp:term":[{"taxonomy":"product_cat","embeddable":true,"href":"http:\/\/klubmamgdynia.pl\/index.php\/wp-json\/wp\/v2\/product_cat?post=2361"},{"taxonomy":"product_tag","embeddable":true,"href":"http:\/\/klubmamgdynia.pl\/index.php\/wp-json\/wp\/v2\/product_tag?post=2361"}],"curies":[{"name":"wp","href":"https:\/\/api.w.org\/{rel}","templated":true}]}}