{"id":2377,"date":"2017-12-19T17:41:36","date_gmt":"2017-12-19T16:41:36","guid":{"rendered":"http:\/\/klubmamgdynia.pl\/index.php\/produkt\/ravensburger-gravitrax-zestaw-magnetyczna-armatka\/"},"modified":"2026-05-01T11:57:08","modified_gmt":"2026-05-01T09:57:08","slug":"ravensburger-gravitrax-zestaw-magnetyczna-armatka","status":"publish","type":"product","link":"http:\/\/klubmamgdynia.pl\/index.php\/produkt\/ravensburger-gravitrax-zestaw-magnetyczna-armatka\/","title":{"rendered":"Ravensburger Gravitrax Zestaw Magnetyczna Armatka"},"content":{"rendered":"<p>RAVENSBURGER GRAVITRAX ZESTAW MAGNETYCZNA ARMATKAWiek: +8Ca\u0142kiem nowy wymiar zabawy z GravitraxDzi\u0119ki zestawom z Gravitrax poznacie fascynuj\u0105cy \u015bwiat grawitacji przez zabaw\u0119! Tw\u00f3rzcie pe\u0142ne akcji systemy \u015bcie\u017cek z r\u00f3\u017cnymi elementami konstrukcyjnymi, i odkrywajcie jak prawa fizyki wp\u0142ywaj\u0105 na to co robi\u0105 poszczeg\u00f3lne elementy zestaw\u00f3w.Waszym celem jest sprawi\u0107 aby kulka dotar\u0142a do celu, pokonuj\u0105c po drodze stworzony przez Was system tor\u00f3w..ZESTAW UZUPE\u0141NIAJ\u0104CY MAGNETYCZNA ARMATKAPowi\u0119ksz swoj\u0105 pr\u0119dko\u015b\u0107 dzi\u0119ki u\u017cyciu si\u0142y magnetycznej! Wyrzucaj kulki na spektakularn\u0105 wysoko\u015b\u0107, z niesamowit\u0105 pr\u0119dko\u015bci\u0105, a tak\u017ce wyd\u0142u\u017caj zasi\u0119g kulki dzi\u0119ki magnetycznej armatce. Po\u0142\u0105cz armatk\u0119 z zestawem startowym GraviTraxR, aby nada\u0107 nowy rytm Twojemu torowi.Zestaw zawiera:instrukcja1 magnetyczna armatka3 kulki<\/p>\n<h2>Ravensburger Gravitrax Zestaw Magnetyczna Armatka Ravensburger<\/h2>\n<p>kr\u00f3tkie bajki do czytania na dobranoc, paula znaczenie imienia, pomysl na prezent na roczek, pia, kolorowanka ksi\u0119\u017cniczka, wzory zaprosze\u0144 zaproszenie na urodziny szablon do druku, kolorowanka super zings, jak narysowa\u0107 koty, podchwytliwe zagadki matematyczne, trudne zagadki matematyczne, dzie\u0144 pluszowego misia napis<\/p>\n<p>yyyyy<\/p>\n<p>&nbsp;<\/p>\n","protected":false},"excerpt":{"rendered":"<p>RAVENSBURGER GRAVITRAX ZESTAW MAGNETYCZNA ARMATKAWiek: +8Ca\u0142kiem nowy wymiar zabawy z GravitraxDzi\u0119ki zestawom z Gravitrax poznacie fascynuj\u0105cy \u015bwiat grawitacji przez zabaw\u0119! Tw\u00f3rzcie pe\u0142ne akcji systemy \u015bcie\u017cek z r\u00f3\u017cnymi elementami konstrukcyjnymi, i odkrywajcie jak prawa fizyki wp\u0142ywaj\u0105 na to co robi\u0105 poszczeg\u00f3lne elementy zestaw\u00f3w.Waszym celem jest sprawi\u0107 aby kulka dotar\u0142a do celu, pokonuj\u0105c po drodze stworzony przez [&hellip;]<\/p>\n","protected":false},"featured_media":2378,"comment_status":"closed","ping_status":"open","template":"","meta":[],"product_cat":[72,207],"product_tag":[777,789,731,587],"class_list":["post-2377","product","type-product","status-publish","has-post-thumbnail","hentry","product_cat-mali-naukowcy","product_cat-ravensburger","product_tag-co-na-roczek","product_tag-kaczuszka","product_tag-maly-ksiaze-cytaty","product_tag-skalne-miasto"],"_links":{"self":[{"href":"http:\/\/klubmamgdynia.pl\/index.php\/wp-json\/wp\/v2\/product\/2377","targetHints":{"allow":["GET"]}}],"collection":[{"href":"http:\/\/klubmamgdynia.pl\/index.php\/wp-json\/wp\/v2\/product"}],"about":[{"href":"http:\/\/klubmamgdynia.pl\/index.php\/wp-json\/wp\/v2\/types\/product"}],"replies":[{"embeddable":true,"href":"http:\/\/klubmamgdynia.pl\/index.php\/wp-json\/wp\/v2\/comments?post=2377"}],"wp:featuredmedia":[{"embeddable":true,"href":"http:\/\/klubmamgdynia.pl\/index.php\/wp-json\/wp\/v2\/media\/2378"}],"wp:attachment":[{"href":"http:\/\/klubmamgdynia.pl\/index.php\/wp-json\/wp\/v2\/media?parent=2377"}],"wp:term":[{"taxonomy":"product_cat","embeddable":true,"href":"http:\/\/klubmamgdynia.pl\/index.php\/wp-json\/wp\/v2\/product_cat?post=2377"},{"taxonomy":"product_tag","embeddable":true,"href":"http:\/\/klubmamgdynia.pl\/index.php\/wp-json\/wp\/v2\/product_tag?post=2377"}],"curies":[{"name":"wp","href":"https:\/\/api.w.org\/{rel}","templated":true}]}}