{"id":2395,"date":"2023-11-10T23:00:10","date_gmt":"2023-11-10T22:00:10","guid":{"rendered":"http:\/\/klubmamgdynia.pl\/?post_type=product&#038;p=2395"},"modified":"2026-04-30T20:14:13","modified_gmt":"2026-04-30T18:14:13","slug":"playmobil-70627-dino-rise-triceratops-spor-o-kamienie-dino","status":"publish","type":"product","link":"http:\/\/klubmamgdynia.pl\/index.php\/produkt\/playmobil-70627-dino-rise-triceratops-spor-o-kamienie-dino\/","title":{"rendered":"Playmobil 70627 Dino Rise Triceratops Sp\u00f3r O Kamienie Dino"},"content":{"rendered":"<p>PLAYMOBILSERIA DINO RISETRICERATOPS SP\u00d3R O LEGENDARNE KAMIENIE70627NOWO\u015a\u0106Zabawa produktami Playmobil wspiera dzieci\u0119cy rozw\u00f3j, pobudza wyobra\u017ani\u0119 do dzia\u0142ania. Uczy kreatywno\u015bci i zach\u0119ca do poznawania otaczaj\u0105cego go \u015bwiata.Zestaw z serii Dino Rise Triceratoos Sp\u00f3r o Legendarne Kamienie to wspania\u0142y zestaw, kt\u00f3ry rozkr\u0119ci zabaw\u0119. Czasami wr\u00f3g jest te\u017c znacznie mniejszy ni\u017c oczekiwano, na przyk\u0142ad mini robot. Paskudne ma\u0142e maszyny niezauwa\u017cone pr\u00f3buj\u0105 odkry\u0107 plany wuja Roba i zespo\u0142u Dino. Ale zespo\u0142owi Dino nie jest \u0142atwo zajrze\u0107 do kart. Aby by\u0107 przygotowanym na du\u017cych i ma\u0142ych przeciwnik\u00f3w, opancerzony Triceratops ma nie tylko zwyk\u0142e dzia\u0142o, ale tak\u017ce armat\u0119 z siatk\u0105 bezpiecze\u0144stwa. Je\u015bli jego partner Jaden w odpowiednim momencie wyrzuci siatk\u0119 bezpiecze\u0144stwa, mini roboty r\u00f3wnie\u017c zostan\u0105 aresztowane, a tym samym unieruchomione. Silna moc dinozaur\u00f3w do trudnych misji specjalnych.Wymiary opakowania: 18,5&#215;34,5x12cm.Zestawy i ich poszczeg\u00f3lne elementy mo\u017cna ze sob\u0105 dowolnie \u0142\u0105czy\u0107, a tym samym tworzy\u0107 nowe i niepowtarzalne kombinacje.Zestaw przeznaczony jest zgodnie z zaleceniami producenta dla dzieci z przedzia\u0142u wiekowego 5-10 lat.<\/p>\n<h2>Playmobil 70627 Dino Rise Triceratops Sp\u00f3r O Kamienie Dino Playmobil<\/h2>\n<p>stare wiersze dla dzieci, ptak b\u0105k, przek\u0105ski na urodziny dziecka, prezenty dla nastolatk\u00f3w do 50 z\u0142, znaczenie imienia alan, ma\u0142y ksi\u0105\u017c\u0119 cytaty, 45 pa\u0144stw europy i ich stolice quiz, pomysly na prima aprilis, maski do druku kolorowe, quiz flagi \u015bwiata, kolorowanki minionki<\/p>\n<p>yyyyy<\/p>\n<p>&nbsp;<\/p>\n","protected":false},"excerpt":{"rendered":"<p>PLAYMOBILSERIA DINO RISETRICERATOPS SP\u00d3R O LEGENDARNE KAMIENIE70627NOWO\u015a\u0106Zabawa produktami Playmobil wspiera dzieci\u0119cy rozw\u00f3j, pobudza wyobra\u017ani\u0119 do dzia\u0142ania. Uczy kreatywno\u015bci i zach\u0119ca do poznawania otaczaj\u0105cego go \u015bwiata.Zestaw z serii Dino Rise Triceratoos Sp\u00f3r o Legendarne Kamienie to wspania\u0142y zestaw, kt\u00f3ry rozkr\u0119ci zabaw\u0119. Czasami wr\u00f3g jest te\u017c znacznie mniejszy ni\u017c oczekiwano, na przyk\u0142ad mini robot. Paskudne ma\u0142e maszyny [&hellip;]<\/p>\n","protected":false},"featured_media":2396,"comment_status":"closed","ping_status":"open","template":"","meta":[],"product_cat":[113,466],"product_tag":[578,637,599,653],"class_list":["post-2395","product","type-product","status-publish","has-post-thumbnail","hentry","product_cat-klocki","product_cat-playmobil","product_tag-fajne-zarty-na-prima-aprilis","product_tag-niech-zyja-wakacje-tekst","product_tag-prezent-dla-nastolatkow-2021","product_tag-warszawa-dla-dzieci"],"_links":{"self":[{"href":"http:\/\/klubmamgdynia.pl\/index.php\/wp-json\/wp\/v2\/product\/2395","targetHints":{"allow":["GET"]}}],"collection":[{"href":"http:\/\/klubmamgdynia.pl\/index.php\/wp-json\/wp\/v2\/product"}],"about":[{"href":"http:\/\/klubmamgdynia.pl\/index.php\/wp-json\/wp\/v2\/types\/product"}],"replies":[{"embeddable":true,"href":"http:\/\/klubmamgdynia.pl\/index.php\/wp-json\/wp\/v2\/comments?post=2395"}],"wp:featuredmedia":[{"embeddable":true,"href":"http:\/\/klubmamgdynia.pl\/index.php\/wp-json\/wp\/v2\/media\/2396"}],"wp:attachment":[{"href":"http:\/\/klubmamgdynia.pl\/index.php\/wp-json\/wp\/v2\/media?parent=2395"}],"wp:term":[{"taxonomy":"product_cat","embeddable":true,"href":"http:\/\/klubmamgdynia.pl\/index.php\/wp-json\/wp\/v2\/product_cat?post=2395"},{"taxonomy":"product_tag","embeddable":true,"href":"http:\/\/klubmamgdynia.pl\/index.php\/wp-json\/wp\/v2\/product_tag?post=2395"}],"curies":[{"name":"wp","href":"https:\/\/api.w.org\/{rel}","templated":true}]}}