{"id":2411,"date":"2016-09-10T19:36:01","date_gmt":"2016-09-10T17:36:01","guid":{"rendered":"http:\/\/klubmamgdynia.pl\/index.php\/produkt\/papo-athos\/"},"modified":"2026-04-30T11:24:00","modified_gmt":"2026-04-30T09:24:00","slug":"papo-athos","status":"publish","type":"product","link":"http:\/\/klubmamgdynia.pl\/index.php\/produkt\/papo-athos\/","title":{"rendered":"Papo Athos"},"content":{"rendered":"<p>Figurka muszkietera Athosa. NAZWA ATHOS PRODUCENT PAPO WIEK 3+ EAN 3465000399023 Znajd\u017a podobne wed\u0142ug klucza: PAPO (471850)<\/p>\n<h2>Papo Athos Papo<\/h2>\n<p>zagadki o przyborach szkolnych, hot wheels kolorowanka, kuba imi\u0119, zagadka, \u015bmieszne zagadki dla dzieci<\/p>\n<p>yyyyy<\/p>\n<p>&nbsp;<\/p>\n","protected":false},"excerpt":{"rendered":"<p>Figurka muszkietera Athosa. NAZWA ATHOS PRODUCENT PAPO WIEK 3+ EAN 3465000399023 Znajd\u017a podobne wed\u0142ug klucza: PAPO (471850) Papo Athos Papo zagadki o przyborach szkolnych, hot wheels kolorowanka, kuba imi\u0119, zagadka, \u015bmieszne zagadki dla dzieci yyyyy &nbsp;<\/p>\n","protected":false},"featured_media":2412,"comment_status":"closed","ping_status":"open","template":"","meta":[],"product_cat":[95,880],"product_tag":[716,636,822,812],"class_list":["post-2411","product","type-product","status-publish","has-post-thumbnail","hentry","product_cat-figurki-makiety-i-zestawy","product_cat-papo","product_tag-filmy-animowane-o-swietach","product_tag-teksty-kolysanek","product_tag-wierszyki-o-wakacjach-krotkie","product_tag-zagadki-logiczne-na-inteligencje"],"_links":{"self":[{"href":"http:\/\/klubmamgdynia.pl\/index.php\/wp-json\/wp\/v2\/product\/2411","targetHints":{"allow":["GET"]}}],"collection":[{"href":"http:\/\/klubmamgdynia.pl\/index.php\/wp-json\/wp\/v2\/product"}],"about":[{"href":"http:\/\/klubmamgdynia.pl\/index.php\/wp-json\/wp\/v2\/types\/product"}],"replies":[{"embeddable":true,"href":"http:\/\/klubmamgdynia.pl\/index.php\/wp-json\/wp\/v2\/comments?post=2411"}],"wp:featuredmedia":[{"embeddable":true,"href":"http:\/\/klubmamgdynia.pl\/index.php\/wp-json\/wp\/v2\/media\/2412"}],"wp:attachment":[{"href":"http:\/\/klubmamgdynia.pl\/index.php\/wp-json\/wp\/v2\/media?parent=2411"}],"wp:term":[{"taxonomy":"product_cat","embeddable":true,"href":"http:\/\/klubmamgdynia.pl\/index.php\/wp-json\/wp\/v2\/product_cat?post=2411"},{"taxonomy":"product_tag","embeddable":true,"href":"http:\/\/klubmamgdynia.pl\/index.php\/wp-json\/wp\/v2\/product_tag?post=2411"}],"curies":[{"name":"wp","href":"https:\/\/api.w.org\/{rel}","templated":true}]}}