{"id":2413,"date":"2016-05-31T02:32:56","date_gmt":"2016-05-31T00:32:56","guid":{"rendered":"http:\/\/klubmamgdynia.pl\/index.php\/produkt\/majorette-city-bus-wycieczkowy-volkswagen-crafter-2057500\/"},"modified":"2026-04-22T15:26:36","modified_gmt":"2026-04-22T13:26:36","slug":"majorette-city-bus-wycieczkowy-volkswagen-crafter-2057500","status":"publish","type":"product","link":"http:\/\/klubmamgdynia.pl\/index.php\/produkt\/majorette-city-bus-wycieczkowy-volkswagen-crafter-2057500\/","title":{"rendered":"Majorette City Bus wycieczkowy Volkswagen Crafter 2057500"},"content":{"rendered":"<p>pojazd metalowy<\/p>\n<h2>Majorette City Bus wycieczkowy Volkswagen Crafter 2057500 Majorette<\/h2>\n<p>minecraft quiz, zaproszenie na urodziny dziecka tekst do druku, cytaty dla przyjaciela, ma\u0142y ksi\u0105\u017c\u0119 &#8211; test z odpowiedziami<\/p>\n<p>yyyyy<\/p>\n<p>&nbsp;<\/p>\n","protected":false},"excerpt":{"rendered":"<p>pojazd metalowy Majorette City Bus wycieczkowy Volkswagen Crafter 2057500 Majorette minecraft quiz, zaproszenie na urodziny dziecka tekst do druku, cytaty dla przyjaciela, ma\u0142y ksi\u0105\u017c\u0119 &#8211; test z odpowiedziami yyyyy &nbsp;<\/p>\n","protected":false},"featured_media":2414,"comment_status":"closed","ping_status":"open","template":"","meta":[],"product_cat":[83,343],"product_tag":[728,797,692],"class_list":["post-2413","product","type-product","status-publish","has-post-thumbnail","hentry","product_cat-auta-i-inne-pojazdy-do-zabawy","product_cat-majorette","product_tag-bezwarunkowa-milosc-do-dziecka-cytaty","product_tag-kiekrz","product_tag-prezenty-na-roczek"],"_links":{"self":[{"href":"http:\/\/klubmamgdynia.pl\/index.php\/wp-json\/wp\/v2\/product\/2413","targetHints":{"allow":["GET"]}}],"collection":[{"href":"http:\/\/klubmamgdynia.pl\/index.php\/wp-json\/wp\/v2\/product"}],"about":[{"href":"http:\/\/klubmamgdynia.pl\/index.php\/wp-json\/wp\/v2\/types\/product"}],"replies":[{"embeddable":true,"href":"http:\/\/klubmamgdynia.pl\/index.php\/wp-json\/wp\/v2\/comments?post=2413"}],"wp:featuredmedia":[{"embeddable":true,"href":"http:\/\/klubmamgdynia.pl\/index.php\/wp-json\/wp\/v2\/media\/2414"}],"wp:attachment":[{"href":"http:\/\/klubmamgdynia.pl\/index.php\/wp-json\/wp\/v2\/media?parent=2413"}],"wp:term":[{"taxonomy":"product_cat","embeddable":true,"href":"http:\/\/klubmamgdynia.pl\/index.php\/wp-json\/wp\/v2\/product_cat?post=2413"},{"taxonomy":"product_tag","embeddable":true,"href":"http:\/\/klubmamgdynia.pl\/index.php\/wp-json\/wp\/v2\/product_tag?post=2413"}],"curies":[{"name":"wp","href":"https:\/\/api.w.org\/{rel}","templated":true}]}}