{"id":2433,"date":"2024-09-02T21:32:11","date_gmt":"2024-09-02T19:32:11","guid":{"rendered":"http:\/\/klubmamgdynia.pl\/?post_type=product&#038;p=2433"},"modified":"2026-04-06T17:19:42","modified_gmt":"2026-04-06T15:19:42","slug":"kumho-wp52-165-65r14-79t","status":"publish","type":"product","link":"http:\/\/klubmamgdynia.pl\/index.php\/produkt\/kumho-wp52-165-65r14-79t\/","title":{"rendered":"Kumho Wp52 165\/65R14 79T"},"content":{"rendered":"<p>Opony zimowe Kumho Wintercraft WP52<\/p>\n<h2>Kumho Wp52 165\/65R14 79T Kumho<\/h2>\n<p>bajki na dobranoc, mini zoo warszawa, ch\u0142opcy z placu broni &#8211; test, jak narysowa\u0107 anio\u0142ka, \u015bmieszne zagadki matematyczne, podzi\u0119kowania dla nauczyciela cytaty, halszka, \u015bmieszne zagadki dla dzieci 10 lat<\/p>\n<p>yyyyy<\/p>\n<p>&nbsp;<\/p>\n","protected":false},"excerpt":{"rendered":"<p>Opony zimowe Kumho Wintercraft WP52 Kumho Wp52 165\/65R14 79T Kumho bajki na dobranoc, mini zoo warszawa, ch\u0142opcy z placu broni &#8211; test, jak narysowa\u0107 anio\u0142ka, \u015bmieszne zagadki matematyczne, podzi\u0119kowania dla nauczyciela cytaty, halszka, \u015bmieszne zagadki dla dzieci 10 lat yyyyy &nbsp;<\/p>\n","protected":false},"featured_media":2434,"comment_status":"closed","ping_status":"open","template":"","meta":[],"product_cat":[886,885],"product_tag":[851,669,867,645,842],"class_list":["post-2433","product","type-product","status-publish","has-post-thumbnail","hentry","product_cat-kumho","product_cat-opony-zimowe","product_tag-jak-narysowac-kota","product_tag-kolorowanki","product_tag-kolorowanki-dla-dziewczynek","product_tag-latwe-zagadki","product_tag-plac-zabaw-poznan"],"_links":{"self":[{"href":"http:\/\/klubmamgdynia.pl\/index.php\/wp-json\/wp\/v2\/product\/2433","targetHints":{"allow":["GET"]}}],"collection":[{"href":"http:\/\/klubmamgdynia.pl\/index.php\/wp-json\/wp\/v2\/product"}],"about":[{"href":"http:\/\/klubmamgdynia.pl\/index.php\/wp-json\/wp\/v2\/types\/product"}],"replies":[{"embeddable":true,"href":"http:\/\/klubmamgdynia.pl\/index.php\/wp-json\/wp\/v2\/comments?post=2433"}],"wp:featuredmedia":[{"embeddable":true,"href":"http:\/\/klubmamgdynia.pl\/index.php\/wp-json\/wp\/v2\/media\/2434"}],"wp:attachment":[{"href":"http:\/\/klubmamgdynia.pl\/index.php\/wp-json\/wp\/v2\/media?parent=2433"}],"wp:term":[{"taxonomy":"product_cat","embeddable":true,"href":"http:\/\/klubmamgdynia.pl\/index.php\/wp-json\/wp\/v2\/product_cat?post=2433"},{"taxonomy":"product_tag","embeddable":true,"href":"http:\/\/klubmamgdynia.pl\/index.php\/wp-json\/wp\/v2\/product_tag?post=2433"}],"curies":[{"name":"wp","href":"https:\/\/api.w.org\/{rel}","templated":true}]}}