{"id":2439,"date":"2019-05-22T22:32:28","date_gmt":"2019-05-22T20:32:28","guid":{"rendered":"http:\/\/klubmamgdynia.pl\/index.php\/produkt\/4m-dna-dinozaurow-triceratops\/"},"modified":"2026-05-17T22:05:14","modified_gmt":"2026-05-17T20:05:14","slug":"4m-dna-dinozaurow-triceratops","status":"publish","type":"product","link":"http:\/\/klubmamgdynia.pl\/index.php\/produkt\/4m-dna-dinozaurow-triceratops\/","title":{"rendered":"4M DNA Dinozaur\u00f3w Triceratops"},"content":{"rendered":"<p>Dinosaur DNA to idealna zabawka dla wszystkich dzieci, kt\u00f3re interesuj\u0105 si\u0119 nie tylko dinozaurami, ale r\u00f3wnie\u017c archeologi\u0105 czy prac\u0105 naukowca.Dzi\u0119ki temu zestawowi ka\u017cde dziecko mo\u017ce sta\u0107 si\u0119 paleontologiem oraz dino-genetykiem, odkrywa\u0107 i \u015bwietnie si\u0119 przy tym bawi\u0107!Ponadto zestaw \u0142\u0105czy realn\u0105 zabaw\u0119 z wirtualn\u0105 przygod\u0105!Specjalna aplikacja na urz\u0105dzenia mobilne pozwoli rozszerzy\u0107 zabaw\u0119.Zabawa jest niesamowita:1. Wykop \u015bwiec\u0105cy szkielet dinozaura2. Znajd\u017a pojemnik z naklejkami DNA3. Fragmenty DNA naklej na mat\u0119 z dinozaurem4. Pobierz specjaln\u0105 aplikacj\u0119 DinoCodes na urz\u0105dzenia mobilne5. Nakieruj obiektyw aparatu swojego urz\u0105dzenia na mat\u0119 z dinozaurem i zobacz projekcj\u0119 naturalnej wielko\u015bci dinozaura6. Nagrywaj filmy, r\u00f3b zdj\u0119cia i dziel si\u0119 nimi z przyjaci\u00f3\u0142mi!Wykop szkielet i zrekonstruuj dinozaura naturalnej wielko\u015bci za pomoc\u0105 technologii rozszerzonej rzeczywisto\u015bci (AR).Jest to \u015bwietna zabawa!ZAWARTO\u015a\u0106:- bry\u0142a gipsu zawieraj\u0105ca pojemnik z naklejkami DNA oraz \u015bwiec\u0105cy szkielet- narz\u0119dzia do wykopalisk- p\u0119dzel- 2 maty edukacyjne- instrukcjaWIEK:8+WYMIARY:opakowania: 24 x 22 x 6 cmWAGA:1,11 kgUWAGI:Produkt przeznaczony dla dzieci powy\u017cej 8 roku \u017cycia. Nie nadaje si\u0119 dla dzieci poni\u017cej 3 lat ze wzgl\u0119du na zawarto\u015b\u0107 ma\u0142ych element\u00f3w. Przed u\u017cyciem nale\u017cy przeczyta\u0107 instrukcj\u0119. Instrukcj\u0119 nale\u017cy zachowa\u0107 na przysz\u0142o\u015b\u0107.<\/p>\n<h2>4M DNA Dinozaur\u00f3w Triceratops Russell<\/h2>\n<p>zagadka nie do rozwi\u0105zania, quiz o bo\u017cym narodzeniu, wulkan z sody, pch\u0142y na noc, quiz o zwierz\u0119tach domowych, iwo imi\u0119, henryk, quizy znaki drogowe, co kupic na roczek<\/p>\n<p>yyyyy<\/p>\n<p>&nbsp;<\/p>\n","protected":false},"excerpt":{"rendered":"<p>Dinosaur DNA to idealna zabawka dla wszystkich dzieci, kt\u00f3re interesuj\u0105 si\u0119 nie tylko dinozaurami, ale r\u00f3wnie\u017c archeologi\u0105 czy prac\u0105 naukowca.Dzi\u0119ki temu zestawowi ka\u017cde dziecko mo\u017ce sta\u0107 si\u0119 paleontologiem oraz dino-genetykiem, odkrywa\u0107 i \u015bwietnie si\u0119 przy tym bawi\u0107!Ponadto zestaw \u0142\u0105czy realn\u0105 zabaw\u0119 z wirtualn\u0105 przygod\u0105!Specjalna aplikacja na urz\u0105dzenia mobilne pozwoli rozszerzy\u0107 zabaw\u0119.Zabawa jest niesamowita:1. Wykop \u015bwiec\u0105cy [&hellip;]<\/p>\n","protected":false},"featured_media":2440,"comment_status":"closed","ping_status":"open","template":"","meta":[],"product_cat":[72,422],"product_tag":[844,858,589],"class_list":["post-2439","product","type-product","status-publish","has-post-thumbnail","hentry","product_cat-mali-naukowcy","product_cat-russell","product_tag-co-kupic-na-roczek","product_tag-podchwytliwe-zagadki","product_tag-prezent-dla-rocznego-dziecka"],"_links":{"self":[{"href":"http:\/\/klubmamgdynia.pl\/index.php\/wp-json\/wp\/v2\/product\/2439","targetHints":{"allow":["GET"]}}],"collection":[{"href":"http:\/\/klubmamgdynia.pl\/index.php\/wp-json\/wp\/v2\/product"}],"about":[{"href":"http:\/\/klubmamgdynia.pl\/index.php\/wp-json\/wp\/v2\/types\/product"}],"replies":[{"embeddable":true,"href":"http:\/\/klubmamgdynia.pl\/index.php\/wp-json\/wp\/v2\/comments?post=2439"}],"wp:featuredmedia":[{"embeddable":true,"href":"http:\/\/klubmamgdynia.pl\/index.php\/wp-json\/wp\/v2\/media\/2440"}],"wp:attachment":[{"href":"http:\/\/klubmamgdynia.pl\/index.php\/wp-json\/wp\/v2\/media?parent=2439"}],"wp:term":[{"taxonomy":"product_cat","embeddable":true,"href":"http:\/\/klubmamgdynia.pl\/index.php\/wp-json\/wp\/v2\/product_cat?post=2439"},{"taxonomy":"product_tag","embeddable":true,"href":"http:\/\/klubmamgdynia.pl\/index.php\/wp-json\/wp\/v2\/product_tag?post=2439"}],"curies":[{"name":"wp","href":"https:\/\/api.w.org\/{rel}","templated":true}]}}