{"id":2443,"date":"2012-10-12T15:27:39","date_gmt":"2012-10-12T13:27:39","guid":{"rendered":"http:\/\/klubmamgdynia.pl\/index.php\/produkt\/vidaxl-drewniana-jednopoziomowa-klatka-dla-krolika\/"},"modified":"2026-04-17T03:45:58","modified_gmt":"2026-04-17T01:45:58","slug":"vidaxl-drewniana-jednopoziomowa-klatka-dla-krolika","status":"publish","type":"product","link":"http:\/\/klubmamgdynia.pl\/index.php\/produkt\/vidaxl-drewniana-jednopoziomowa-klatka-dla-krolika\/","title":{"rendered":"Vidaxl Drewniana Jednopoziomowa Klatka Dla Kr\u00f3lika"},"content":{"rendered":"<p>Vidaxl Drewniana Jednopoziomowa Klatka Dla Kr\u00f3lika<\/p>\n<p>Nasza wysokiej jako\u015bci klatka zapewnia du\u017ce, przytulne<br \/>\nmiejsce dla ma\u0142ych zwierz\u0105t, szczeg\u00f3lnie kr\u00f3lik\u00f3w. S\u0142u\u017cy ona do: zabawy,<br \/>\n\u0107wicze\u0144 oraz po prostu stworzenia bezpiecznego schronienia dla zwierz\u0105t.<\/p>\n<p>Domek dla kr\u00f3lik\u00f3w zapewnia mn\u00f3stwo miejsca do aktywno\u015bci,<br \/>\na mocna, \u017celazna siatka zapobiega psotom i potencjalnym wypadkom. Pozwala ona<br \/>\njednocze\u015bnie na obserwowanie Twoich zwierz\u0105t i zapewnia im r\u00f3wnie\u017c mo\u017cliwo\u015b\u0107<br \/>\npodziwiania przestrzeni na na zewn\u0105trz oraz dost\u0119p \u015bwie\u017cego powietrza.<\/p>\n<p>Klatka dla kr\u00f3lik\u00f3w jest zbudowana na wysokiej jako\u015bci,<br \/>\ndrewnianej ramie, tworz\u0105c mocne i bezpieczne zamkni\u0119cie, kt\u00f3re przetrwa lata.<br \/>\nZielony dach kryty pap\u0105 zapobiega przedostawaniu si\u0119 deszczu, a przytulne<br \/>\nwn\u0119trze tworzy idealne miejsce do spania. Dach mo\u017ce zosta\u0107 otwarty, aby wyj\u0105\u0107<br \/>\nzwierz\u0119. Wyci\u0105gana szufladka spodnia u\u0142atwia czyszczenie. Drzwiczki zamykaj\u0105<br \/>\nsi\u0119 z \u0142atwo\u015bci\u0105 i zabezpieczane s\u0105 zasuwk\u0105.<\/p>\n<p>Drewniana klatka dla kr\u00f3lik\u00f3w b\u0119dzie idealna dla ma\u0142ych<br \/>\nzwierz\u0105t.<\/p>\n<p>Wa\u017cna uwaga: zalecamy umieszczenie klatki dla kr\u00f3lik\u00f3w w<br \/>\nos\u0142oni\u0119tym miejscu. Odpowiednia ochrona wyd\u0142u\u017cy jej trwa\u0142o\u015b\u0107.                            <\/p>\n<p>Specyfikacja<\/p>\n<p>Przestronna konstrukcja<\/p>\n<p>Wymiary ca\u0142kowite: 90 x 45 x 65,5 cm (d\u0142. x szer. x wys.)<\/p>\n<p>Wymiary drzwiczek: 25 x 28 cm (szer. x wys.)<\/p>\n<p>Wymiary szuflady: 85 x 40,5 x 4 cm (szer. x g\u0142. x wys.)<\/p>\n<p>Rama z litego drewna sosnowego, malowana<\/p>\n<p>Trwa\u0142a, malowana proszkowo, \u017celazna siatka<\/p>\n<p>Zabezpieczenie przed wilgoci\u0105 poprzez pokrycie pap\u0105<\/p>\n<p>Wyci\u0105gana taca u\u0142atwiaj\u0105ca czyszczenie<\/p>\n<p>Produkt odporny na czynniki atmosferyczne<\/p>\n<p>Prosty monta\u017c<\/p>\n<p>Produkt odpowiedni dla kr\u00f3lik\u00f3w<\/p>\n<p>Wymiary wewn\u0119trzne: 38 x 77 x 41 cm (szer. x g\u0142. x wys.)<\/p>\n<h2>Vidaxl Drewniana Jednopoziomowa Klatka Dla Kr\u00f3lika VidaXL<\/h2>\n<p>g\u0142upie zagadki, melania imi\u0119, kolorowanki uk\u0142ad s\u0142oneczny, znaczenie imiona alan<\/p>\n<p>yyyyy<\/p>\n<p>&nbsp;<\/p>\n","protected":false},"excerpt":{"rendered":"<p>Vidaxl Drewniana Jednopoziomowa Klatka Dla Kr\u00f3lika Nasza wysokiej jako\u015bci klatka zapewnia du\u017ce, przytulne miejsce dla ma\u0142ych zwierz\u0105t, szczeg\u00f3lnie kr\u00f3lik\u00f3w. S\u0142u\u017cy ona do: zabawy, \u0107wicze\u0144 oraz po prostu stworzenia bezpiecznego schronienia dla zwierz\u0105t. Domek dla kr\u00f3lik\u00f3w zapewnia mn\u00f3stwo miejsca do aktywno\u015bci, a mocna, \u017celazna siatka zapobiega psotom i potencjalnym wypadkom. Pozwala ona jednocze\u015bnie na obserwowanie Twoich [&hellip;]<\/p>\n","protected":false},"featured_media":2444,"comment_status":"closed","ping_status":"open","template":"","meta":[],"product_cat":[887,23],"product_tag":[829,686,614,694,756],"class_list":["post-2443","product","type-product","status-publish","has-post-thumbnail","hentry","product_cat-klatki-dla-malych-zwierzat","product_cat-vidaxl","product_tag-bajki-do-czytania-na-dobranoc","product_tag-co-na-roczek-dla-chlopca","product_tag-pia","product_tag-zagadki-swiateczne-dla-dzieci","product_tag-zaproszenie-na-urodziny-do-druku"],"_links":{"self":[{"href":"http:\/\/klubmamgdynia.pl\/index.php\/wp-json\/wp\/v2\/product\/2443","targetHints":{"allow":["GET"]}}],"collection":[{"href":"http:\/\/klubmamgdynia.pl\/index.php\/wp-json\/wp\/v2\/product"}],"about":[{"href":"http:\/\/klubmamgdynia.pl\/index.php\/wp-json\/wp\/v2\/types\/product"}],"replies":[{"embeddable":true,"href":"http:\/\/klubmamgdynia.pl\/index.php\/wp-json\/wp\/v2\/comments?post=2443"}],"wp:featuredmedia":[{"embeddable":true,"href":"http:\/\/klubmamgdynia.pl\/index.php\/wp-json\/wp\/v2\/media\/2444"}],"wp:attachment":[{"href":"http:\/\/klubmamgdynia.pl\/index.php\/wp-json\/wp\/v2\/media?parent=2443"}],"wp:term":[{"taxonomy":"product_cat","embeddable":true,"href":"http:\/\/klubmamgdynia.pl\/index.php\/wp-json\/wp\/v2\/product_cat?post=2443"},{"taxonomy":"product_tag","embeddable":true,"href":"http:\/\/klubmamgdynia.pl\/index.php\/wp-json\/wp\/v2\/product_tag?post=2443"}],"curies":[{"name":"wp","href":"https:\/\/api.w.org\/{rel}","templated":true}]}}