{"id":2453,"date":"2023-01-31T10:31:50","date_gmt":"2023-01-31T09:31:50","guid":{"rendered":"http:\/\/klubmamgdynia.pl\/?post_type=product&#038;p=2453"},"modified":"2026-05-17T22:52:49","modified_gmt":"2026-05-17T20:52:49","slug":"wind-force-snowblazer-u-hp-185-55r16-87h-xl","status":"publish","type":"product","link":"http:\/\/klubmamgdynia.pl\/index.php\/produkt\/wind-force-snowblazer-u-hp-185-55r16-87h-xl\/","title":{"rendered":"Wind Force Snowblazer U Hp 185\/55R16 87H Xl"},"content":{"rendered":"<h2>Wind Force Snowblazer U Hp 185\/55R16 87H Xl Windforce<\/h2>\n<p>wroc\u0142aw atrakcje dla dzieci 2021, kolorowanka kotki, wr\u00f3\u017cby andrzejkowe dla dzieci online, ida swieta wielkanocne ida swieta, cytat na dzie\u0144 mamy, by\u0142a sobie \u017cabka ma\u0142a tekst, melania imi\u0119, felix net i nika oraz gang niewidzialnych ludzi test z odpowiedziami, dzieci z bullerbyn quiz, kuchcikowo przepisy dla dzieci, zagadki dla 7 latka, kolorowanka dla dziewczynki, prima aprilis zarty, zagadki logiczne, szablony do wyklejania plastelin\u0105, prezenty dla 15 latki, imi\u0119 marcel, gloria imie<\/p>\n<p>yyyyy<\/p>\n<p>&nbsp;<\/p>\n","protected":false},"excerpt":{"rendered":"<p>Wind Force Snowblazer U Hp 185\/55R16 87H Xl Windforce wroc\u0142aw atrakcje dla dzieci 2021, kolorowanka kotki, wr\u00f3\u017cby andrzejkowe dla dzieci online, ida swieta wielkanocne ida swieta, cytat na dzie\u0144 mamy, by\u0142a sobie \u017cabka ma\u0142a tekst, melania imi\u0119, felix net i nika oraz gang niewidzialnych ludzi test z odpowiedziami, dzieci z bullerbyn quiz, kuchcikowo przepisy dla [&hellip;]<\/p>\n","protected":false},"featured_media":2454,"comment_status":"closed","ping_status":"open","template":"","meta":[],"product_cat":[885,890],"product_tag":[690,856,591],"class_list":["post-2453","product","type-product","status-publish","has-post-thumbnail","hentry","product_cat-opony-zimowe","product_cat-windforce","product_tag-pieski-male-dwa-tekst","product_tag-prezent-dla-16-latki","product_tag-quiz-o-minecraft"],"_links":{"self":[{"href":"http:\/\/klubmamgdynia.pl\/index.php\/wp-json\/wp\/v2\/product\/2453","targetHints":{"allow":["GET"]}}],"collection":[{"href":"http:\/\/klubmamgdynia.pl\/index.php\/wp-json\/wp\/v2\/product"}],"about":[{"href":"http:\/\/klubmamgdynia.pl\/index.php\/wp-json\/wp\/v2\/types\/product"}],"replies":[{"embeddable":true,"href":"http:\/\/klubmamgdynia.pl\/index.php\/wp-json\/wp\/v2\/comments?post=2453"}],"wp:featuredmedia":[{"embeddable":true,"href":"http:\/\/klubmamgdynia.pl\/index.php\/wp-json\/wp\/v2\/media\/2454"}],"wp:attachment":[{"href":"http:\/\/klubmamgdynia.pl\/index.php\/wp-json\/wp\/v2\/media?parent=2453"}],"wp:term":[{"taxonomy":"product_cat","embeddable":true,"href":"http:\/\/klubmamgdynia.pl\/index.php\/wp-json\/wp\/v2\/product_cat?post=2453"},{"taxonomy":"product_tag","embeddable":true,"href":"http:\/\/klubmamgdynia.pl\/index.php\/wp-json\/wp\/v2\/product_tag?post=2453"}],"curies":[{"name":"wp","href":"https:\/\/api.w.org\/{rel}","templated":true}]}}