{"id":2461,"date":"2019-06-16T06:59:37","date_gmt":"2019-06-16T04:59:37","guid":{"rendered":"http:\/\/klubmamgdynia.pl\/index.php\/produkt\/small-foot-skaczaca-nakrecana-drewniana-figurka-motyl\/"},"modified":"2026-04-04T00:23:54","modified_gmt":"2026-04-03T22:23:54","slug":"small-foot-skaczaca-nakrecana-drewniana-figurka-motyl","status":"publish","type":"product","link":"http:\/\/klubmamgdynia.pl\/index.php\/produkt\/small-foot-skaczaca-nakrecana-drewniana-figurka-motyl\/","title":{"rendered":"Small Foot Skacz\u0105ca nakr\u0119cana drewniana figurka Motyl"},"content":{"rendered":"<h2>Small Foot Skacz\u0105ca nakr\u0119cana drewniana figurka Motyl Small Foot<\/h2>\n<p>dyplom za udzia\u0142 w konkursie do druku, zagadki dla dzieci 9 10 lat z odpowiedziami, kr\u00f3tkie zagadki, ba\u015bniowe imiona \u017ce\u0144skie, tabliczka mno\u017cenia karty pracy do druku, zagadki dla dzieci 7 lat o zwierz\u0119tach, zagadki dla ma\u0142ych dzieci, prezenty dla nastolatk\u00f3w 2021, fajne zagadki, mia imie, test z lektury ania z zielonego wzg\u00f3rza klasa 6 z odpowiedziami, szablony do wyklejania plastelin\u0105, matylda imie<\/p>\n<p>yyyyy<\/p>\n<p>&nbsp;<\/p>\n","protected":false},"excerpt":{"rendered":"<p>Small Foot Skacz\u0105ca nakr\u0119cana drewniana figurka Motyl Small Foot dyplom za udzia\u0142 w konkursie do druku, zagadki dla dzieci 9 10 lat z odpowiedziami, kr\u00f3tkie zagadki, ba\u015bniowe imiona \u017ce\u0144skie, tabliczka mno\u017cenia karty pracy do druku, zagadki dla dzieci 7 lat o zwierz\u0119tach, zagadki dla ma\u0142ych dzieci, prezenty dla nastolatk\u00f3w 2021, fajne zagadki, mia imie, test [&hellip;]<\/p>\n","protected":false},"featured_media":2462,"comment_status":"closed","ping_status":"open","template":"","meta":[],"product_cat":[95,372],"product_tag":[662,842,798,586],"class_list":["post-2461","product","type-product","status-publish","has-post-thumbnail","hentry","product_cat-figurki-makiety-i-zestawy","product_cat-small-foot","product_tag-bajki-na-dobranoc","product_tag-plac-zabaw-poznan","product_tag-prezenty-dla-nastolatki","product_tag-smieszne-zagadki"],"_links":{"self":[{"href":"http:\/\/klubmamgdynia.pl\/index.php\/wp-json\/wp\/v2\/product\/2461","targetHints":{"allow":["GET"]}}],"collection":[{"href":"http:\/\/klubmamgdynia.pl\/index.php\/wp-json\/wp\/v2\/product"}],"about":[{"href":"http:\/\/klubmamgdynia.pl\/index.php\/wp-json\/wp\/v2\/types\/product"}],"replies":[{"embeddable":true,"href":"http:\/\/klubmamgdynia.pl\/index.php\/wp-json\/wp\/v2\/comments?post=2461"}],"wp:featuredmedia":[{"embeddable":true,"href":"http:\/\/klubmamgdynia.pl\/index.php\/wp-json\/wp\/v2\/media\/2462"}],"wp:attachment":[{"href":"http:\/\/klubmamgdynia.pl\/index.php\/wp-json\/wp\/v2\/media?parent=2461"}],"wp:term":[{"taxonomy":"product_cat","embeddable":true,"href":"http:\/\/klubmamgdynia.pl\/index.php\/wp-json\/wp\/v2\/product_cat?post=2461"},{"taxonomy":"product_tag","embeddable":true,"href":"http:\/\/klubmamgdynia.pl\/index.php\/wp-json\/wp\/v2\/product_tag?post=2461"}],"curies":[{"name":"wp","href":"https:\/\/api.w.org\/{rel}","templated":true}]}}