{"id":2473,"date":"2020-05-31T13:56:16","date_gmt":"2020-05-31T11:56:16","guid":{"rendered":"http:\/\/klubmamgdynia.pl\/index.php\/produkt\/angry-birds-koszulka-t-shirt-tshirtangrybirds002\/"},"modified":"2026-04-06T00:48:14","modified_gmt":"2026-04-05T22:48:14","slug":"angry-birds-koszulka-t-shirt-tshirtangrybirds002","status":"publish","type":"product","link":"http:\/\/klubmamgdynia.pl\/index.php\/produkt\/angry-birds-koszulka-t-shirt-tshirtangrybirds002\/","title":{"rendered":"Angry Birds Koszulka T Shirt Tshirtangrybirds002"},"content":{"rendered":"<p>Koszulka T-shirt dla dzieciKoszulka wykonana 100% BAWE\u0141NYROZMIARY 1-16LATR\u00f3\u017cne Kolory &#8211; do wyboru 11kolor\u00f3wKoszulka Wykonana z bardzo dobrej jako\u015bci bawe\u0142ny o gramaturze 160-190g(PRODUKT POLSKI)PRODUCENT!!!!Koszulki produkowane i drukowane dopiero po zam\u00f3wieniu i wysy\u0142ane najpo\u017aniej do 24H.Nadruki tworzone metod\u0105 DTG (\u201cDirect To Garment\u201d czyli w t\u0142umaczeniu \u201cBezpo\u015brednio na materia\u0142\u201d) dzi\u0119ki najnowszemu sprz\u0119towi w tej dziedzinie, co daje nam produkty nadruki najwy\u017cszej jako\u015bci.Deklarujemy niespieralno\u015b\u0107 nadruku! Atrament przyjazny sk\u00f3rze dziecka!INFORMACJA DODATKOWAJe\u017celi masz sw\u00f3j pomys\u0142 na w\u0142asn\u0105 grafik\u0119 na swojej koszulce, b\u0105d\u017a \u017caden ze wzor\u00f3w Ci nie odpowiada to ju\u017c teraz mo\u017cesz zleci\u0107 produkcj\u0119 swojej w\u0142asnej unikatowej poduszki!W bardzo prosty spos\u00f3b przez kontakt do sprzedawcy poprzez formularz kontaktowy.Spraw niespodziank\u0119 bliskiej Ci osobie, zaskocz j\u0105.<\/p>\n<h2>Angry Birds Koszulka T Shirt Tshirtangrybirds002 Angry Birds<\/h2>\n<p>podchwytliwe zagadki, kartka walentynkowa r\u0119cznie robiona \u0142atwa, karaluchy pod poduchy, \u017carty na prima aprilis dla rodzic\u00f3w, quiz o flagach europy, prezenty na roczek dla ch\u0142opca, labirynt psi patrol, kr\u00f3tkie zagadki dla doros\u0142ych, maski superbohater\u00f3w do wydrukowania, prezent dla 1 latka, ju\u017c blisko kol\u0119da tekst, zagadki na logik\u0119, bajki dla niemowl\u0105t, felix net i nika oraz gang niewidzialnych ludzi quiz, prezenty dla nastolatk\u00f3w, karty pracy dla uczni\u00f3w z ukrainy, cytaty o dziecku i mamie<\/p>\n<p>yyyyy<\/p>\n<p>&nbsp;<\/p>\n","protected":false},"excerpt":{"rendered":"<p>Koszulka T-shirt dla dzieciKoszulka wykonana 100% BAWE\u0141NYROZMIARY 1-16LATR\u00f3\u017cne Kolory &#8211; do wyboru 11kolor\u00f3wKoszulka Wykonana z bardzo dobrej jako\u015bci bawe\u0142ny o gramaturze 160-190g(PRODUKT POLSKI)PRODUCENT!!!!Koszulki produkowane i drukowane dopiero po zam\u00f3wieniu i wysy\u0142ane najpo\u017aniej do 24H.Nadruki tworzone metod\u0105 DTG (\u201cDirect To Garment\u201d czyli w t\u0142umaczeniu \u201cBezpo\u015brednio na materia\u0142\u201d) dzi\u0119ki najnowszemu sprz\u0119towi w tej dziedzinie, co daje nam [&hellip;]<\/p>\n","protected":false},"featured_media":2474,"comment_status":"closed","ping_status":"open","template":"","meta":[],"product_cat":[544,482],"product_tag":[827,861,588,592],"class_list":["post-2473","product","type-product","status-publish","has-post-thumbnail","hentry","product_cat-angry-birds","product_cat-gadzety","product_tag-bajki-dla-niemowlat","product_tag-jak-narysowac-psa","product_tag-wzruszajace-slowa-dla-przyjaciela","product_tag-zagadki-dla-dzieci"],"_links":{"self":[{"href":"http:\/\/klubmamgdynia.pl\/index.php\/wp-json\/wp\/v2\/product\/2473","targetHints":{"allow":["GET"]}}],"collection":[{"href":"http:\/\/klubmamgdynia.pl\/index.php\/wp-json\/wp\/v2\/product"}],"about":[{"href":"http:\/\/klubmamgdynia.pl\/index.php\/wp-json\/wp\/v2\/types\/product"}],"replies":[{"embeddable":true,"href":"http:\/\/klubmamgdynia.pl\/index.php\/wp-json\/wp\/v2\/comments?post=2473"}],"wp:featuredmedia":[{"embeddable":true,"href":"http:\/\/klubmamgdynia.pl\/index.php\/wp-json\/wp\/v2\/media\/2474"}],"wp:attachment":[{"href":"http:\/\/klubmamgdynia.pl\/index.php\/wp-json\/wp\/v2\/media?parent=2473"}],"wp:term":[{"taxonomy":"product_cat","embeddable":true,"href":"http:\/\/klubmamgdynia.pl\/index.php\/wp-json\/wp\/v2\/product_cat?post=2473"},{"taxonomy":"product_tag","embeddable":true,"href":"http:\/\/klubmamgdynia.pl\/index.php\/wp-json\/wp\/v2\/product_tag?post=2473"}],"curies":[{"name":"wp","href":"https:\/\/api.w.org\/{rel}","templated":true}]}}