{"id":2489,"date":"2014-02-09T10:58:29","date_gmt":"2014-02-09T09:58:29","guid":{"rendered":"http:\/\/klubmamgdynia.pl\/index.php\/produkt\/ferplast-rabbit-100-klatka-dla-krolika-szara\/"},"modified":"2026-05-17T20:59:36","modified_gmt":"2026-05-17T18:59:36","slug":"ferplast-rabbit-100-klatka-dla-krolika-szara","status":"publish","type":"product","link":"http:\/\/klubmamgdynia.pl\/index.php\/produkt\/ferplast-rabbit-100-klatka-dla-krolika-szara\/","title":{"rendered":"Ferplast Rabbit 100 Klatka Dla Kr\u00f3lika Szara"},"content":{"rendered":"<p>Idealna klatka dla kr\u00f3lik\u00f3w i \u015bwinek morskich. Ma g\u0142\u0119bokie plastikowe dno, na kt\u00f3rym umieszczona jest metalowa siatka. Siatka jest pokryta specjaln\u0105 farb\u0105 odporn\u0105 na korozj\u0119 i mo\u017ce by\u0107 ca\u0142kowicie podniesiona od strony przedniej, dla \u0142atwiejszego dost\u0119pu. U\u0142atwia to r\u00f3wnie\u017c codzienne czyszczenie. Zawiera wszystkie niezb\u0119dne akcesoria dla Twojego ma\u0142ego zwierzaka: pojemnik na siano, poid\u0142o, misk\u0119 do \u017cywno\u015bci i ma\u0142y domek do spania, wszystkie wykonane z tworzywa sztucznego.<\/p>\n<h2>Ferplast Rabbit 100 Klatka Dla Kr\u00f3lika Szara Ferplast<\/h2>\n<p>sentencje o rodzinie, prezent na roczek dla chlopca, podchwytliwe zagadki na inteligencj\u0119, prezenty dla nastolatk\u00f3w, nowe quizy do rozwi\u0105zania, kinderbal przepisy<\/p>\n<p>yyyyy<\/p>\n<p>&nbsp;<\/p>\n","protected":false},"excerpt":{"rendered":"<p>Idealna klatka dla kr\u00f3lik\u00f3w i \u015bwinek morskich. Ma g\u0142\u0119bokie plastikowe dno, na kt\u00f3rym umieszczona jest metalowa siatka. Siatka jest pokryta specjaln\u0105 farb\u0105 odporn\u0105 na korozj\u0119 i mo\u017ce by\u0107 ca\u0142kowicie podniesiona od strony przedniej, dla \u0142atwiejszego dost\u0119pu. U\u0142atwia to r\u00f3wnie\u017c codzienne czyszczenie. Zawiera wszystkie niezb\u0119dne akcesoria dla Twojego ma\u0142ego zwierzaka: pojemnik na siano, poid\u0142o, misk\u0119 do [&hellip;]<\/p>\n","protected":false},"featured_media":2490,"comment_status":"closed","ping_status":"open","template":"","meta":[],"product_cat":[906,887],"product_tag":[845,866,620,708,715],"class_list":["post-2489","product","type-product","status-publish","has-post-thumbnail","hentry","product_cat-ferplast","product_cat-klatki-dla-malych-zwierzat","product_tag-ach-spij-kochanie-tekst","product_tag-opis-do-zdjecia-dziecka-na-fb","product_tag-quiz-opowiesci-z-narnii","product_tag-zabawy-ruchowe-dla-dzieci","product_tag-zosia-samosia"],"_links":{"self":[{"href":"http:\/\/klubmamgdynia.pl\/index.php\/wp-json\/wp\/v2\/product\/2489","targetHints":{"allow":["GET"]}}],"collection":[{"href":"http:\/\/klubmamgdynia.pl\/index.php\/wp-json\/wp\/v2\/product"}],"about":[{"href":"http:\/\/klubmamgdynia.pl\/index.php\/wp-json\/wp\/v2\/types\/product"}],"replies":[{"embeddable":true,"href":"http:\/\/klubmamgdynia.pl\/index.php\/wp-json\/wp\/v2\/comments?post=2489"}],"wp:featuredmedia":[{"embeddable":true,"href":"http:\/\/klubmamgdynia.pl\/index.php\/wp-json\/wp\/v2\/media\/2490"}],"wp:attachment":[{"href":"http:\/\/klubmamgdynia.pl\/index.php\/wp-json\/wp\/v2\/media?parent=2489"}],"wp:term":[{"taxonomy":"product_cat","embeddable":true,"href":"http:\/\/klubmamgdynia.pl\/index.php\/wp-json\/wp\/v2\/product_cat?post=2489"},{"taxonomy":"product_tag","embeddable":true,"href":"http:\/\/klubmamgdynia.pl\/index.php\/wp-json\/wp\/v2\/product_tag?post=2489"}],"curies":[{"name":"wp","href":"https:\/\/api.w.org\/{rel}","templated":true}]}}