{"id":2523,"date":"2024-05-26T16:03:00","date_gmt":"2024-05-26T14:03:00","guid":{"rendered":"http:\/\/klubmamgdynia.pl\/?post_type=product&#038;p=2523"},"modified":"2026-04-05T20:46:39","modified_gmt":"2026-04-05T18:46:39","slug":"steambow-onyx-air-powered-kusza-refleksyjna-330-fps","status":"publish","type":"product","link":"http:\/\/klubmamgdynia.pl\/index.php\/produkt\/steambow-onyx-air-powered-kusza-refleksyjna-330-fps\/","title":{"rendered":"Steambow Onyx air powered Kusza refleksyjna 330 Fps"},"content":{"rendered":"<p>Steambow OnyxWysokowydajna kusza refleksyjna z innowacyjn\u0105 technologi\u0105 \u2013 naci\u0105ganiem pneumatycznym. Unikalne urz\u0105dzenie naci\u0105gania ze \u017ar\u00f3d\u0142em spr\u0119\u017conego powietrza lub nabojem o zawarto\u015bci 88 g CO2. Taktyczny wygl\u0105d AR-15, wszystkie typowe cechy Steambow oraz doskona\u0142e po\u0142\u0105czenie szybkiego cyklu strzelania z du\u017c\u0105 sil\u0105 ognia. Dzi\u0119ki akcesoriom AR-15 mo\u017cna kusz\u0119 \u0142atwo indywidualnie skonfigurowa\u0107.Zalety jednostki pneumatycznej Steambow OnyxNIEZAST\u0104PIONE DLA TRANSPORTU Dzi\u0119ki szybkiej z\u0142\u0105czce mo\u017cna ramiona szybko z\u0142o\u017cy\u0107 i roz\u0142o\u017cy\u0107 w ci\u0105gu kilku sekund. Kusza b\u0119dzie wtedy wystarczaj\u0105co w\u0105ska, aby z \u0142atwo\u015bci\u0105 zmie\u015bci\u0142a si\u0119 w futerale.SZYBKIE STRZELANIE Ci\u0119ciw\u0119 mo\u017cna bez wysi\u0142ku zamocowa\u0107 do bezpiecznika, nast\u0119pnie w\u0142o\u017cy\u0107 kolejny be\u0142t i steambow jest przygotowany do ponownego strzelania.GOTOWY DO U\u017bYCIA I PRZECHOWYWANIASteambow mo\u017ce by\u0107 bez ryzyka magazynowany i transportowany razem z w\u0142o\u017conym be\u0142tem. Dzi\u0119ki dost\u0119pnym opcjonalnym jednorazowym nabojom o zawarto\u015bci 88 g CO2 lub butlom ci\u015bnieniowym mo\u017ce by\u0107 nasadka przygotowana do u\u017cycia w ci\u0105gu kilka sekund, nawet po latach magazynowania.WYMIANA CI\u0118CIWY BEZ U\u017bYCIA NARZ\u0118DI Ramiona zwyklej kuszy s\u0105 zawsze pod ogromnym napi\u0119ciem. Bez u\u017cycia specjalnych narz\u0119dzi nie mo\u017cna ci\u0119ciwy zdemontowa\u0107. Ze Steambow nie potrzebujesz \u017cadnych narz\u0119dzi do wymiany ci\u0119ciwy!NAJLEPSZE OPRACOWANIE Wykonane z wysokiej jako\u015bci stop\u00f3w aluminium na najnowocze\u015bniejszych maszynach CNC. Wszystkie powierzchnie s\u0105 anodowane i maj\u0105 niski wsp\u00f3\u0142czynnik odbicia, co gwarantuje wysok\u0105 wydajno\u015b\u0107 i d\u0142ug\u0105 \u017cywotno\u015b\u0107.CICHE NACI\u0104GNI\u0118CIEPrawie bezg\u0142o\u015bne ramiona s\u0105 w ci\u0105gu jednej sekundy naci\u0105gni\u0119te. Gdy s\u0105 po wystrzale ponownie lu\u017ane, uchodz\u0105ce powietrze wydaje tylko s\u0142aby d\u017awi\u0119k.WI\u0118CEJ BEZPIECZE\u0143STWAStrzelec decyduje, kiedy chce naci\u0105gn\u0105\u0107 ramiona \u2013 najlepiej tu\u017c przed wydaniem strza\u0142u. Pozwala to unikn\u0105\u0107 wielu niebezpiecznym sytuacjom.WSZECHSTRONNO\u015a\u0106Dzi\u0119ki automatycznemu procesowi naci\u0105gania mo\u017cliwe jest bezproblemowe naci\u0105ganie kuszy w dowolnej pozycji, nawet w w\u0105skich ambonach.TRZY POZYCJE STEAMBOW ONYX Steambow ONYX przygotowany do transportuRamiona s\u0105 z\u0142o\u017cone, aby zaoszcz\u0119dzi\u0107 miejsce. Steambow \u0142atwo mie\u015bci si\u0119 w torbie lub mo\u017cna go nosi\u0107 za pomoc\u0105 paska na ramieniu.Steambow ONYX nie jest naci\u0105gni\u0119tyCi\u0119ciw\u0119 mo\u017cna \u0142atwo przymocowa\u0107 do bezpiecznika, poniewa\u017c ramiona nie s\u0105 naci\u0105gni\u0119te. W takiej pozycji jest Steambow ca\u0142kowicie bezpieczny, poniewa\u017c w ramionach nie ma energii.Steambow ONYX jest szybko naci\u0105gni\u0119tyPo naci\u015bni\u0119ciu przycisku na g\u0142\u00f3wnym zaworze Steambow ONYX bezg\u0142o\u015bnie rozci\u0105gnie si\u0119 i jest gotowy do strzelania.D\u0141U\u017bSZA \u017bYWOTNO\u015a\u0106Normalna kusza ma ramiona zawsze naci\u0105gni\u0119te, dlatego mog\u0105 z czasem straci\u0107 sil\u0119, zw\u0142aszcza gdy jest bardzo gor\u0105co. Poniewa\u017c ramiona przymocowane do Steambow nie s\u0105 naci\u0105gni\u0119te, ryzyko to jest wykluczone!ZAWSZE GOTOWY DO U\u017bYCIANawet kiedy jest butelka na spr\u0119\u017cone powietrze pusta lub nie jest do dyspozycji kompresor, ew. inny \u015brodek do nape\u0142nienia i zosta\u0142 zu\u017cyty tak\u017ce ostatni nab\u00f3j CO2 \u2013 l\u0119czysko mo\u017cna naci\u0105ga\u0107 r\u0119cznie za pomoc\u0105 liny napinaj\u0105cej (napinacza). W przypadku, \u017ce chcesz wykorzysta\u0107 nab\u00f3j o zawarto\u015bci 88 g CO2 b\u0119dzie ci potrzebny r\u00f3wnie\u017c nasz adapter Steambow CO2.Austriacki producent w\u0142o\u017cy\u0142 wszystkie swoje do\u015bwiadczenia do Steambow Onyx i stworzy\u0142 wyj\u0105tkow\u0105 kusz\u0119 o niepowtarzalnym wygl\u0105dzie taktycznym.Z now\u0105 jednostk\u0105 PowerUnit, w zasadzie ca\u0142kowicie bezg\u0142o\u015bn\u0105, mo\u017cesz natychmiast naci\u0105ga\u0107 pot\u0119\u017cne ramiona (\u0142\u0119czysko). Dzi\u0119ki kompatybilnym AR-15 akcesoriom mo\u017cesz ulepszy\u0107 swoj\u0105 kusz\u0119 wed\u0142ug w\u0142asnych upodoba\u0144. Dzi\u0119ki modelowi Onyx, tak samo jak w przypadku innych kuszy nap\u0119dzanych powietrzem z produkcji Steambow, mo\u017cna z\u0142o\u017cy\u0107 ramiona w ci\u0105gu kilka sekund. Oczywi\u015bcie, tak samo jak i wszystkie produkty tego producenta, kusza ta jest wyj\u0105tkowo dok\u0142adna. Kusza zosta\u0142a zaprojektowana w celu umo\u017cliwienia szybkiego strzelania oraz cz\u0119stego naci\u0105gania przy u\u017cyciu jednego zbiornika HPA.Producent wybra\u0142 wi\u0119c stosunkowo du\u017c\u0105 sil\u0119 naci\u0105gania, osi\u0105gaj\u0105c w ten spos\u00f3b du\u017c\u0105 pr\u0119dko\u015b\u0107 wylotow\u0105 be\u0142tu.<\/p>\n<h2>Steambow Onyx air powered Kusza refleksyjna 330 Fps <\/h2>\n<p>zagadki rymowanki dla dzieci, kolorowanki na andrzejki do wydruku, kolorowanki kotki, atrakcje warszawa dla dzieci, zabawy dla 7 latka, ma\u0142y ksi\u0105\u017ce cytaty, cytaty o mamie, w\u0142ochy, izabela imie, pierniki na bo\u017ce narodzenie, akademia pana kleksa &#8211; test z odpowiedziami do druku, quiz o dinozaurach, jaki prezent na roczek, imi\u0119 r\u00f3\u017ca, zagadka nie do rozwi\u0105zania, \u0142amig\u0142\u00f3wki dla dzieci, zagadki dla sze\u015bciolatk\u00f3w<\/p>\n<p>yyyyy<\/p>\n<p>&nbsp;<\/p>\n","protected":false},"excerpt":{"rendered":"<p>Steambow OnyxWysokowydajna kusza refleksyjna z innowacyjn\u0105 technologi\u0105 \u2013 naci\u0105ganiem pneumatycznym. Unikalne urz\u0105dzenie naci\u0105gania ze \u017ar\u00f3d\u0142em spr\u0119\u017conego powietrza lub nabojem o zawarto\u015bci 88 g CO2. Taktyczny wygl\u0105d AR-15, wszystkie typowe cechy Steambow oraz doskona\u0142e po\u0142\u0105czenie szybkiego cyklu strzelania z du\u017c\u0105 sil\u0105 ognia. Dzi\u0119ki akcesoriom AR-15 mo\u017cna kusz\u0119 \u0142atwo indywidualnie skonfigurowa\u0107.Zalety jednostki pneumatycznej Steambow OnyxNIEZAST\u0104PIONE DLA TRANSPORTU [&hellip;]<\/p>\n","protected":false},"featured_media":2524,"comment_status":"closed","ping_status":"open","template":"","meta":[],"product_cat":[919,920],"product_tag":[817,674,815,591],"class_list":["post-2523","product","type-product","status-publish","has-post-thumbnail","hentry","product_cat-luki","product_cat-proce-i-akcesoria","product_tag-bajka-terapeutyczna-o-emocjach","product_tag-miasto-dzieci","product_tag-ozdoby-choinkowe-dla-dzieci","product_tag-quiz-o-minecraft"],"_links":{"self":[{"href":"http:\/\/klubmamgdynia.pl\/index.php\/wp-json\/wp\/v2\/product\/2523","targetHints":{"allow":["GET"]}}],"collection":[{"href":"http:\/\/klubmamgdynia.pl\/index.php\/wp-json\/wp\/v2\/product"}],"about":[{"href":"http:\/\/klubmamgdynia.pl\/index.php\/wp-json\/wp\/v2\/types\/product"}],"replies":[{"embeddable":true,"href":"http:\/\/klubmamgdynia.pl\/index.php\/wp-json\/wp\/v2\/comments?post=2523"}],"wp:featuredmedia":[{"embeddable":true,"href":"http:\/\/klubmamgdynia.pl\/index.php\/wp-json\/wp\/v2\/media\/2524"}],"wp:attachment":[{"href":"http:\/\/klubmamgdynia.pl\/index.php\/wp-json\/wp\/v2\/media?parent=2523"}],"wp:term":[{"taxonomy":"product_cat","embeddable":true,"href":"http:\/\/klubmamgdynia.pl\/index.php\/wp-json\/wp\/v2\/product_cat?post=2523"},{"taxonomy":"product_tag","embeddable":true,"href":"http:\/\/klubmamgdynia.pl\/index.php\/wp-json\/wp\/v2\/product_tag?post=2523"}],"curies":[{"name":"wp","href":"https:\/\/api.w.org\/{rel}","templated":true}]}}