{"id":2529,"date":"2022-11-19T20:16:20","date_gmt":"2022-11-19T19:16:20","guid":{"rendered":"http:\/\/klubmamgdynia.pl\/?post_type=product&#038;p=2529"},"modified":"2026-04-05T20:01:04","modified_gmt":"2026-04-05T18:01:04","slug":"fiki-miki-poduszka-klin-40-40-cm-2","status":"publish","type":"product","link":"http:\/\/klubmamgdynia.pl\/index.php\/produkt\/fiki-miki-poduszka-klin-40-40-cm-2\/","title":{"rendered":"Fiki Miki Poduszka Klin 40\/40 Cm"},"content":{"rendered":"<h2>Fiki Miki Poduszka Klin 40\/40 Cm Fiki Miki<\/h2>\n<p>zabawka dla rocznej dziewczynki, kr\u00f3tkie bajki do czytania, cytat rodzina, felix net i nika oraz gang niewidzialnych ludzi test z odpowiedziami, piesek kolorowanka, zagadki logiczne dla dzieci 10 lat do druku, najrzadsze imiona w polsce, kolorowanka ninjago, henryk, piosenka na dzie\u0144 nauczyciela przedszkole, prezent dla jedenastolatki, krzy\u017c\u00f3wki dla dzieci do druku, wroc\u0142aw dla dzieci, znaczenie imiona monika, auto kolorowanka<\/p>\n<p>yyyyy<\/p>\n<p>&nbsp;<\/p>\n","protected":false},"excerpt":{"rendered":"<p>Fiki Miki Poduszka Klin 40\/40 Cm Fiki Miki zabawka dla rocznej dziewczynki, kr\u00f3tkie bajki do czytania, cytat rodzina, felix net i nika oraz gang niewidzialnych ludzi test z odpowiedziami, piesek kolorowanka, zagadki logiczne dla dzieci 10 lat do druku, najrzadsze imiona w polsce, kolorowanka ninjago, henryk, piosenka na dzie\u0144 nauczyciela przedszkole, prezent dla jedenastolatki, krzy\u017c\u00f3wki [&hellip;]<\/p>\n","protected":false},"featured_media":2530,"comment_status":"closed","ping_status":"open","template":"","meta":[],"product_cat":[568,495],"product_tag":[819,645,579,746],"class_list":["post-2529","product","type-product","status-publish","has-post-thumbnail","hentry","product_cat-fiki-miki","product_cat-koldry-i-poduszki-dla-dzieci","product_tag-co-kupic-nastolatce-na-swieta","product_tag-latwe-zagadki","product_tag-quiz-opowiesci-z-narnii-lew-czarownica-i-stara-szafa","product_tag-zagadki-typu-co-to-jest"],"_links":{"self":[{"href":"http:\/\/klubmamgdynia.pl\/index.php\/wp-json\/wp\/v2\/product\/2529","targetHints":{"allow":["GET"]}}],"collection":[{"href":"http:\/\/klubmamgdynia.pl\/index.php\/wp-json\/wp\/v2\/product"}],"about":[{"href":"http:\/\/klubmamgdynia.pl\/index.php\/wp-json\/wp\/v2\/types\/product"}],"replies":[{"embeddable":true,"href":"http:\/\/klubmamgdynia.pl\/index.php\/wp-json\/wp\/v2\/comments?post=2529"}],"wp:featuredmedia":[{"embeddable":true,"href":"http:\/\/klubmamgdynia.pl\/index.php\/wp-json\/wp\/v2\/media\/2530"}],"wp:attachment":[{"href":"http:\/\/klubmamgdynia.pl\/index.php\/wp-json\/wp\/v2\/media?parent=2529"}],"wp:term":[{"taxonomy":"product_cat","embeddable":true,"href":"http:\/\/klubmamgdynia.pl\/index.php\/wp-json\/wp\/v2\/product_cat?post=2529"},{"taxonomy":"product_tag","embeddable":true,"href":"http:\/\/klubmamgdynia.pl\/index.php\/wp-json\/wp\/v2\/product_tag?post=2529"}],"curies":[{"name":"wp","href":"https:\/\/api.w.org\/{rel}","templated":true}]}}