{"id":2531,"date":"2019-04-09T03:38:38","date_gmt":"2019-04-09T01:38:38","guid":{"rendered":"http:\/\/klubmamgdynia.pl\/index.php\/produkt\/tourador-x-wonder-van-195-70r15-104-102-s-c\/"},"modified":"2026-04-04T04:53:12","modified_gmt":"2026-04-04T02:53:12","slug":"tourador-x-wonder-van-195-70r15-104-102-s-c","status":"publish","type":"product","link":"http:\/\/klubmamgdynia.pl\/index.php\/produkt\/tourador-x-wonder-van-195-70r15-104-102-s-c\/","title":{"rendered":"Tourador X Wonder Van 195\/70R15 104\/102 S C"},"content":{"rendered":"<p>X Wonder Van<\/p>\n<h2>Tourador X Wonder Van 195\/70R15 104\/102 S C Tourador<\/h2>\n<p>rozalia imie, \u017carty na prima aprilis dla rodzic\u00f3w, \u017carty prima aprilis, jak namalowa\u0107 psa, szybkie zagadki matematyczne, oryginalny prezent na roczek dla dziewczynki, prezent dla dziecka na roczek, co na prezent dla 7 latki, zagadki logiczne matematyczne dla dzieci, park ujazdowski, prezent dla 14 letniej dziewczyny, pomys\u0142y na prezent dla nastolatki, opowiadanie o jesieni dla dzieci, test znaki drogowe, gry dla m\u0142odzie\u017cy, felix net i nika oraz gang niewidzialnych ludzi test z odpowiedziami<\/p>\n<p>yyyyy<\/p>\n<p>&nbsp;<\/p>\n","protected":false},"excerpt":{"rendered":"<p>X Wonder Van Tourador X Wonder Van 195\/70R15 104\/102 S C Tourador rozalia imie, \u017carty na prima aprilis dla rodzic\u00f3w, \u017carty prima aprilis, jak namalowa\u0107 psa, szybkie zagadki matematyczne, oryginalny prezent na roczek dla dziewczynki, prezent dla dziecka na roczek, co na prezent dla 7 latki, zagadki logiczne matematyczne dla dzieci, park ujazdowski, prezent dla [&hellip;]<\/p>\n","protected":false},"featured_media":2532,"comment_status":"closed","ping_status":"open","template":"","meta":[],"product_cat":[552,921],"product_tag":[686,680,758,585],"class_list":["post-2531","product","type-product","status-publish","has-post-thumbnail","hentry","product_cat-opony-dostawcze-letnie","product_cat-tourador","product_tag-co-na-roczek-dla-chlopca","product_tag-cytaty-z-malego-ksiecia","product_tag-julian","product_tag-kolorowanki-dla-chlopcow"],"_links":{"self":[{"href":"http:\/\/klubmamgdynia.pl\/index.php\/wp-json\/wp\/v2\/product\/2531","targetHints":{"allow":["GET"]}}],"collection":[{"href":"http:\/\/klubmamgdynia.pl\/index.php\/wp-json\/wp\/v2\/product"}],"about":[{"href":"http:\/\/klubmamgdynia.pl\/index.php\/wp-json\/wp\/v2\/types\/product"}],"replies":[{"embeddable":true,"href":"http:\/\/klubmamgdynia.pl\/index.php\/wp-json\/wp\/v2\/comments?post=2531"}],"wp:featuredmedia":[{"embeddable":true,"href":"http:\/\/klubmamgdynia.pl\/index.php\/wp-json\/wp\/v2\/media\/2532"}],"wp:attachment":[{"href":"http:\/\/klubmamgdynia.pl\/index.php\/wp-json\/wp\/v2\/media?parent=2531"}],"wp:term":[{"taxonomy":"product_cat","embeddable":true,"href":"http:\/\/klubmamgdynia.pl\/index.php\/wp-json\/wp\/v2\/product_cat?post=2531"},{"taxonomy":"product_tag","embeddable":true,"href":"http:\/\/klubmamgdynia.pl\/index.php\/wp-json\/wp\/v2\/product_tag?post=2531"}],"curies":[{"name":"wp","href":"https:\/\/api.w.org\/{rel}","templated":true}]}}