{"id":2537,"date":"2015-07-08T01:50:40","date_gmt":"2015-07-07T23:50:40","guid":{"rendered":"http:\/\/klubmamgdynia.pl\/index.php\/produkt\/hot-wheels-ciezarowka-z-samochodem-park-n-play-zestaw-bdw51-gbf17\/"},"modified":"2026-04-19T03:59:49","modified_gmt":"2026-04-19T01:59:49","slug":"hot-wheels-ciezarowka-z-samochodem-park-n-play-zestaw-bdw51-gbf17","status":"publish","type":"product","link":"http:\/\/klubmamgdynia.pl\/index.php\/produkt\/hot-wheels-ciezarowka-z-samochodem-park-n-play-zestaw-bdw51-gbf17\/","title":{"rendered":"Hot Wheels, ci\u0119\u017car\u00f3wka z samochodem Park 'N Play, zestaw, BDW51\/GBF17"},"content":{"rendered":"<p>Te fantastyczne zestawy zawieraj\u0105ce transporter Hot Wheels z samochodem zapewni\u0105 d\u0142ugie godziny inspiruj\u0105cej zabawy. Mo\u017cesz je\u017adzi\u0107, za\u0142adowywa\u0107 i przewozi\u0107 pojazdy lub rusza\u0107 na tor w poszukiwaniu rajdowych emocji! Ka\u017cdy bogato zdobiony transporter zawiera samoch\u00f3d rajdowy i gwarantuje mn\u00f3stwo ekscytuj\u0105cej zabawy.                            <\/p>\n<p>Do wyboru s\u0105 rozmaite transportery. Wybierz model dla siebie, za\u0142aduj na niego samoch\u00f3d i ruszaj ku fantastycznym nowym przygodom! \u00a0Sprzedawane oddzielnie w zale\u017cno\u015bci od dost\u0119pno\u015bci. Kolory i elementy dekoracyjne mog\u0105 si\u0119 r\u00f3\u017cni\u0107.                            <\/p>\n<p>                    Zbierz je wszystkie!<\/p>\n<p>            Hot Wheels Ci\u0119\u017car\u00f3wka + samoch\u00f3d Ast. BDW51 <\/p>\n<p>            Hot Wheels Ci\u0119\u017car\u00f3wka Rumble Road BDW53 BDW51<\/p>\n<p>            Hot Wheels Ci\u0119\u017car\u00f3wka Road Roller BDW54 BDW51<\/p>\n<p>            Hot Wheels ci\u0119\u017car\u00f3wka z samochodem BDW51 BDW55<\/p>\n<p>            Hot Wheels: Ci\u0119\u017car\u00f3wka Rumble Road Bdw51 Bdw56<\/p>\n<p>            Hot Wheels Ci\u0119\u017car\u00f3wka Road Rally BDW58 BDW51<\/p>\n<p>            Hot Wheels Ci\u0119\u017car\u00f3wka Rock n Race BDW59 BDW51<\/p>\n<p>            Hot Wheels Super Rigs ROCK N RACE BDW51 BDW62<\/p>\n<p>            Hot Wheels Super Rigs Drivin Wild BDW51 BDW63<\/p>\n<p>            Mattel Hot Wheels Ci\u0119\u017car\u00f3wka (Highway Blast Red) (Bdw51\/Cgc17)<\/p>\n<p>            Mattel Hot Wheels Ci\u0119\u017car\u00f3wka (Stell Power) (Bdw51\/Cgc18)<\/p>\n<p>            Hot Wheels Moto Desert Force BDW51 CGC23<\/p>\n<p>            Hot Wheels Ci\u0119\u017car\u00f3wka + Samoch\u00f3d Bdw51 Dkf82<\/p>\n<p>            Hot Wheels Ci\u0119\u017car\u00f3wka X Trayn Bdw51 Dkf83<\/p>\n<p>            Hot Wheels ci\u0119\u017car\u00f3wka z samochodem BDW51 DKF85<\/p>\n<p>            Hot Wheels Ci\u0119\u017car\u00f3wka + Samoch\u00f3d Pencil Pusher BDW51 DXB40<\/p>\n<p>            Hot Wheels Ci\u0119\u017car\u00f3wka Crew Carrier Bdw51 Dxb42<\/p>\n<p>            Hot Wheels Haulin Horsepower BDW51 DXB45<\/p>\n<p>            Hot Wheels Bank Roller BDW51 FKW87<\/p>\n<p>            Hot Wheels ci\u0119\u017car\u00f3wka z samochodem BDW51 FKW88<\/p>\n<p>            Hot Wheels Ci\u0119\u017car\u00f3wka Car Nival Steamer BDW51 FKW89<\/p>\n<p>            Hot Wheels &#8211; Ci\u0119\u017car\u00f3wka Car-Nival Steamer + samochodzik BDW51 FKW90<\/p>\n<p>            Hot Wheels ci\u0119\u017car\u00f3wka z samochodem BDW51 FKW91<\/p>\n<p>            Hot Wheels Ci\u0119\u017car\u00f3wka + Samoch\u00f3d Stuntin Semi Bdw51 Gbf13 <\/p>\n<p>            Hot Wheels Ci\u0119\u017car\u00f3wka + Autko GBF16 BDW51<\/p>\n<p>            Hot Wheels, ci\u0119\u017car\u00f3wka z samochodem Park N Play, zestaw, BDW51\/GBF17<\/p>\n<p>            Hot Wheels Ci\u0119\u017car\u00f3wka Tooned Up Bdw51 Gkc23 <\/p>\n<p>            Hot Wheels &#8211; Ci\u0119\u017car\u00f3wka Tooned Up &#8211; BDW51 GKC26<\/p>\n<p>            Hot Wheels Ci\u0119\u017car\u00f3wka + Samoch\u00f3d Fossil Freight BDW51 GKC28<\/p>\n<h2>Hot Wheels, ci\u0119\u017car\u00f3wka z samochodem Park N Play, zestaw, BDW51\/GBF17 Mattel<\/h2>\n<p>bajki do czytania online, opisy do zdj\u0119\u0107 z dzieckiem, park ujazdowski, lol surprise kolorowanki, kolorowanki do druku, zagadki o wiosnie, weso\u0142e pisanki tekst piosenki, place zabaw warszawa, quiz o flagach europy, \u015bwi\u0119ty przemys\u0142aw, zagadki na inteligencj\u0119, wulkan eksperyment, quiz online, cytat rodzina, kolorowanki do druku zwierz\u0119ta, trudne zagadki i odpowiedzi, mia i ja kolorowanki do druku, nadia imie, test dynastia mizio\u0142k\u00f3w, prezenty dla 16 latki, \u0142amig\u0142\u00f3wki dla 4 latka do druku<\/p>\n<p>yyyyy<\/p>\n<p>&nbsp;<\/p>\n","protected":false},"excerpt":{"rendered":"<p>Te fantastyczne zestawy zawieraj\u0105ce transporter Hot Wheels z samochodem zapewni\u0105 d\u0142ugie godziny inspiruj\u0105cej zabawy. Mo\u017cesz je\u017adzi\u0107, za\u0142adowywa\u0107 i przewozi\u0107 pojazdy lub rusza\u0107 na tor w poszukiwaniu rajdowych emocji! Ka\u017cdy bogato zdobiony transporter zawiera samoch\u00f3d rajdowy i gwarantuje mn\u00f3stwo ekscytuj\u0105cej zabawy. Do wyboru s\u0105 rozmaite transportery. Wybierz model dla siebie, za\u0142aduj na niego samoch\u00f3d i ruszaj [&hellip;]<\/p>\n","protected":false},"featured_media":2538,"comment_status":"closed","ping_status":"open","template":"","meta":[],"product_cat":[83,289],"product_tag":[650,808,697,821,639,785],"class_list":["post-2537","product","type-product","status-publish","has-post-thumbnail","hentry","product_cat-auta-i-inne-pojazdy-do-zabawy","product_cat-mattel","product_tag-choinka-z-bibuly","product_tag-imie-mia","product_tag-krotkie-bajki-do-czytania","product_tag-marianna","product_tag-nela-imie","product_tag-prezent-dla-nastolatkow"],"_links":{"self":[{"href":"http:\/\/klubmamgdynia.pl\/index.php\/wp-json\/wp\/v2\/product\/2537","targetHints":{"allow":["GET"]}}],"collection":[{"href":"http:\/\/klubmamgdynia.pl\/index.php\/wp-json\/wp\/v2\/product"}],"about":[{"href":"http:\/\/klubmamgdynia.pl\/index.php\/wp-json\/wp\/v2\/types\/product"}],"replies":[{"embeddable":true,"href":"http:\/\/klubmamgdynia.pl\/index.php\/wp-json\/wp\/v2\/comments?post=2537"}],"wp:featuredmedia":[{"embeddable":true,"href":"http:\/\/klubmamgdynia.pl\/index.php\/wp-json\/wp\/v2\/media\/2538"}],"wp:attachment":[{"href":"http:\/\/klubmamgdynia.pl\/index.php\/wp-json\/wp\/v2\/media?parent=2537"}],"wp:term":[{"taxonomy":"product_cat","embeddable":true,"href":"http:\/\/klubmamgdynia.pl\/index.php\/wp-json\/wp\/v2\/product_cat?post=2537"},{"taxonomy":"product_tag","embeddable":true,"href":"http:\/\/klubmamgdynia.pl\/index.php\/wp-json\/wp\/v2\/product_tag?post=2537"}],"curies":[{"name":"wp","href":"https:\/\/api.w.org\/{rel}","templated":true}]}}