{"id":2541,"date":"2022-05-10T08:46:26","date_gmt":"2022-05-10T06:46:26","guid":{"rendered":"http:\/\/klubmamgdynia.pl\/index.php\/produkt\/sinsay-kurtka-jeansowa-oversize-czarny\/"},"modified":"2026-04-05T20:18:01","modified_gmt":"2026-04-05T18:18:01","slug":"sinsay-kurtka-jeansowa-oversize-czarny","status":"publish","type":"product","link":"http:\/\/klubmamgdynia.pl\/index.php\/produkt\/sinsay-kurtka-jeansowa-oversize-czarny\/","title":{"rendered":"Sinsay &#8211; Kurtka jeansowa oversize &#8211; Czarny"},"content":{"rendered":"<p>Kurtka jeansowa oversize<\/p>\n<h2>Sinsay &#8211; Kurtka jeansowa oversize &#8211; Czarny Sinsay<\/h2>\n<p>quiz o ro\u015blinach, kolorowanki zwierz\u0119ta, \u017carty na prima aprilis w domu, co kupi\u0107 dziewczynce na roczek, kr\u00f3tkie zagadki dla dzieci<\/p>\n<p>yyyyy<\/p>\n<p>&nbsp;<\/p>\n","protected":false},"excerpt":{"rendered":"<p>Kurtka jeansowa oversize Sinsay &#8211; Kurtka jeansowa oversize &#8211; Czarny Sinsay quiz o ro\u015blinach, kolorowanki zwierz\u0119ta, \u017carty na prima aprilis w domu, co kupi\u0107 dziewczynce na roczek, kr\u00f3tkie zagadki dla dzieci yyyyy &nbsp;<\/p>\n","protected":false},"featured_media":2542,"comment_status":"closed","ping_status":"open","template":"","meta":[],"product_cat":[924,561],"product_tag":[802,690,692,715],"class_list":["post-2541","product","type-product","status-publish","has-post-thumbnail","hentry","product_cat-kurtki-damskie","product_cat-sinsay","product_tag-co-kupic-dziewczynce-na-roczek","product_tag-pieski-male-dwa-tekst","product_tag-prezenty-na-roczek","product_tag-zosia-samosia"],"_links":{"self":[{"href":"http:\/\/klubmamgdynia.pl\/index.php\/wp-json\/wp\/v2\/product\/2541","targetHints":{"allow":["GET"]}}],"collection":[{"href":"http:\/\/klubmamgdynia.pl\/index.php\/wp-json\/wp\/v2\/product"}],"about":[{"href":"http:\/\/klubmamgdynia.pl\/index.php\/wp-json\/wp\/v2\/types\/product"}],"replies":[{"embeddable":true,"href":"http:\/\/klubmamgdynia.pl\/index.php\/wp-json\/wp\/v2\/comments?post=2541"}],"wp:featuredmedia":[{"embeddable":true,"href":"http:\/\/klubmamgdynia.pl\/index.php\/wp-json\/wp\/v2\/media\/2542"}],"wp:attachment":[{"href":"http:\/\/klubmamgdynia.pl\/index.php\/wp-json\/wp\/v2\/media?parent=2541"}],"wp:term":[{"taxonomy":"product_cat","embeddable":true,"href":"http:\/\/klubmamgdynia.pl\/index.php\/wp-json\/wp\/v2\/product_cat?post=2541"},{"taxonomy":"product_tag","embeddable":true,"href":"http:\/\/klubmamgdynia.pl\/index.php\/wp-json\/wp\/v2\/product_tag?post=2541"}],"curies":[{"name":"wp","href":"https:\/\/api.w.org\/{rel}","templated":true}]}}