{"id":2555,"date":"2018-10-29T01:01:51","date_gmt":"2018-10-29T00:01:51","guid":{"rendered":"http:\/\/klubmamgdynia.pl\/index.php\/produkt\/mirage-wypukla-malowanka-dwupak-konie-angielski-bretonski\/"},"modified":"2026-05-17T22:24:38","modified_gmt":"2026-05-17T20:24:38","slug":"mirage-wypukla-malowanka-dwupak-konie-angielski-bretonski","status":"publish","type":"product","link":"http:\/\/klubmamgdynia.pl\/index.php\/produkt\/mirage-wypukla-malowanka-dwupak-konie-angielski-bretonski\/","title":{"rendered":"Mirage Wypuk\u0142a Malowanka Dwupak Konie Angielski-Breto\u0144ski"},"content":{"rendered":"<p>Wypuk\u0142a Malowanka od Mirage Hobby to Zestaw Kreatywny do malowania dla os\u00f3b powy\u017cej 5 roku \u017cycia. Zestaw zawiera 2x wypuk\u0142y, plastikowy, kszta\u0142tny obrazek 3D, 2x farbki akrylowe, 2x p\u0119dzelek oraz 2x ramk\u0119 z kartonu do postawienia lub powieszenia.Zmyj obrazek przy u\u017cyciu ciep\u0142ej wody, myd\u0142a i szczoteczki, najp\u00f3\u017aniej do 15 minut po pomalowaniu.Obrazek ma odpowiedni do wzoru wypuk\u0142y kszta\u0142t 3D, kt\u00f3ry jest dobrze odczuwalny w dotyku.Produkt jest wymy\u015blony i wyprodukowany w Polsce!Wszelkie prawa zastrze\u017cone.Ka\u017cda Wypuk\u0142a Malowanka to konkretny wz\u00f3r z danej serii.Kolekcja jest podzielona na r\u00f3\u017cne serie np. Koty, Psy, Konie, Futrzaki, Dinozaury, Jednoro\u017cce, Kwiaty, Sport, Bajki, Zoo, Las, Taniec i inne.Seria Wypuk\u0142a Malowanka Zestaw Kreatywny zosta\u0142a nagrodzona Wyr\u00f3\u017cnieniem Zabawka Roku 2018.Informacje o produkcieNr katalogowy61132Marka BrakObszar Do malowania\/dekorowaniaRodzaj Ozdoby do pokojuWymagania wiekowe od 5 latP\u0142e\u0107 Ch\u0142opcyDziewczynkiKolor Nie dotyczy<\/p>\n<h2>Mirage Wypuk\u0142a Malowanka Dwupak Konie Angielski-Breto\u0144ski Mirage<\/h2>\n<p>pomys\u0142 na prima aprilis, mapa europy do druku, quiz opowie\u015bci z narnii, kolorowanki pikachu, kolorowanki pokemon, najpi\u0119kniejsze cytaty o przyja\u017ani, nadia imi\u0119, prezent na roczek dla dziewczynki, buziak gify na dobranoc smieszne<\/p>\n<p>yyyyy<\/p>\n<p>&nbsp;<\/p>\n","protected":false},"excerpt":{"rendered":"<p>Wypuk\u0142a Malowanka od Mirage Hobby to Zestaw Kreatywny do malowania dla os\u00f3b powy\u017cej 5 roku \u017cycia. Zestaw zawiera 2x wypuk\u0142y, plastikowy, kszta\u0142tny obrazek 3D, 2x farbki akrylowe, 2x p\u0119dzelek oraz 2x ramk\u0119 z kartonu do postawienia lub powieszenia.Zmyj obrazek przy u\u017cyciu ciep\u0142ej wody, myd\u0142a i szczoteczki, najp\u00f3\u017aniej do 15 minut po pomalowaniu.Obrazek ma odpowiedni do [&hellip;]<\/p>\n","protected":false},"featured_media":2556,"comment_status":"closed","ping_status":"open","template":"","meta":[],"product_cat":[547,21],"product_tag":[754,719,652,590],"class_list":["post-2555","product","type-product","status-publish","has-post-thumbnail","hentry","product_cat-mirage","product_cat-zabawki-plastyczne","product_tag-dyplomy-do-wydrukowania-a4","product_tag-dziecko-cytaty-zlote-mysli","product_tag-otto","product_tag-plac-zabaw-warszawa"],"_links":{"self":[{"href":"http:\/\/klubmamgdynia.pl\/index.php\/wp-json\/wp\/v2\/product\/2555","targetHints":{"allow":["GET"]}}],"collection":[{"href":"http:\/\/klubmamgdynia.pl\/index.php\/wp-json\/wp\/v2\/product"}],"about":[{"href":"http:\/\/klubmamgdynia.pl\/index.php\/wp-json\/wp\/v2\/types\/product"}],"replies":[{"embeddable":true,"href":"http:\/\/klubmamgdynia.pl\/index.php\/wp-json\/wp\/v2\/comments?post=2555"}],"wp:featuredmedia":[{"embeddable":true,"href":"http:\/\/klubmamgdynia.pl\/index.php\/wp-json\/wp\/v2\/media\/2556"}],"wp:attachment":[{"href":"http:\/\/klubmamgdynia.pl\/index.php\/wp-json\/wp\/v2\/media?parent=2555"}],"wp:term":[{"taxonomy":"product_cat","embeddable":true,"href":"http:\/\/klubmamgdynia.pl\/index.php\/wp-json\/wp\/v2\/product_cat?post=2555"},{"taxonomy":"product_tag","embeddable":true,"href":"http:\/\/klubmamgdynia.pl\/index.php\/wp-json\/wp\/v2\/product_tag?post=2555"}],"curies":[{"name":"wp","href":"https:\/\/api.w.org\/{rel}","templated":true}]}}