{"id":257,"date":"2014-06-11T04:39:07","date_gmt":"2014-06-11T02:39:07","guid":{"rendered":"http:\/\/klubmamgdynia.pl\/index.php\/produkt\/artyk-zegar-sorter-niebieski-002861\/"},"modified":"2026-05-01T10:48:39","modified_gmt":"2026-05-01T08:48:39","slug":"artyk-zegar-sorter-niebieski-002861","status":"publish","type":"product","link":"http:\/\/klubmamgdynia.pl\/index.php\/produkt\/artyk-zegar-sorter-niebieski-002861\/","title":{"rendered":"Artyk Zegar Sorter Niebieski 002861"},"content":{"rendered":"<p>W ZESTAWIE:- SORTER W KSZTA\u0141CIE ZEGARA O \u015aR. 23 CM.- 10 KLOCK\u00d3W DO SORTERA W R\u00d3\u017bNYCH KSZTA\u0141TACH I KOLORACH- 15 KLOCK\u00d3W JUMBO- 4 K\u00d3\u0141KAWYM. SORTERA: 23 X 30 X 9 CMWIEK: 12 M+EAN: 8693461002861<\/p>\n<h2>Artyk Zegar Sorter Niebieski 002861 Marini<\/h2>\n<p>wakacyjne kolorowanki, miko\u0142ajek sprawdzian z lektury z odpowiedziami, tajemniczy ogr\u00f3d test z odpowiedziami, cicha noc po angielsku, zagadki matematyczne dla przedszkolak\u00f3w, zagadki dla dzieci, bajki o ksi\u0119\u017cniczkach do czytania, anio\u0142ki w niebie pisz\u0105, piosenka dla taty przedszkole, mini zoo dolno\u015bl\u0105skie, zagadki typu co to jest, laurka dla babci, fajne prezenty dla nastolatk\u00f3w, opisy o dziecku, wy\u015bcig but\u00f3w<\/p>\n<p>yyyyy<\/p>\n<p>&nbsp;<\/p>\n","protected":false},"excerpt":{"rendered":"<p>W ZESTAWIE:- SORTER W KSZTA\u0141CIE ZEGARA O \u015aR. 23 CM.- 10 KLOCK\u00d3W DO SORTERA W R\u00d3\u017bNYCH KSZTA\u0141TACH I KOLORACH- 15 KLOCK\u00d3W JUMBO- 4 K\u00d3\u0141KAWYM. SORTERA: 23 X 30 X 9 CMWIEK: 12 M+EAN: 8693461002861 Artyk Zegar Sorter Niebieski 002861 Marini wakacyjne kolorowanki, miko\u0142ajek sprawdzian z lektury z odpowiedziami, tajemniczy ogr\u00f3d test z odpowiedziami, cicha noc [&hellip;]<\/p>\n","protected":false},"featured_media":258,"comment_status":"closed","ping_status":"open","template":"","meta":[],"product_cat":[117,39],"product_tag":[650,673,807,856],"class_list":["post-257","product","type-product","status-publish","has-post-thumbnail","hentry","product_cat-marini","product_cat-zabawki-interaktywne","product_tag-choinka-z-bibuly","product_tag-juz-blisko-koleda-tekst","product_tag-logiczne-zagadki","product_tag-prezent-dla-16-latki"],"_links":{"self":[{"href":"http:\/\/klubmamgdynia.pl\/index.php\/wp-json\/wp\/v2\/product\/257","targetHints":{"allow":["GET"]}}],"collection":[{"href":"http:\/\/klubmamgdynia.pl\/index.php\/wp-json\/wp\/v2\/product"}],"about":[{"href":"http:\/\/klubmamgdynia.pl\/index.php\/wp-json\/wp\/v2\/types\/product"}],"replies":[{"embeddable":true,"href":"http:\/\/klubmamgdynia.pl\/index.php\/wp-json\/wp\/v2\/comments?post=257"}],"wp:featuredmedia":[{"embeddable":true,"href":"http:\/\/klubmamgdynia.pl\/index.php\/wp-json\/wp\/v2\/media\/258"}],"wp:attachment":[{"href":"http:\/\/klubmamgdynia.pl\/index.php\/wp-json\/wp\/v2\/media?parent=257"}],"wp:term":[{"taxonomy":"product_cat","embeddable":true,"href":"http:\/\/klubmamgdynia.pl\/index.php\/wp-json\/wp\/v2\/product_cat?post=257"},{"taxonomy":"product_tag","embeddable":true,"href":"http:\/\/klubmamgdynia.pl\/index.php\/wp-json\/wp\/v2\/product_tag?post=257"}],"curies":[{"name":"wp","href":"https:\/\/api.w.org\/{rel}","templated":true}]}}