{"id":2571,"date":"2017-08-03T05:37:13","date_gmt":"2017-08-03T03:37:13","guid":{"rendered":"http:\/\/klubmamgdynia.pl\/index.php\/produkt\/xblitz-evorei-razor-pro\/"},"modified":"2026-05-17T23:15:51","modified_gmt":"2026-05-17T21:15:51","slug":"xblitz-evorei-razor-pro","status":"publish","type":"product","link":"http:\/\/klubmamgdynia.pl\/index.php\/produkt\/xblitz-evorei-razor-pro\/","title":{"rendered":"Xblitz Evorei Razor Pro"},"content":{"rendered":"<p>Maszynka do strzy\u017cenia w\u0142os\u00f3w EVOREI RAZOR PROEvorei Razor PRO to wi\u0119cej, ni\u017c tylko maszynka do golenia. To prawdziwy zestaw, kt\u00f3rego nie powstydzi\u0142by si\u0119 najdro\u017cszy golibroda w mie\u015bcie. Zestaw nak\u0142adek grzebieniowych pozwala na dok\u0142adn\u0105 kontrol\u0119 d\u0142ugo\u015bci zarostu i jego stylizacj\u0119. Podstawka pozwala na \u0142atw\u0105 organizacj\u0119 wielu element\u00f3w zestawu.Dzi\u0119ki r\u00f3\u017cnorodnym g\u0142owicom do\u0142\u0105czonym do zestawu z maszynk\u0105, mo\u017cesz swoj\u0105 brod\u0119 przyci\u0105\u0107, wystylizowa\u0107, zgoli\u0107 do zera lub przerzedzi\u0107 a do tego usun\u0105\u0107 uporczywe w\u0142osy z nosa.Odkryj sw\u00f3j styl!Dzi\u0119ki zestawowi nak\u0142adek i g\u0142owic do maszynki bezprzewodowej Evorei Razor, mo\u017cesz eksperymentowa\u0107 do woli. Odkryj zarost, kt\u00f3ry najlepiej pasuje do Twojego stylu.Zosta\u0144 fryzjeremNie musisz ju\u017c odwiedza\u0107 fryzjera, by zapewni\u0107 sobie profesjonaln\u0105 stylizacj\u0119. Evorei Razor jest wyj\u0105tkowo prostym w obs\u0142udze urz\u0105dzeniem, kt\u00f3rego mo\u017cesz u\u017cywa\u0107 sam lub poprosi\u0107 kt\u00f3rego\u015b z Twoich domownik\u00f3w o pomoc. Zamie\u0144 w\u0142asn\u0105 \u0142azienk\u0119 w profesjonalny salon stylizacyjny. Aby uzyska\u0107 efekt modnie wystylizowanej fryzury, u\u017cywaj nasadek z wi\u0119kszymi d\u0142ugo\u015bciami gdy strzy\u017cesz g\u00f3r\u0119 g\u0142owy. Natomiast schodz\u0105c w d\u00f3\u0142 g\u0142owy wybieraj coraz kr\u00f3tsze nasadki.\u0141adowanie maszynki bezprzewodowej Evorei Razor PRO jest wyj\u0105tkowo \u0142atwe i wygodne. Po prostu umie\u015b\u0107 urz\u0105dzenie na podstawce \u0142aduj\u0105cej pod\u0142\u0105czonej do pr\u0105du i\u2026to tyle!Metalowa obudowa nadaje maszynce prawdziwie nowoczesnego wygl\u0105du, dzi\u0119ki czemu Evorei Razor PRO idealnie prezentuje si\u0119 przed lustrem, zar\u00f3wno w salonie fryzjerskim jak i w prywatnej \u0142azience.PE\u0141NY ZESTAWW zestawie z maszynk\u0105 Evorei RAZOR PRO do\u0142\u0105czono komplet nasadek, dzi\u0119ki kt\u00f3rym mo\u017cesz dok\u0142adnie wystylizowa\u0107 sw\u00f3j zarost.4 D\u0141UGO\u015aCIAby uzyska\u0107 efekt modnie wystylizowanej fryzury, u\u017cywaj nasadek z wi\u0119kszymi d\u0142ugo\u015bciami gdy strzy\u017cesz g\u00f3r\u0119 g\u0142owy. Natomiast schodz\u0105c w d\u00f3\u0142 g\u0142owy wybieraj coraz kr\u00f3tsze nasadki.Regulacja: 3, 6, 9, 12mm\u0141adowanie maszynki bezprzewodowej Evorei Razor PRO jest wyj\u0105tkowo \u0142atwe i wygodne. Po prostu umie\u015b\u0107 urz\u0105dzenie na podstawce \u0142aduj\u0105cej pod\u0142\u0105czonej do pr\u0105du i\u2026to tyle!Specyfikacja:Bateria: 2000MAh, Niklowo-Metalowo-WodorkowyPrzycisk ON\/OFF z lampk\u0105 LED: TakCzas \u0142adowania: 3 GodzinCzas pracy: Do 4 godzinZawarto\u015b\u0107 zestawu: Pe\u0142naWielofunkcyjno\u015b\u0107 4W1: Maszynki Do Strzy\u017cenia w czterech Rozmiarach, Golarka, TrymerDodatkowe g\u0142owice: Tak, 4 Rodzaje (G\u0142owica Z Ostrzem Do Strzy\u017cenia W\u0142os\u00f3w Lub Brody, G\u0142owica Do Dok\u0142adnego Przystrzygania, G\u0142owica Do Stylizacji,)Wymiary: 175x34x45mmNasadki: 3,6,9,12mmWaga: 226gRuchome ostrze ceramiczne<\/p>\n<h2>Xblitz Evorei Razor Pro XBLITZ<\/h2>\n<p>pomys\u0142 na prima aprilis, nauka zegara, prezenty dla nastolatki, ferie warszawa 2022, niech \u017cyj\u0105 wakacje tekst, henryk, ch\u0142opcy z placu broni &#8211; test z odpowiedziami, \u015bwinka peppa bajka do czytania, flagi pa\u0144stw quiz, prezent dla 1 latka, kolorowanki psi patrol, j\u0119zyk polski dla dzieci z ukrainy, szablon zaproszenia na urodziny do wydruku czarno bia\u0142e, cytaty o dziecku, zagadki dla przedszkolak\u00f3w, quiz psi patrol, lidia imie, dobre \u017carty na prima aprilis, kolorowanki pi\u0142karskie, miasto dzieci.pl<\/p>\n<p>yyyyy<\/p>\n<p>&nbsp;<\/p>\n","protected":false},"excerpt":{"rendered":"<p>Maszynka do strzy\u017cenia w\u0142os\u00f3w EVOREI RAZOR PROEvorei Razor PRO to wi\u0119cej, ni\u017c tylko maszynka do golenia. To prawdziwy zestaw, kt\u00f3rego nie powstydzi\u0142by si\u0119 najdro\u017cszy golibroda w mie\u015bcie. Zestaw nak\u0142adek grzebieniowych pozwala na dok\u0142adn\u0105 kontrol\u0119 d\u0142ugo\u015bci zarostu i jego stylizacj\u0119. Podstawka pozwala na \u0142atw\u0105 organizacj\u0119 wielu element\u00f3w zestawu.Dzi\u0119ki r\u00f3\u017cnorodnym g\u0142owicom do\u0142\u0105czonym do zestawu z maszynk\u0105, mo\u017cesz [&hellip;]<\/p>\n","protected":false},"featured_media":2572,"comment_status":"closed","ping_status":"open","template":"","meta":[],"product_cat":[931,896],"product_tag":[827,656,826,774],"class_list":["post-2571","product","type-product","status-publish","has-post-thumbnail","hentry","product_cat-maszynki-do-strzyzenia","product_cat-xblitz","product_tag-bajki-dla-niemowlat","product_tag-kolorowanki-lol","product_tag-prezent-dla-15-latka","product_tag-prezent-na-roczek-nie-zabawka"],"_links":{"self":[{"href":"http:\/\/klubmamgdynia.pl\/index.php\/wp-json\/wp\/v2\/product\/2571","targetHints":{"allow":["GET"]}}],"collection":[{"href":"http:\/\/klubmamgdynia.pl\/index.php\/wp-json\/wp\/v2\/product"}],"about":[{"href":"http:\/\/klubmamgdynia.pl\/index.php\/wp-json\/wp\/v2\/types\/product"}],"replies":[{"embeddable":true,"href":"http:\/\/klubmamgdynia.pl\/index.php\/wp-json\/wp\/v2\/comments?post=2571"}],"wp:featuredmedia":[{"embeddable":true,"href":"http:\/\/klubmamgdynia.pl\/index.php\/wp-json\/wp\/v2\/media\/2572"}],"wp:attachment":[{"href":"http:\/\/klubmamgdynia.pl\/index.php\/wp-json\/wp\/v2\/media?parent=2571"}],"wp:term":[{"taxonomy":"product_cat","embeddable":true,"href":"http:\/\/klubmamgdynia.pl\/index.php\/wp-json\/wp\/v2\/product_cat?post=2571"},{"taxonomy":"product_tag","embeddable":true,"href":"http:\/\/klubmamgdynia.pl\/index.php\/wp-json\/wp\/v2\/product_tag?post=2571"}],"curies":[{"name":"wp","href":"https:\/\/api.w.org\/{rel}","templated":true}]}}