{"id":2611,"date":"2015-02-16T17:32:18","date_gmt":"2015-02-16T16:32:18","guid":{"rendered":"http:\/\/klubmamgdynia.pl\/index.php\/produkt\/jellycat-amuseable-choinka-swierk-43x23cm\/"},"modified":"2026-05-17T23:38:53","modified_gmt":"2026-05-17T21:38:53","slug":"jellycat-amuseable-choinka-swierk-43x23cm","status":"publish","type":"product","link":"http:\/\/klubmamgdynia.pl\/index.php\/produkt\/jellycat-amuseable-choinka-swierk-43x23cm\/","title":{"rendered":"Jellycat Amuseable Choinka \u015awierk 43X23Cm"},"content":{"rendered":"<p>Amuseable Choinka &amp;347;wierk Wymiary: 43x23cmPrzetestowany zgodnie z europejsk&amp;261; norm&amp;261; bezpiecze&amp;324;stwazabawek: EN71 cz&amp;281;&amp;347;ci 1, 2 i 3, dla wszystkich grup wiekowych.Pra&amp;263; tylko r&amp;281;cznieProducent: Jellycat<\/p>\n<h2>Jellycat Amuseable Choinka \u015awierk 43X23Cm Jellycat<\/h2>\n<p>rzadkie imiona \u017ce\u0144skie, bajeczki na dobranoc, imi\u0119 iwo, prezent na 1 urodziny dla ch\u0142opca, kolysanki tekst, prima aprilis pomys\u0142y, quizy za darmo, radiowe nuty niech zyja wakacje, skye kolorowanka, zagadki na myslenie, tabliczka mno\u017cenia kolorowanki do wydruku, izabela imie<\/p>\n<p>yyyyy<\/p>\n<p>&nbsp;<\/p>\n","protected":false},"excerpt":{"rendered":"<p>Amuseable Choinka &amp;347;wierk Wymiary: 43x23cmPrzetestowany zgodnie z europejsk&amp;261; norm&amp;261; bezpiecze&amp;324;stwazabawek: EN71 cz&amp;281;&amp;347;ci 1, 2 i 3, dla wszystkich grup wiekowych.Pra&amp;263; tylko r&amp;281;cznieProducent: Jellycat Jellycat Amuseable Choinka \u015awierk 43X23Cm Jellycat rzadkie imiona \u017ce\u0144skie, bajeczki na dobranoc, imi\u0119 iwo, prezent na 1 urodziny dla ch\u0142opca, kolysanki tekst, prima aprilis pomys\u0142y, quizy za darmo, radiowe nuty niech zyja [&hellip;]<\/p>\n","protected":false},"featured_media":2612,"comment_status":"closed","ping_status":"open","template":"","meta":[],"product_cat":[46,42],"product_tag":[666,802,644,786,647],"class_list":["post-2611","product","type-product","status-publish","has-post-thumbnail","hentry","product_cat-jellycat","product_cat-maskotki","product_tag-afrykanskie-imiona","product_tag-co-kupic-dziewczynce-na-roczek","product_tag-mia","product_tag-prezent-na-1-urodziny","product_tag-warszawa-z-dzieckiem"],"_links":{"self":[{"href":"http:\/\/klubmamgdynia.pl\/index.php\/wp-json\/wp\/v2\/product\/2611","targetHints":{"allow":["GET"]}}],"collection":[{"href":"http:\/\/klubmamgdynia.pl\/index.php\/wp-json\/wp\/v2\/product"}],"about":[{"href":"http:\/\/klubmamgdynia.pl\/index.php\/wp-json\/wp\/v2\/types\/product"}],"replies":[{"embeddable":true,"href":"http:\/\/klubmamgdynia.pl\/index.php\/wp-json\/wp\/v2\/comments?post=2611"}],"wp:featuredmedia":[{"embeddable":true,"href":"http:\/\/klubmamgdynia.pl\/index.php\/wp-json\/wp\/v2\/media\/2612"}],"wp:attachment":[{"href":"http:\/\/klubmamgdynia.pl\/index.php\/wp-json\/wp\/v2\/media?parent=2611"}],"wp:term":[{"taxonomy":"product_cat","embeddable":true,"href":"http:\/\/klubmamgdynia.pl\/index.php\/wp-json\/wp\/v2\/product_cat?post=2611"},{"taxonomy":"product_tag","embeddable":true,"href":"http:\/\/klubmamgdynia.pl\/index.php\/wp-json\/wp\/v2\/product_tag?post=2611"}],"curies":[{"name":"wp","href":"https:\/\/api.w.org\/{rel}","templated":true}]}}