{"id":2613,"date":"2014-11-04T03:19:58","date_gmt":"2014-11-04T02:19:58","guid":{"rendered":"http:\/\/klubmamgdynia.pl\/index.php\/produkt\/komplet-niemowlecy-medical-kolderka-i-poduszka-z-ramka-90x12040x60\/"},"modified":"2026-05-17T22:31:47","modified_gmt":"2026-05-17T20:31:47","slug":"komplet-niemowlecy-medical-kolderka-i-poduszka-z-ramka-90x12040x60","status":"publish","type":"product","link":"http:\/\/klubmamgdynia.pl\/index.php\/produkt\/komplet-niemowlecy-medical-kolderka-i-poduszka-z-ramka-90x12040x60\/","title":{"rendered":"Komplet Niemowl\u0119cy Medical Ko\u0142derka I Poduszka Z Ramk\u0105 90X120+40X60"},"content":{"rendered":"<p>Medical to linia produkt\u00f3w, kt\u00f3ra doskonale spe\u0142nianajwy\u017csze wymagania jako\u015b i u\u017cytkowe. Pranie w wysokichtemperaturach eliminuje szkodliwe dla cz\u0142owieka drobnoustroje. Jest zatemidealna dla os\u00f3b ze sk\u0142onno\u015bciami alergicznymi. Medical jest szczeg\u00f3lnie trwa\u0142yi odporny na d\u0142ugi okres u\u017cytkowania. Temperatura prania: 95\u00b0C Sk\u0142ad tkaniny: 52%poliester, 48% bawe\u0142na Kolory: bia\u0142y Wype\u0142nienie poduszek: 100%poliester Amball\u00ae (kulki poliestrowe) W\u0142a\u015bciwo\u015bci wype\u0142nienia: kulki poliestrowe Amball\u00ae,dor\u00f3wnuj\u0105ce pod wzgl\u0119dem lekko\u015bci, mi\u0119kko\u015bci i spr\u0119\u017cysto\u015bci naturalnemupuchowi. Posiadaj\u0105 w\u0142a\u015bciwo\u015bci antyalergiczne oraz przeciwdzia\u0142aj\u0105 osadzaniusi\u0119 roztoczy kurzu. Dobrze przepuszczaj\u0105 powietrze, a podczas u\u017cytkowania niezbijaj\u0105 si\u0119. Wype\u0142nienie ko\u0142der: 100%Poliester silikonowany Hollow. W\u0142a\u015bciwo\u015bci wype\u0142nienia: w\u0142\u00f3kna poliestrowe Hollow, termicznie skr\u0119cane,posiadaj\u0105ce spiralny kszta\u0142t i wysok\u0105 spr\u0119\u017cysto\u015b\u0107. Zapewniaj\u0105 doskona\u0142\u0105izolacj\u0119 ciepln\u0105 i puszysto\u015b\u0107. Sprawiaj\u0105, \u017ce ludzkie cia\u0142o podczas snu oddycha.Przeciwdzia\u0142aj\u0105 osadzaniu si\u0119 kurzu. Charakteryzuj\u0105 si\u0119 w\u0142a\u015bciwo\u015bciamiantyalergicznymi.Wyr\u00f3b medyczny \u2013 PL\/CA01 04605\/WWyr\u00f3b antyalergiczny z opini\u0105 kliniczn\u0105.Wyr\u00f3b Posiada Certyfikat OEKO TEX STANDARD 100- KlasaProdukt\u00f3w I<\/p>\n<h2>Komplet Niemowl\u0119cy Medical Ko\u0142derka I Poduszka Z Ramk\u0105 90X120+40X60 Medical<\/h2>\n<p>prezent dla nastolatka, bajki dla niemowl\u0105t, prezenty na roczek, asiunia pytania do lektury, kiekrz, cytat o przyja\u017ani, menu urodzinowe dla dzieci w wieku 8 10 lat<\/p>\n<p>yyyyy<\/p>\n<p>&nbsp;<\/p>\n","protected":false},"excerpt":{"rendered":"<p>Medical to linia produkt\u00f3w, kt\u00f3ra doskonale spe\u0142nianajwy\u017csze wymagania jako\u015b i u\u017cytkowe. Pranie w wysokichtemperaturach eliminuje szkodliwe dla cz\u0142owieka drobnoustroje. Jest zatemidealna dla os\u00f3b ze sk\u0142onno\u015bciami alergicznymi. Medical jest szczeg\u00f3lnie trwa\u0142yi odporny na d\u0142ugi okres u\u017cytkowania. Temperatura prania: 95\u00b0C Sk\u0142ad tkaniny: 52%poliester, 48% bawe\u0142na Kolory: bia\u0142y Wype\u0142nienie poduszek: 100%poliester Amball\u00ae (kulki poliestrowe) W\u0142a\u015bciwo\u015bci wype\u0142nienia: kulki poliestrowe [&hellip;]<\/p>\n","protected":false},"featured_media":2614,"comment_status":"closed","ping_status":"open","template":"","meta":[],"product_cat":[495,944],"product_tag":[610,617,583,587,708],"class_list":["post-2613","product","type-product","status-publish","has-post-thumbnail","hentry","product_cat-koldry-i-poduszki-dla-dzieci","product_cat-medical","product_tag-co-na-prezent-dla-nastolatkow","product_tag-keyword","product_tag-kolysanki-dla-dzieci-tekst","product_tag-skalne-miasto","product_tag-zabawy-ruchowe-dla-dzieci"],"_links":{"self":[{"href":"http:\/\/klubmamgdynia.pl\/index.php\/wp-json\/wp\/v2\/product\/2613","targetHints":{"allow":["GET"]}}],"collection":[{"href":"http:\/\/klubmamgdynia.pl\/index.php\/wp-json\/wp\/v2\/product"}],"about":[{"href":"http:\/\/klubmamgdynia.pl\/index.php\/wp-json\/wp\/v2\/types\/product"}],"replies":[{"embeddable":true,"href":"http:\/\/klubmamgdynia.pl\/index.php\/wp-json\/wp\/v2\/comments?post=2613"}],"wp:featuredmedia":[{"embeddable":true,"href":"http:\/\/klubmamgdynia.pl\/index.php\/wp-json\/wp\/v2\/media\/2614"}],"wp:attachment":[{"href":"http:\/\/klubmamgdynia.pl\/index.php\/wp-json\/wp\/v2\/media?parent=2613"}],"wp:term":[{"taxonomy":"product_cat","embeddable":true,"href":"http:\/\/klubmamgdynia.pl\/index.php\/wp-json\/wp\/v2\/product_cat?post=2613"},{"taxonomy":"product_tag","embeddable":true,"href":"http:\/\/klubmamgdynia.pl\/index.php\/wp-json\/wp\/v2\/product_tag?post=2613"}],"curies":[{"name":"wp","href":"https:\/\/api.w.org\/{rel}","templated":true}]}}