{"id":2619,"date":"2012-05-30T16:23:18","date_gmt":"2012-05-30T14:23:18","guid":{"rendered":"http:\/\/klubmamgdynia.pl\/index.php\/produkt\/bambini-lalka-na-reke-bear\/"},"modified":"2026-04-04T05:22:22","modified_gmt":"2026-04-04T03:22:22","slug":"bambini-lalka-na-reke-bear","status":"publish","type":"product","link":"http:\/\/klubmamgdynia.pl\/index.php\/produkt\/bambini-lalka-na-reke-bear\/","title":{"rendered":"Bambini Lalka Na R\u0119k\u0119 Bear"},"content":{"rendered":"<p>Szczeg\u00f3\u0142y produktu: Wiek: od 0 miesi\u0119cy kolor: br\u0105zowy Urocza lalka na r\u0119k\u0119 w \u015bwietnym Safari wygl\u0105dzie Lalka na r\u0119k\u0119 wykonana jest z mi\u0119kkiego materia\u0142u, dzi\u0119ki czemu jest wygodna w trzymaniu Lalka jest jednocze\u015bnie idealnym opowiadaczem historii, pomocnikiem w zasypianiu i przyjacielem do przytulania. Wymiary i waga: Wymiary po z\u0142o\u017ceniu (d\u0142ugo\u015b\u0107 x szeroko\u015b\u0107 x wysoko\u015b\u0107): 21 x 12 x 25 cm Materia\u0142 i piel\u0119gnacja: Tylko pranie r\u0119czne W zestawie: BAMBINI Lalka na r\u0119k\u0119 Bear<\/p>\n<h2>Bambini Lalka Na R\u0119k\u0119 Bear Bambini<\/h2>\n<p>quizy o minecraft, test lew czarownica i stara szafa, przysz\u0142a zima bia\u0142a, quiz o usa, zagadki o psach, prezent dla 1 latka, cytat o dziecku, serce kolorowanka, imie pola, cytaty o dziecku i mamie<\/p>\n<p>yyyyy<\/p>\n<p>&nbsp;<\/p>\n","protected":false},"excerpt":{"rendered":"<p>Szczeg\u00f3\u0142y produktu: Wiek: od 0 miesi\u0119cy kolor: br\u0105zowy Urocza lalka na r\u0119k\u0119 w \u015bwietnym Safari wygl\u0105dzie Lalka na r\u0119k\u0119 wykonana jest z mi\u0119kkiego materia\u0142u, dzi\u0119ki czemu jest wygodna w trzymaniu Lalka jest jednocze\u015bnie idealnym opowiadaczem historii, pomocnikiem w zasypianiu i przyjacielem do przytulania. Wymiary i waga: Wymiary po z\u0142o\u017ceniu (d\u0142ugo\u015b\u0107 x szeroko\u015b\u0107 x wysoko\u015b\u0107): 21 [&hellip;]<\/p>\n","protected":false},"featured_media":2620,"comment_status":"closed","ping_status":"open","template":"","meta":[],"product_cat":[945,42],"product_tag":[747,821,582,599,805],"class_list":["post-2619","product","type-product","status-publish","has-post-thumbnail","hentry","product_cat-bambini","product_cat-maskotki","product_tag-malowanki-do-druku","product_tag-marianna","product_tag-nauka-pisania-literek-do-wydruku-pdf","product_tag-prezent-dla-nastolatkow-2021","product_tag-znaczenie-imienia-alan"],"_links":{"self":[{"href":"http:\/\/klubmamgdynia.pl\/index.php\/wp-json\/wp\/v2\/product\/2619","targetHints":{"allow":["GET"]}}],"collection":[{"href":"http:\/\/klubmamgdynia.pl\/index.php\/wp-json\/wp\/v2\/product"}],"about":[{"href":"http:\/\/klubmamgdynia.pl\/index.php\/wp-json\/wp\/v2\/types\/product"}],"replies":[{"embeddable":true,"href":"http:\/\/klubmamgdynia.pl\/index.php\/wp-json\/wp\/v2\/comments?post=2619"}],"wp:featuredmedia":[{"embeddable":true,"href":"http:\/\/klubmamgdynia.pl\/index.php\/wp-json\/wp\/v2\/media\/2620"}],"wp:attachment":[{"href":"http:\/\/klubmamgdynia.pl\/index.php\/wp-json\/wp\/v2\/media?parent=2619"}],"wp:term":[{"taxonomy":"product_cat","embeddable":true,"href":"http:\/\/klubmamgdynia.pl\/index.php\/wp-json\/wp\/v2\/product_cat?post=2619"},{"taxonomy":"product_tag","embeddable":true,"href":"http:\/\/klubmamgdynia.pl\/index.php\/wp-json\/wp\/v2\/product_tag?post=2619"}],"curies":[{"name":"wp","href":"https:\/\/api.w.org\/{rel}","templated":true}]}}