{"id":2629,"date":"2012-01-14T10:57:21","date_gmt":"2012-01-14T09:57:21","guid":{"rendered":"http:\/\/klubmamgdynia.pl\/index.php\/produkt\/maileg-castle-hall-zamek-hol-lacznik\/"},"modified":"2026-04-06T16:16:32","modified_gmt":"2026-04-06T14:16:32","slug":"maileg-castle-hall-zamek-hol-lacznik","status":"publish","type":"product","link":"http:\/\/klubmamgdynia.pl\/index.php\/produkt\/maileg-castle-hall-zamek-hol-lacznik\/","title":{"rendered":"Maileg Castle Hall Zamek Hol \u0141\u0105cznik"},"content":{"rendered":"<p>Castle Hall, Zamek hol &#8211; \u0142\u0105cznikWysoko\u015b\u0107 w cm: 25<\/p>\n<h2>Maileg Castle Hall Zamek Hol \u0141\u0105cznik Maileg<\/h2>\n<p>kolorowanka spongebob, bajki do czytania, serce kolorowanka, trudne zagadki wielkanocne, kolorowanka lego ninjago, transformers kolorowanka, jakie s\u0105 dary jesieni, daria imie, atrakcje dla nastolatk\u00f3w, kr\u00f3tkie zagadki, kolorowanka \u015bwinka peppa, kolorowanka super zings, atrakcje dla dzieci krak\u00f3w, karty pracy dla dzieci z ukrainy pdf<\/p>\n<p>yyyyy<\/p>\n<p>&nbsp;<\/p>\n","protected":false},"excerpt":{"rendered":"<p>Castle Hall, Zamek hol &#8211; \u0142\u0105cznikWysoko\u015b\u0107 w cm: 25 Maileg Castle Hall Zamek Hol \u0141\u0105cznik Maileg kolorowanka spongebob, bajki do czytania, serce kolorowanka, trudne zagadki wielkanocne, kolorowanka lego ninjago, transformers kolorowanka, jakie s\u0105 dary jesieni, daria imie, atrakcje dla nastolatk\u00f3w, kr\u00f3tkie zagadki, kolorowanka \u015bwinka peppa, kolorowanka super zings, atrakcje dla dzieci krak\u00f3w, karty pracy dla [&hellip;]<\/p>\n","protected":false},"featured_media":2630,"comment_status":"closed","ping_status":"open","template":"","meta":[],"product_cat":[172,947],"product_tag":[837,851,780,751,602,767],"class_list":["post-2629","product","type-product","status-publish","has-post-thumbnail","hentry","product_cat-akcesoria-dla-lalek","product_cat-maileg","product_tag-cicha-noc-po-angielsku","product_tag-jak-narysowac-kota","product_tag-krecik-bajka","product_tag-psi-patrol-kolorowanka","product_tag-quiz-o-zwierzetach-domowych","product_tag-zaproszenia-urodzinowe-do-druku"],"_links":{"self":[{"href":"http:\/\/klubmamgdynia.pl\/index.php\/wp-json\/wp\/v2\/product\/2629","targetHints":{"allow":["GET"]}}],"collection":[{"href":"http:\/\/klubmamgdynia.pl\/index.php\/wp-json\/wp\/v2\/product"}],"about":[{"href":"http:\/\/klubmamgdynia.pl\/index.php\/wp-json\/wp\/v2\/types\/product"}],"replies":[{"embeddable":true,"href":"http:\/\/klubmamgdynia.pl\/index.php\/wp-json\/wp\/v2\/comments?post=2629"}],"wp:featuredmedia":[{"embeddable":true,"href":"http:\/\/klubmamgdynia.pl\/index.php\/wp-json\/wp\/v2\/media\/2630"}],"wp:attachment":[{"href":"http:\/\/klubmamgdynia.pl\/index.php\/wp-json\/wp\/v2\/media?parent=2629"}],"wp:term":[{"taxonomy":"product_cat","embeddable":true,"href":"http:\/\/klubmamgdynia.pl\/index.php\/wp-json\/wp\/v2\/product_cat?post=2629"},{"taxonomy":"product_tag","embeddable":true,"href":"http:\/\/klubmamgdynia.pl\/index.php\/wp-json\/wp\/v2\/product_tag?post=2629"}],"curies":[{"name":"wp","href":"https:\/\/api.w.org\/{rel}","templated":true}]}}