{"id":2661,"date":"2017-09-01T20:01:33","date_gmt":"2017-09-01T18:01:33","guid":{"rendered":"http:\/\/klubmamgdynia.pl\/index.php\/produkt\/spin-master-kinetic-sand-color-purple-bag-6047184\/"},"modified":"2026-04-30T01:31:52","modified_gmt":"2026-04-29T23:31:52","slug":"spin-master-kinetic-sand-color-purple-bag-6047184","status":"publish","type":"product","link":"http:\/\/klubmamgdynia.pl\/index.php\/produkt\/spin-master-kinetic-sand-color-purple-bag-6047184\/","title":{"rendered":"Spin Master Kinetic Sand Color Purple Bag &#8211; 6047184"},"content":{"rendered":"<p>Zagniataj, formuj i tw\u00f3rz wszystko, co mo\u017cesz sobie wyobrazi\u0107 dzi\u0119ki kolorowemu piaskowi!Kinectic Sand to magiczny i hipnotyzuj\u0105cy piasek. Przep\u0142ynie pomi\u0119dzy palcami, ale nigdy nie wyschnie, dzi\u0119ki czemu mo\u017cesz bawi\u0107 si\u0119 bez ko\u0144ca.Dost\u0119pny w 4 jaskrawych kolorach (fioletowym, zielonym, niebieskim i r\u00f3\u017cowym).Zestaw jest dost\u0119pny w wygodnej, zamykanej torbie, idealnej do przechowywania.Dla dzieci w wieku 4+<\/p>\n<h2>Spin Master Kinetic Sand Color Purple Bag &#8211; 6047184 Spin Master<\/h2>\n<p>prezenty dla 16 latki, zagadki dla dzieci logiczne, kajko i kokosz szko\u0142a latania &#8211; test do wydruku, asiunia test z lektury, \u0142\u0105czenie kropek, paloma, asiunia test, papugi do druku, quiz opowie\u015bci z narnii, dymitr, film rodzinny o \u015bwi\u0119tach<\/p>\n<p>yyyyy<\/p>\n<p>&nbsp;<\/p>\n","protected":false},"excerpt":{"rendered":"<p>Zagniataj, formuj i tw\u00f3rz wszystko, co mo\u017cesz sobie wyobrazi\u0107 dzi\u0119ki kolorowemu piaskowi!Kinectic Sand to magiczny i hipnotyzuj\u0105cy piasek. Przep\u0142ynie pomi\u0119dzy palcami, ale nigdy nie wyschnie, dzi\u0119ki czemu mo\u017cesz bawi\u0107 si\u0119 bez ko\u0144ca.Dost\u0119pny w 4 jaskrawych kolorach (fioletowym, zielonym, niebieskim i r\u00f3\u017cowym).Zestaw jest dost\u0119pny w wygodnej, zamykanej torbie, idealnej do przechowywania.Dla dzieci w wieku 4+ Spin [&hellip;]<\/p>\n","protected":false},"featured_media":2662,"comment_status":"closed","ping_status":"open","template":"","meta":[],"product_cat":[94,21],"product_tag":[801,744,618,821,582,627,738],"class_list":["post-2661","product","type-product","status-publish","has-post-thumbnail","hentry","product_cat-spin-master","product_cat-zabawki-plastyczne","product_tag-bajki-terapeutyczne-o-emocjach","product_tag-kolorowanki-swiateczne-do-wydruku","product_tag-lato-lato-lato-czeka-tekst","product_tag-marianna","product_tag-nauka-pisania-literek-do-wydruku-pdf","product_tag-quiz-dzieci-z-bullerbyn","product_tag-wroclaw-dla-dzieci"],"_links":{"self":[{"href":"http:\/\/klubmamgdynia.pl\/index.php\/wp-json\/wp\/v2\/product\/2661","targetHints":{"allow":["GET"]}}],"collection":[{"href":"http:\/\/klubmamgdynia.pl\/index.php\/wp-json\/wp\/v2\/product"}],"about":[{"href":"http:\/\/klubmamgdynia.pl\/index.php\/wp-json\/wp\/v2\/types\/product"}],"replies":[{"embeddable":true,"href":"http:\/\/klubmamgdynia.pl\/index.php\/wp-json\/wp\/v2\/comments?post=2661"}],"wp:featuredmedia":[{"embeddable":true,"href":"http:\/\/klubmamgdynia.pl\/index.php\/wp-json\/wp\/v2\/media\/2662"}],"wp:attachment":[{"href":"http:\/\/klubmamgdynia.pl\/index.php\/wp-json\/wp\/v2\/media?parent=2661"}],"wp:term":[{"taxonomy":"product_cat","embeddable":true,"href":"http:\/\/klubmamgdynia.pl\/index.php\/wp-json\/wp\/v2\/product_cat?post=2661"},{"taxonomy":"product_tag","embeddable":true,"href":"http:\/\/klubmamgdynia.pl\/index.php\/wp-json\/wp\/v2\/product_tag?post=2661"}],"curies":[{"name":"wp","href":"https:\/\/api.w.org\/{rel}","templated":true}]}}