{"id":2665,"date":"2012-01-20T15:40:14","date_gmt":"2012-01-20T14:40:14","guid":{"rendered":"http:\/\/klubmamgdynia.pl\/index.php\/produkt\/epee-latajaca-dyskopilka-ufo-seria-2-zielono-fioletowa-ep03052\/"},"modified":"2026-05-17T22:57:52","modified_gmt":"2026-05-17T20:57:52","slug":"epee-latajaca-dyskopilka-ufo-seria-2-zielono-fioletowa-ep03052","status":"publish","type":"product","link":"http:\/\/klubmamgdynia.pl\/index.php\/produkt\/epee-latajaca-dyskopilka-ufo-seria-2-zielono-fioletowa-ep03052\/","title":{"rendered":"Epee Lataj\u0105ca Dyskopi\u0142ka Ufo Seria 2 Zielono Fioletowa (Ep03052)"},"content":{"rendered":"<p>Niesamowity dysk, kt\u00f3ry podczas lotu zamienia si\u0119 w pi\u0142k\u0119!Rzu\u0107 dyskiem i z\u0142ap pi\u0142k\u0119!Ta kolorowa zabawka idealnie nadaje si\u0119 do zabawy na \u015bwie\u017cym powietrzu.Zach\u0119\u0107 swoje &#8230; (zobacz wi\u0119cej)<\/p>\n<h2>Epee Lataj\u0105ca Dyskopi\u0142ka Ufo Seria 2 Zielono Fioletowa (Ep03052) Epee<\/h2>\n<p>rozalia imi\u0119, \u015bwinka peppa kolorowanka do druku, zdania do pisania dla dzieci do wydruku, quizy miko\u0142ajek, testy na znaki drogowe, z\u0142ote my\u015bli kr\u00f3tkie<\/p>\n<p>yyyyy<\/p>\n<p>&nbsp;<\/p>\n","protected":false},"excerpt":{"rendered":"<p>Niesamowity dysk, kt\u00f3ry podczas lotu zamienia si\u0119 w pi\u0142k\u0119!Rzu\u0107 dyskiem i z\u0142ap pi\u0142k\u0119!Ta kolorowa zabawka idealnie nadaje si\u0119 do zabawy na \u015bwie\u017cym powietrzu.Zach\u0119\u0107 swoje &#8230; (zobacz wi\u0119cej) Epee Lataj\u0105ca Dyskopi\u0142ka Ufo Seria 2 Zielono Fioletowa (Ep03052) Epee rozalia imi\u0119, \u015bwinka peppa kolorowanka do druku, zdania do pisania dla dzieci do wydruku, quizy miko\u0142ajek, testy na [&hellip;]<\/p>\n","protected":false},"featured_media":2666,"comment_status":"closed","ping_status":"open","template":"","meta":[],"product_cat":[49,293],"product_tag":[650,585,654,601],"class_list":["post-2665","product","type-product","status-publish","has-post-thumbnail","hentry","product_cat-epee","product_cat-pilki-dla-dzieci","product_tag-choinka-z-bibuly","product_tag-kolorowanki-dla-chlopcow","product_tag-krotkie-bajki-dla-dzieci-do-czytania","product_tag-zagadki-co-to-jest"],"_links":{"self":[{"href":"http:\/\/klubmamgdynia.pl\/index.php\/wp-json\/wp\/v2\/product\/2665","targetHints":{"allow":["GET"]}}],"collection":[{"href":"http:\/\/klubmamgdynia.pl\/index.php\/wp-json\/wp\/v2\/product"}],"about":[{"href":"http:\/\/klubmamgdynia.pl\/index.php\/wp-json\/wp\/v2\/types\/product"}],"replies":[{"embeddable":true,"href":"http:\/\/klubmamgdynia.pl\/index.php\/wp-json\/wp\/v2\/comments?post=2665"}],"wp:featuredmedia":[{"embeddable":true,"href":"http:\/\/klubmamgdynia.pl\/index.php\/wp-json\/wp\/v2\/media\/2666"}],"wp:attachment":[{"href":"http:\/\/klubmamgdynia.pl\/index.php\/wp-json\/wp\/v2\/media?parent=2665"}],"wp:term":[{"taxonomy":"product_cat","embeddable":true,"href":"http:\/\/klubmamgdynia.pl\/index.php\/wp-json\/wp\/v2\/product_cat?post=2665"},{"taxonomy":"product_tag","embeddable":true,"href":"http:\/\/klubmamgdynia.pl\/index.php\/wp-json\/wp\/v2\/product_tag?post=2665"}],"curies":[{"name":"wp","href":"https:\/\/api.w.org\/{rel}","templated":true}]}}