{"id":2673,"date":"2016-12-12T22:35:25","date_gmt":"2016-12-12T21:35:25","guid":{"rendered":"http:\/\/klubmamgdynia.pl\/index.php\/produkt\/leantoys-ambulans-karetka-pogotowia-z-napedem-dzwiek-syrena-swiatla\/"},"modified":"2026-04-29T11:46:16","modified_gmt":"2026-04-29T09:46:16","slug":"leantoys-ambulans-karetka-pogotowia-z-napedem-dzwiek-syrena-swiatla","status":"publish","type":"product","link":"http:\/\/klubmamgdynia.pl\/index.php\/produkt\/leantoys-ambulans-karetka-pogotowia-z-napedem-dzwiek-syrena-swiatla\/","title":{"rendered":"Leantoys Ambulans Karetka Pogotowia z Nap\u0119dem D\u017awi\u0119k Syrena \u015awiat\u0142a"},"content":{"rendered":"<p>Ambulans z Naci\u0105giem D\u017awi\u0119k Syrena \u015awiat\u0142a Ma\u0142y Samochodzik to najpopularniejsze zabawka, kt\u00f3re s\u0105 uwielbiane przez ch\u0142opc\u00f3w w ka\u017cdym wieku. Bia\u0142a karetka pogotowia po\u0142\u0105czona jest z czerwonymi detalami, napisem AMBULANCE oraz diodami, kt\u00f3re \u015bwiec\u0105 podcza<\/p>\n<h2>Leantoys Ambulans Karetka Pogotowia z Nap\u0119dem D\u017awi\u0119k Syrena \u015awiat\u0142a Lean Toys<\/h2>\n<p>chase kolorowanka, bajki dla dzieci na dobranoc, bajka o smoku wawelskim, sara, znane misie z bajek, prezent dla 16 latka, zagadki logiczne dla doros\u0142ych, literki do druku<\/p>\n<p>yyyyy<\/p>\n<p>&nbsp;<\/p>\n","protected":false},"excerpt":{"rendered":"<p>Ambulans z Naci\u0105giem D\u017awi\u0119k Syrena \u015awiat\u0142a Ma\u0142y Samochodzik to najpopularniejsze zabawka, kt\u00f3re s\u0105 uwielbiane przez ch\u0142opc\u00f3w w ka\u017cdym wieku. Bia\u0142a karetka pogotowia po\u0142\u0105czona jest z czerwonymi detalami, napisem AMBULANCE oraz diodami, kt\u00f3re \u015bwiec\u0105 podcza Leantoys Ambulans Karetka Pogotowia z Nap\u0119dem D\u017awi\u0119k Syrena \u015awiat\u0142a Lean Toys chase kolorowanka, bajki dla dzieci na dobranoc, bajka o smoku [&hellip;]<\/p>\n","protected":false},"featured_media":2674,"comment_status":"closed","ping_status":"open","template":"","meta":[],"product_cat":[83,73],"product_tag":[656,655,721],"class_list":["post-2673","product","type-product","status-publish","has-post-thumbnail","hentry","product_cat-auta-i-inne-pojazdy-do-zabawy","product_cat-lean-toys","product_tag-kolorowanki-lol","product_tag-najlepsze-zagadki","product_tag-zagadki-matematyczne"],"_links":{"self":[{"href":"http:\/\/klubmamgdynia.pl\/index.php\/wp-json\/wp\/v2\/product\/2673","targetHints":{"allow":["GET"]}}],"collection":[{"href":"http:\/\/klubmamgdynia.pl\/index.php\/wp-json\/wp\/v2\/product"}],"about":[{"href":"http:\/\/klubmamgdynia.pl\/index.php\/wp-json\/wp\/v2\/types\/product"}],"replies":[{"embeddable":true,"href":"http:\/\/klubmamgdynia.pl\/index.php\/wp-json\/wp\/v2\/comments?post=2673"}],"wp:featuredmedia":[{"embeddable":true,"href":"http:\/\/klubmamgdynia.pl\/index.php\/wp-json\/wp\/v2\/media\/2674"}],"wp:attachment":[{"href":"http:\/\/klubmamgdynia.pl\/index.php\/wp-json\/wp\/v2\/media?parent=2673"}],"wp:term":[{"taxonomy":"product_cat","embeddable":true,"href":"http:\/\/klubmamgdynia.pl\/index.php\/wp-json\/wp\/v2\/product_cat?post=2673"},{"taxonomy":"product_tag","embeddable":true,"href":"http:\/\/klubmamgdynia.pl\/index.php\/wp-json\/wp\/v2\/product_tag?post=2673"}],"curies":[{"name":"wp","href":"https:\/\/api.w.org\/{rel}","templated":true}]}}