{"id":2691,"date":"2024-06-05T15:27:31","date_gmt":"2024-06-05T13:27:31","guid":{"rendered":"http:\/\/klubmamgdynia.pl\/?post_type=product&#038;p=2691"},"modified":"2026-04-04T01:39:24","modified_gmt":"2026-04-03T23:39:24","slug":"tega-przewijak-nadstawka-dziki-zachod-dz-009-bialy-jednorozec-na-lozeczko-120x60cm","status":"publish","type":"product","link":"http:\/\/klubmamgdynia.pl\/index.php\/produkt\/tega-przewijak-nadstawka-dziki-zachod-dz-009-bialy-jednorozec-na-lozeczko-120x60cm\/","title":{"rendered":"Tega Przewijak &#8211; nadstawka DZIKI ZACH\u00d3D DZ-009 bia\u0142y JEDNORO\u017bEC na \u0142\u00f3\u017ceczko 120x60cm"},"content":{"rendered":"<p>Nadstawka &#8211; przewijak na \u0142\u00f3\u017ceczko do przewijania niemowl\u0105t.Przewijak do piel\u0119gnacji dzieci.Ceratka pozbawiona szkodliwych substancji chemicznych.Dost\u0119pny w wersji z twardym dnem.Wyst\u0119puje w rozmiarze 50 x 70cm.INSTRUKCJA U\u017bYTKOWANIA Nadstawka na \u0142\u00f3\u017ceczko s\u0142u\u017cy do przewijania dzieckai innych zabieg\u00f3w piel\u0119gnacyjnych niemowl\u0105t.Wymiarami przystosowana jest do \u0142\u00f3\u017ceczka o szeroko\u015bci 60 cm.Mo\u017ce te\u017c by\u0107 u\u017cyta jako samodzielny mebel nak\u0142adany bezpo\u015brednio na \u0142\u00f3\u017ceczkolub jako usztywniona tapicerka (np. na komod\u0119, czy stolik).Je\u017celi nadstawka ma s\u0142u\u017cy\u0107 jako mebel na \u0142\u00f3\u017ceczko,nale\u017cy od spodu przymocowa\u0107 ko\u0142eczki,kt\u00f3re zabezpiecz\u0105 przed zsuni\u0119ciem si\u0119 jej z ramy \u0142\u00f3\u017ceczka.Otwory do kt\u00f3rych nale\u017cy zamocowa\u0107 ko\u0142eczki znajduj\u0105 si\u0119 w p\u0142ycie,kt\u00f3ra stanowi sp\u00f3d nadstawki.Nie s\u0105 one widoczne, gdy\u017c p\u0142yta pokryta jest foli\u0105.W celu ich odnalezienia nale\u017cy lekko przesuwa\u0107 opuszkiem palca po g\u0142adkiej powierzchni folii.W miejsce otwor\u00f3w nale\u017cy wkr\u0119ci\u0107 \u015bruby wraz z podk\u0142adk\u0105 zabezpieczaj\u0105c\u0105(\u015bruby i podk\u0142adki dost\u0119pne razem z przewijakiem).Nadstawka posiada cztery takie otworki.Przewijak-nadstawka wyst\u0119puje w wielu wzorach i kolorach.<\/p>\n<h2>Tega Przewijak &#8211; nadstawka DZIKI ZACH\u00d3D DZ-009 bia\u0142y JEDNORO\u017bEC na \u0142\u00f3\u017ceczko 120x60cm Ceba Baby<\/h2>\n<p>gra planszowa dla nastolatk\u00f3w, spos\u00f3b na elfa test, bal halloween dla dzieci 2021, imi\u0119 iwo, miko\u0142ajki dla dzieci warszawa 2021, cytaty z ma\u0142ego ksi\u0119cia, mini kanapki dla dzieci, atrakcje dla dzieci warszawa, atrakcje dla dzieci wroc\u0142aw, bajka krecik, kubu\u015b puchatek cytaty, gdzie strumyk p\u0142ynie z wolna tekst, atrakcje dla dzieci wroc\u0142aw i okolice, myszka minnie kolorowanka<\/p>\n<p>yyyyy<\/p>\n<p>&nbsp;<\/p>\n","protected":false},"excerpt":{"rendered":"<p>Nadstawka &#8211; przewijak na \u0142\u00f3\u017ceczko do przewijania niemowl\u0105t.Przewijak do piel\u0119gnacji dzieci.Ceratka pozbawiona szkodliwych substancji chemicznych.Dost\u0119pny w wersji z twardym dnem.Wyst\u0119puje w rozmiarze 50 x 70cm.INSTRUKCJA U\u017bYTKOWANIA Nadstawka na \u0142\u00f3\u017ceczko s\u0142u\u017cy do przewijania dzieckai innych zabieg\u00f3w piel\u0119gnacyjnych niemowl\u0105t.Wymiarami przystosowana jest do \u0142\u00f3\u017ceczka o szeroko\u015bci 60 cm.Mo\u017ce te\u017c by\u0107 u\u017cyta jako samodzielny mebel nak\u0142adany bezpo\u015brednio na \u0142\u00f3\u017ceczkolub [&hellip;]<\/p>\n","protected":false},"featured_media":2692,"comment_status":"closed","ping_status":"open","template":"","meta":[],"product_cat":[959,958],"product_tag":[785,587,760,872],"class_list":["post-2691","product","type-product","status-publish","has-post-thumbnail","hentry","product_cat-ceba-baby","product_cat-komody-kapielowe-wanienki-i-przewijaki","product_tag-prezent-dla-nastolatkow","product_tag-skalne-miasto","product_tag-zagadka-matematyczna","product_tag-zagadki-dla-dzieci-6-lat"],"_links":{"self":[{"href":"http:\/\/klubmamgdynia.pl\/index.php\/wp-json\/wp\/v2\/product\/2691","targetHints":{"allow":["GET"]}}],"collection":[{"href":"http:\/\/klubmamgdynia.pl\/index.php\/wp-json\/wp\/v2\/product"}],"about":[{"href":"http:\/\/klubmamgdynia.pl\/index.php\/wp-json\/wp\/v2\/types\/product"}],"replies":[{"embeddable":true,"href":"http:\/\/klubmamgdynia.pl\/index.php\/wp-json\/wp\/v2\/comments?post=2691"}],"wp:featuredmedia":[{"embeddable":true,"href":"http:\/\/klubmamgdynia.pl\/index.php\/wp-json\/wp\/v2\/media\/2692"}],"wp:attachment":[{"href":"http:\/\/klubmamgdynia.pl\/index.php\/wp-json\/wp\/v2\/media?parent=2691"}],"wp:term":[{"taxonomy":"product_cat","embeddable":true,"href":"http:\/\/klubmamgdynia.pl\/index.php\/wp-json\/wp\/v2\/product_cat?post=2691"},{"taxonomy":"product_tag","embeddable":true,"href":"http:\/\/klubmamgdynia.pl\/index.php\/wp-json\/wp\/v2\/product_tag?post=2691"}],"curies":[{"name":"wp","href":"https:\/\/api.w.org\/{rel}","templated":true}]}}