{"id":2703,"date":"2011-03-15T03:25:49","date_gmt":"2011-03-15T02:25:49","guid":{"rendered":"http:\/\/klubmamgdynia.pl\/index.php\/produkt\/nici-notes-a5-smoki\/"},"modified":"2026-05-17T23:25:46","modified_gmt":"2026-05-17T21:25:46","slug":"nici-notes-a5-smoki","status":"publish","type":"product","link":"http:\/\/klubmamgdynia.pl\/index.php\/produkt\/nici-notes-a5-smoki\/","title":{"rendered":"Nici Notes A5 Smoki"},"content":{"rendered":"<p>Praktyczny notes A5 z wizerunkiem Smok\u00f3w. Przydatny na r\u00f3\u017cnego rodzaju zapiski.<\/p>\n<h2>Nici Notes A5 Smoki Nici<\/h2>\n<p>zagadki na dzie\u0144 przedszkolaka, psi patrol kolorowanki, karaluchy pod poduchy a szczypawki, zagadki kr\u00f3tkie, ja\u015bmina imie, test miko\u0142ajek 25 pyta\u0144, laura, roza imie, bajki na dobranoc dla dzieci, logiczne zagadki, na wyspach bergamutach, kolorowanki jesie\u0144 do druku, gabriel imie<\/p>\n<p>yyyyy<\/p>\n<p>&nbsp;<\/p>\n","protected":false},"excerpt":{"rendered":"<p>Praktyczny notes A5 z wizerunkiem Smok\u00f3w. Przydatny na r\u00f3\u017cnego rodzaju zapiski. Nici Notes A5 Smoki Nici zagadki na dzie\u0144 przedszkolaka, psi patrol kolorowanki, karaluchy pod poduchy a szczypawki, zagadki kr\u00f3tkie, ja\u015bmina imie, test miko\u0142ajek 25 pyta\u0144, laura, roza imie, bajki na dobranoc dla dzieci, logiczne zagadki, na wyspach bergamutach, kolorowanki jesie\u0144 do druku, gabriel imie [&hellip;]<\/p>\n","protected":false},"featured_media":2704,"comment_status":"closed","ping_status":"open","template":"","meta":[],"product_cat":[964,961],"product_tag":[854,750,794,675,809],"class_list":["post-2703","product","type-product","status-publish","has-post-thumbnail","hentry","product_cat-artykuly-papiernicze","product_cat-nici","product_tag-cytaty-rodzina","product_tag-imie-kostek","product_tag-test-opowiesci-z-narnii-lew-czarownica-i-stara-szafa-do-druku","product_tag-test-z-lektury-kajko-i-kokosz-szkola-latania","product_tag-zagadki"],"_links":{"self":[{"href":"http:\/\/klubmamgdynia.pl\/index.php\/wp-json\/wp\/v2\/product\/2703","targetHints":{"allow":["GET"]}}],"collection":[{"href":"http:\/\/klubmamgdynia.pl\/index.php\/wp-json\/wp\/v2\/product"}],"about":[{"href":"http:\/\/klubmamgdynia.pl\/index.php\/wp-json\/wp\/v2\/types\/product"}],"replies":[{"embeddable":true,"href":"http:\/\/klubmamgdynia.pl\/index.php\/wp-json\/wp\/v2\/comments?post=2703"}],"wp:featuredmedia":[{"embeddable":true,"href":"http:\/\/klubmamgdynia.pl\/index.php\/wp-json\/wp\/v2\/media\/2704"}],"wp:attachment":[{"href":"http:\/\/klubmamgdynia.pl\/index.php\/wp-json\/wp\/v2\/media?parent=2703"}],"wp:term":[{"taxonomy":"product_cat","embeddable":true,"href":"http:\/\/klubmamgdynia.pl\/index.php\/wp-json\/wp\/v2\/product_cat?post=2703"},{"taxonomy":"product_tag","embeddable":true,"href":"http:\/\/klubmamgdynia.pl\/index.php\/wp-json\/wp\/v2\/product_tag?post=2703"}],"curies":[{"name":"wp","href":"https:\/\/api.w.org\/{rel}","templated":true}]}}