{"id":2710,"date":"2024-05-01T22:47:03","date_gmt":"2024-05-01T20:47:03","guid":{"rendered":"http:\/\/klubmamgdynia.pl\/?post_type=product&#038;p=2710"},"modified":"2026-04-12T16:25:37","modified_gmt":"2026-04-12T14:25:37","slug":"squish-a-boos-furry-pastelowy-krolik-22cm-ty","status":"publish","type":"product","link":"http:\/\/klubmamgdynia.pl\/index.php\/produkt\/squish-a-boos-furry-pastelowy-krolik-22cm-ty\/","title":{"rendered":"Squish A Boos Furry Pastelowy Kr\u00f3lik 22Cm Ty"},"content":{"rendered":"<p>Squish-a-Boos Furry pastelowy kr\u00f3lik 22cmEAN: 0008421392353<\/p>\n<h2>Squish A Boos Furry Pastelowy Kr\u00f3lik 22Cm Ty Ty<\/h2>\n<p>piosenki na dobranoc tekst, test miko\u0142ajek, imie paula, warszawa atrakcje dla m\u0142odzie\u017cy, kwiecien plecien, bursztynek, imi\u0119 dla dziewczynki 2019, cytaty o rodzicach, zabawy ruchowe dla dzieci w wieku szkolnym, zagadki logiczne matematyczne dla dzieci, quiz flagi europy, cytaty na dzie\u0144 nauczyciela, proste dekoracje bo\u017conarodzeniowe dla dzieci, test lew czarownica i stara szafa<\/p>\n<p>yyyyy<\/p>\n<p>&nbsp;<\/p>\n","protected":false},"excerpt":{"rendered":"<p>Squish-a-Boos Furry pastelowy kr\u00f3lik 22cmEAN: 0008421392353 Squish A Boos Furry Pastelowy Kr\u00f3lik 22Cm Ty Ty piosenki na dobranoc tekst, test miko\u0142ajek, imie paula, warszawa atrakcje dla m\u0142odzie\u017cy, kwiecien plecien, bursztynek, imi\u0119 dla dziewczynki 2019, cytaty o rodzicach, zabawy ruchowe dla dzieci w wieku szkolnym, zagadki logiczne matematyczne dla dzieci, quiz flagi europy, cytaty na dzie\u0144 [&hellip;]<\/p>\n","protected":false},"featured_media":2711,"comment_status":"closed","ping_status":"open","template":"","meta":[],"product_cat":[42,966],"product_tag":[790,867,586,693],"class_list":["post-2710","product","type-product","status-publish","has-post-thumbnail","hentry","product_cat-maskotki","product_cat-ty","product_tag-gry-planszowe-dla-nastolatkow","product_tag-kolorowanki-dla-dziewczynek","product_tag-smieszne-zagadki","product_tag-zagadki-dla-doroslych"],"_links":{"self":[{"href":"http:\/\/klubmamgdynia.pl\/index.php\/wp-json\/wp\/v2\/product\/2710","targetHints":{"allow":["GET"]}}],"collection":[{"href":"http:\/\/klubmamgdynia.pl\/index.php\/wp-json\/wp\/v2\/product"}],"about":[{"href":"http:\/\/klubmamgdynia.pl\/index.php\/wp-json\/wp\/v2\/types\/product"}],"replies":[{"embeddable":true,"href":"http:\/\/klubmamgdynia.pl\/index.php\/wp-json\/wp\/v2\/comments?post=2710"}],"wp:featuredmedia":[{"embeddable":true,"href":"http:\/\/klubmamgdynia.pl\/index.php\/wp-json\/wp\/v2\/media\/2711"}],"wp:attachment":[{"href":"http:\/\/klubmamgdynia.pl\/index.php\/wp-json\/wp\/v2\/media?parent=2710"}],"wp:term":[{"taxonomy":"product_cat","embeddable":true,"href":"http:\/\/klubmamgdynia.pl\/index.php\/wp-json\/wp\/v2\/product_cat?post=2710"},{"taxonomy":"product_tag","embeddable":true,"href":"http:\/\/klubmamgdynia.pl\/index.php\/wp-json\/wp\/v2\/product_tag?post=2710"}],"curies":[{"name":"wp","href":"https:\/\/api.w.org\/{rel}","templated":true}]}}