{"id":2712,"date":"2019-05-09T06:22:44","date_gmt":"2019-05-09T04:22:44","guid":{"rendered":"http:\/\/klubmamgdynia.pl\/index.php\/produkt\/the-puppet-company-lipstick-pacynka-z-dzwiekiem-zabawka\/"},"modified":"2026-04-24T13:04:56","modified_gmt":"2026-04-24T11:04:56","slug":"the-puppet-company-lipstick-pacynka-z-dzwiekiem-zabawka","status":"publish","type":"product","link":"http:\/\/klubmamgdynia.pl\/index.php\/produkt\/the-puppet-company-lipstick-pacynka-z-dzwiekiem-zabawka\/","title":{"rendered":"The Puppet Company Lipstick Pacynka Z Dzwiekiem &#8211; Zabawka"},"content":{"rendered":"<p>Pacynka wykonana z kolorowej w\u0142\u00f3czki. W j\u0119zyku ukryta jest piszcza\u0142ka, kt\u00f3ra wydaje odg\u0142osy podczas zabawy pacynk\u0105. Pasuje na r\u0119k\u0119 dziecka oraz osoby doros\u0142ej. Wielko\u015b\u0107 pacynki to 40cm.Dziecko mo\u017ce tworzy\u0107 za pomoc\u0105 pacynek swoje w\u0142asne opowiadania i bajki. Daj\u0105 one nieograniczone mo\u017cliwo\u015bci wymy\u015blania wci\u0105\u017c nowych fascynuj\u0105cych historii, w kt\u00f3re mo\u017ce by\u0107 zaanga\u017cowana ca\u0142a rodzina. S\u0105 doskona\u0142ym narz\u0119dziem do poszerzania horyzont\u00f3w wyobra\u017ani i kreowania rozwoju m\u0142odego cz\u0142owieka. Dzi\u0119ki nim codzienne czytanie bajek stanie si\u0119 bardziej interesuj\u0105ce. Ponadto rozwijaj\u0105 umiej\u0119tno\u015bci intelektualne, emocjonalne i spo\u0142eczne.<\/p>\n<h2>The Puppet Company Lipstick Pacynka Z Dzwiekiem &#8211; Zabawka The Puppet Company<\/h2>\n<p>quiz o koniach, \u0142atwe ale podchwytliwe zagadki, zabawy miko\u0142ajkowe dla dzieci, zagadki o zwierzetach, zagadki dla ma\u0142ych dzieci, \u0142amig\u0142\u00f3wki logiczne, prezent dla nastolatk\u00f3w ch\u0142opc\u00f3w, prezent dla 7 latki, prezent na roczek dla chlopca, lol kolorowanki do druku, zagadki dla dzieci, test z opowie\u015bci z narnii lew czarownica i stara szafa, super zings do druku, wierszyki na lany poniedzia\u0142ek, zagadki zagadki, test magiczne drzewo czerwone krzes\u0142o, prezent na roczek od babci, wiosna kolorowanka do druku, kolorowanki na dzie\u0144 niepodleg\u0142o\u015bci do wydruku, przyjed\u017a do nas miko\u0142aju tekst<\/p>\n<p>yyyyy<\/p>\n<p>&nbsp;<\/p>\n","protected":false},"excerpt":{"rendered":"<p>Pacynka wykonana z kolorowej w\u0142\u00f3czki. W j\u0119zyku ukryta jest piszcza\u0142ka, kt\u00f3ra wydaje odg\u0142osy podczas zabawy pacynk\u0105. Pasuje na r\u0119k\u0119 dziecka oraz osoby doros\u0142ej. Wielko\u015b\u0107 pacynki to 40cm.Dziecko mo\u017ce tworzy\u0107 za pomoc\u0105 pacynek swoje w\u0142asne opowiadania i bajki. Daj\u0105 one nieograniczone mo\u017cliwo\u015bci wymy\u015blania wci\u0105\u017c nowych fascynuj\u0105cych historii, w kt\u00f3re mo\u017ce by\u0107 zaanga\u017cowana ca\u0142a rodzina. S\u0105 doskona\u0142ym [&hellip;]<\/p>\n","protected":false},"featured_media":2713,"comment_status":"closed","ping_status":"open","template":"","meta":[],"product_cat":[53,908],"product_tag":[648,585,738,778,698,796],"class_list":["post-2712","product","type-product","status-publish","has-post-thumbnail","hentry","product_cat-kaciki-zabaw","product_cat-the-puppet-company","product_tag-dobrej-nocy-i-sza","product_tag-kolorowanki-dla-chlopcow","product_tag-wroclaw-dla-dzieci","product_tag-zabawki-na-roczek-dla-chlopca","product_tag-zagadki-dla-przedszkolakow","product_tag-zagatki"],"_links":{"self":[{"href":"http:\/\/klubmamgdynia.pl\/index.php\/wp-json\/wp\/v2\/product\/2712","targetHints":{"allow":["GET"]}}],"collection":[{"href":"http:\/\/klubmamgdynia.pl\/index.php\/wp-json\/wp\/v2\/product"}],"about":[{"href":"http:\/\/klubmamgdynia.pl\/index.php\/wp-json\/wp\/v2\/types\/product"}],"replies":[{"embeddable":true,"href":"http:\/\/klubmamgdynia.pl\/index.php\/wp-json\/wp\/v2\/comments?post=2712"}],"wp:featuredmedia":[{"embeddable":true,"href":"http:\/\/klubmamgdynia.pl\/index.php\/wp-json\/wp\/v2\/media\/2713"}],"wp:attachment":[{"href":"http:\/\/klubmamgdynia.pl\/index.php\/wp-json\/wp\/v2\/media?parent=2712"}],"wp:term":[{"taxonomy":"product_cat","embeddable":true,"href":"http:\/\/klubmamgdynia.pl\/index.php\/wp-json\/wp\/v2\/product_cat?post=2712"},{"taxonomy":"product_tag","embeddable":true,"href":"http:\/\/klubmamgdynia.pl\/index.php\/wp-json\/wp\/v2\/product_tag?post=2712"}],"curies":[{"name":"wp","href":"https:\/\/api.w.org\/{rel}","templated":true}]}}