{"id":2716,"date":"2019-08-23T13:59:29","date_gmt":"2019-08-23T11:59:29","guid":{"rendered":"http:\/\/klubmamgdynia.pl\/index.php\/produkt\/epee-ep-pinypon-city-zestaw-burgerownia-z-laleczka-7cm-16618\/"},"modified":"2026-04-14T15:43:43","modified_gmt":"2026-04-14T13:43:43","slug":"epee-ep-pinypon-city-zestaw-burgerownia-z-laleczka-7cm-16618","status":"publish","type":"product","link":"http:\/\/klubmamgdynia.pl\/index.php\/produkt\/epee-ep-pinypon-city-zestaw-burgerownia-z-laleczka-7cm-16618\/","title":{"rendered":"epee EP Pinypon CITY \u2013 Zestaw &#8221;;Burgerownia&#8221;; z laleczk\u0105 7cm 16618"},"content":{"rendered":"<p>Odkryj fantastyczn\u0105 burgerowni\u0119 z dozownikami lod\u00f3w, obrotowym menu dnia, kuchni\u0105 z miejscem do gotowania i tacami, sto\u0142em oraz wieloma innymi akcesoriami. Tutaj Twoje Pinypon zjedz\u0105 swoje ulubione przysmaki, a zam\u00f3wienia b\u0119d\u0105 mog\u0142y sk\u0142ada\u0107 nie wysiadaj\u0105c nawet z auta!Informacje o produkcieNr katalogowyFPP16618Marka InneSeria Pozosta\u0142eWymagania wiekowe od 4 latP\u0142e\u0107 DziewczynkiProdukt na baterie NieBaterie w zestawie NieZasilanie Nie dotyczyAkcesoria w zestawie 1 unikalna laleczka Pinypon 7 cm1 burgerownia z uchwytem i szlabanem dla autZestaw ponad 30 akcesori\u00f3w<\/p>\n<h2>epee EP Pinypon CITY \u2013 Zestaw ;Burgerownia; z laleczk\u0105 7cm 16618 Epee<\/h2>\n<p>pomys\u0142y na prima aprilis w szkole, plac zabaw pozna\u0144, maski dla dzieci do druku, \u0142amig\u0142owki do druku, alina, ptak b\u0105k, zagadki podchwytliwe z odpowiedziami, znaki drogowe quiz, zagadki logiczne dla doros\u0142ych, jesienne piosenki dla dzieci, pu\u0142tusk atrakcje dla dzieci, sentencja dla dziecka, carmen imi\u0119, cookie dough przepis, zadania logiczne, zabawka na roczek dla ch\u0142opca, prezent dla 15 latka, konkurencje sportowe dla dzieci, prezenty urodzinowe dla nastolatk\u00f3w<\/p>\n<p>yyyyy<\/p>\n<p>&nbsp;<\/p>\n","protected":false},"excerpt":{"rendered":"<p>Odkryj fantastyczn\u0105 burgerowni\u0119 z dozownikami lod\u00f3w, obrotowym menu dnia, kuchni\u0105 z miejscem do gotowania i tacami, sto\u0142em oraz wieloma innymi akcesoriami. Tutaj Twoje Pinypon zjedz\u0105 swoje ulubione przysmaki, a zam\u00f3wienia b\u0119d\u0105 mog\u0142y sk\u0142ada\u0107 nie wysiadaj\u0105c nawet z auta!Informacje o produkcieNr katalogowyFPP16618Marka InneSeria Pozosta\u0142eWymagania wiekowe od 4 latP\u0142e\u0107 DziewczynkiProdukt na baterie NieBaterie w zestawie NieZasilanie Nie [&hellip;]<\/p>\n","protected":false},"featured_media":2717,"comment_status":"closed","ping_status":"open","template":"","meta":[],"product_cat":[172,49],"product_tag":[837,749,856,586,771,737,712],"class_list":["post-2716","product","type-product","status-publish","has-post-thumbnail","hentry","product_cat-akcesoria-dla-lalek","product_cat-epee","product_tag-cicha-noc-po-angielsku","product_tag-najlepsze-zarty-na-prima-aprilis","product_tag-prezent-dla-16-latki","product_tag-smieszne-zagadki","product_tag-stolice-europy-quiz","product_tag-test-z-lektury-felix-net-i-nika-oraz-gang-niewidzialnych-ludzi","product_tag-zagadki-o-zwierzetach"],"_links":{"self":[{"href":"http:\/\/klubmamgdynia.pl\/index.php\/wp-json\/wp\/v2\/product\/2716","targetHints":{"allow":["GET"]}}],"collection":[{"href":"http:\/\/klubmamgdynia.pl\/index.php\/wp-json\/wp\/v2\/product"}],"about":[{"href":"http:\/\/klubmamgdynia.pl\/index.php\/wp-json\/wp\/v2\/types\/product"}],"replies":[{"embeddable":true,"href":"http:\/\/klubmamgdynia.pl\/index.php\/wp-json\/wp\/v2\/comments?post=2716"}],"wp:featuredmedia":[{"embeddable":true,"href":"http:\/\/klubmamgdynia.pl\/index.php\/wp-json\/wp\/v2\/media\/2717"}],"wp:attachment":[{"href":"http:\/\/klubmamgdynia.pl\/index.php\/wp-json\/wp\/v2\/media?parent=2716"}],"wp:term":[{"taxonomy":"product_cat","embeddable":true,"href":"http:\/\/klubmamgdynia.pl\/index.php\/wp-json\/wp\/v2\/product_cat?post=2716"},{"taxonomy":"product_tag","embeddable":true,"href":"http:\/\/klubmamgdynia.pl\/index.php\/wp-json\/wp\/v2\/product_tag?post=2716"}],"curies":[{"name":"wp","href":"https:\/\/api.w.org\/{rel}","templated":true}]}}