{"id":2734,"date":"2022-01-21T13:11:31","date_gmt":"2022-01-21T12:11:31","guid":{"rendered":"http:\/\/klubmamgdynia.pl\/index.php\/produkt\/fotelik-samochodowy-lionelo-levi-plus-rozowo-czarny-9-36kg\/"},"modified":"2026-04-06T04:31:32","modified_gmt":"2026-04-06T02:31:32","slug":"fotelik-samochodowy-lionelo-levi-plus-rozowo-czarny-9-36kg","status":"publish","type":"product","link":"http:\/\/klubmamgdynia.pl\/index.php\/produkt\/fotelik-samochodowy-lionelo-levi-plus-rozowo-czarny-9-36kg\/","title":{"rendered":"Fotelik samochodowy Lionelo Levi Plus R\u00f3\u017cowo-Czarny 9-36kg"},"content":{"rendered":"<p>Fotelik samochodowy Levi One Najbezpieczniejszy w swojej klasie Zabezpieczenia boczne 5-punktowe pasy bezpiecze\u0144stwa Oddychaj\u0105ca wk\u0142adka Dri-Seat Dodatkowa ochrona g\u0142\u00f3wki dziecka Regulowana wysoko\u015b\u0107 zag\u0142\u00f3wka Mo\u017cliwo\u015b\u0107 stosowania samej podstawki fotelika Zdejmowana tapicerka, nadaj\u0105ca si\u0119 do prania w pralce Prosty monta\u017c w aucie wiatraczek gratis (losowo kolory dok\u0142adane jezeli nie zostan\u0119 okre\u015blone w zam\u00f3wieniu) Bezpieczna podr\u00f3\u017cOchrona z ka\u017cdej stronySpecjalnie zaprojektowane panele ochronne poch\u0142aniaj\u0105 si\u0142\u0119 uderzenia bocznego lub tylnego zapewniaj\u0105c ochron\u0119 g\u0142owy i ramion, zwi\u0119kszaj\u0105c bezpiecze\u0144stwo dziecka.Wzmocniony zag\u0142\u00f3wek z mo\u017cliwo\u015bci\u0105 regulacjiSzeroki, pog\u0142\u0119biony zag\u0142\u00f3wek z ochron\u0105 boczn\u0105 znacznie zwi\u0119ksza bezpiecze\u0144stwo ma\u0142ego pasa\u017cera. Dzi\u0119ki a\u017c 6-stopniowej regulacji wysoko\u015bci zag\u0142\u00f3wka Levi One dopasuje si\u0119 do ka\u017cdego typu budowy dziecka.5-punktowe pasy bezpiecze\u0144stwaNowoczesne 5-punktowe pasy z pasem biodrowym zapewniaj\u0105 najwy\u017cszy poziom bezpiecze\u0144stwa.Wygodne nak\u0142adkiDodatkowe antypo\u015blizgowe poduszki na pasach dbaj\u0105 o to, by zabezpieczenia zawsze mia\u0142y w\u0142a\u015bciwe u\u0142o\u017cenie. Dzi\u0119ki mi\u0119kkiemu materia\u0142owi nak\u0142adki zapobiegaj\u0105 otarciom wra\u017cliwej sk\u00f3ry dziecka.Testy zderzeniowe Tass InternationalLevi One zosta\u0142 przetestowany przez renomowane niezale\u017cne laboratorium Tass International. Crash-testy obejmowa\u0142y instalacj\u0119 przodem do kierunku jazdy przy monta\u017cu za pomoc\u0105 pas\u00f3w samochodowych.Wygoda dziecka i rodzicaKomfortowe pod\u0142okietnikiOdci\u0105\u017caj\u0105c r\u0119ce, znacznie podwy\u017cszaj\u0105 komfort jazdy w d\u0142ugich trasach. Pod\u0142okietniki pozwalaj\u0105 unikn\u0105\u0107 dr\u0119twienia i sta\u0142ego napi\u0119cia mi\u0119\u015bni obu r\u0105k, dzi\u0119ki czemu podr\u00f3\u017c nie jest uci\u0105\u017cliwa dla dziecka.G\u0142\u0119bokie siedziskoFotelik zosta\u0142 wyposa\u017cony w g\u0142\u0119bokie siedzisko, dzi\u0119ki czemu dziecko chronione jest nawet w najbardziej nieprzewidywalnych sytuacjach. Ochron\u0119 dope\u0142niaj\u0105 dodatkowe wzmocnienia w miejscu odcinka l\u0119d\u017awiowego, dbaj\u0105ce o kr\u0119gos\u0142up maluszka.Wk\u0142adki redukcyjneFotelik zosta\u0142 wyposa\u017cony w dwie wk\u0142adki redukcyjne, kt\u00f3re zapewniaj\u0105 lepsze dopasowanie fotelika do mniejszych dzieci. Wk\u0142adki zosta\u0142y wykonane w technologii Dri-Seat, dzi\u0119ki czemu zapewniaj\u0105 perfekcyjn\u0105 cyrkulacj\u0119 powietrza. Gdy maluszek wyro\u015bnie, wk\u0142adki mo\u017cna bez problemu wyj\u0105\u0107 \u2013 jedna znajduje si\u0119 na \u0142\u0105czeniu siedzenia z oparciem, druga na zag\u0142\u00f3wku, dodatkowo poprawiaj\u0105c ochron\u0119 g\u0142owy.Najwy\u017csza staranno\u015b\u0107 wykonaniaWytrzyma\u0142a tapicerkaElegancki, wygodny i przyjazny dla sk\u00f3ry materia\u0142 doskonale sprawdza si\u0119 podczas d\u0142ugich podr\u00f3\u017cy. Tapicerk\u0119 mo\u017cna \u0142atwo zdj\u0105\u0107 i wypra\u0107 w pralce. Ju\u017c samo odkurzanie pozwala na usuni\u0119cie wi\u0119kszo\u015bci zanieczyszcze\u0144.Ro\u015bnie razem z dzieckiemDzi\u0119ki szerokiemu zakresowi wagowemu oraz modu\u0142owej budowie fotelik Levi One mo\u017ce by\u0107 u\u017cywany przez wiele lat, nawet do wieku 10-12 lat.\u0141atwy monta\u017cMonta\u017c fotelika za pomoc\u0105 samochodowych pas\u00f3w bezpiecze\u0144stwa jest bardzo prosty i szybki \u2013 pomagaj\u0105 w tym specjalne, wyra\u017anie oznaczone prowadnice.Sprawdzona jako\u015b\u0107Levi One zosta\u0142 poddany wieloetapowej weryfikacji &#8211; przeszed\u0142 zar\u00f3wno szereg wewn\u0119trznych kontroli, jak i testy w niezale\u017cnym laboratorium certyfikuj\u0105cym &#8211; SNCH. Pe\u0142na zgodno\u015b\u0107 z norm\u0105 bezpiecze\u0144stwa ECE R44\/04.Program Lionelo AssistanceTroszczymy si\u0119 od pierwszych dni. Nasza wsp\u00f3lna przygoda nie ko\u0144czy si\u0119 na zakupie fotelika. To dopiero pocz\u0105tek. Ka\u017cdy nasz fotelik obj\u0119ty jest programem Lionelo Assistance, stworzonym w trosce o potrzeby naszych Klient\u00f3w. Wspieramy codzienne u\u017cytkowanie naszych produkt\u00f3w przez rozbudowany i przyjazny system gwarancyjny, nie zostawiaj\u0105c Ci\u0119 nigdy w potrzebie.Dla maluszka i starszakaSpecjalne wk\u0142adki redukcyjne dostosowuj\u0105 fotelik do najmniejszych pasa\u017cer\u00f3w z grupy wagowej 9-18 kg (grupa I). Wyci\u0105gni\u0119cie wk\u0142adki umo\u017cliwia przewo\u017cenie starszych dzieci z grupy wagowej 15-25 kg (grupa II). Dla najstarszych pociech z grupy 22-36 kg (grupa III) fotelik Levi pozwala wybra\u0107 spos\u00f3b przewo\u017cenia z oparciem lub bez jako sama podstawka.Dri-SeatOddychaj\u0105ca wk\u0142adka redukcyjnaWk\u0142adka Dri-Seat zosta\u0142a opracowana, by pe\u0142ni\u0107 funkcj\u0119 wk\u0142adki redukcyjnej \u2013 zapewnia bezpieczniejsze i bardziej komfortowe u\u0142o\u017cenie dziecka w foteliku.Dri-Seat wyr\u00f3\u017cnia si\u0119 3-warstwow\u0105 budow\u0105:Tkanina ze specjalnym splotem zapewnia odpowiedni\u0105 wentylacj\u0119Wype\u0142nienie o odpowiedniej g\u0119sto\u015bci dopasowuje si\u0119 do budowy dzieckaPrzyjemna w dotyku tkanina nie podra\u017cnia delikatnej sk\u00f3ry maluszkaMateria\u0142 o takiej strukturze by\u0142 dotychczas szeroko u\u017cywany jedynie w bran\u017cy wysokojako\u015bciowej odzie\u017cy sportowej.Karta Dziecka \u2013 dodatek do fotelikaTo mo\u017ce uratowa\u0107 maluszkowi \u017cycie!Karta Dziecka jest przeka\u017anikiem informacji o dziecku, jego grupie krwi, chorobach czy alergiach. Przeznaczona jest do umieszczenia w widocznym miejscu fotelika samochodowego, by w razie wypadku na drodze ratownicy wyci\u0105gaj\u0105cy dziecko od razu zauwa\u017cyli obecno\u015b\u0107 karty. To znacznie przyspiesza dzia\u0142ania medyczne w razie wypadku.Jak wype\u0142ni\u0107 Kart\u0119 Dziecka?W tre\u015bci powinny znajdowa\u0107 si\u0119 tylko najwa\u017cniejsze informacje, kt\u00f3re b\u0119d\u0105 u\u017cyteczne dla ratownik\u00f3w i lekarzy, np. alergia na okre\u015blony \u015brodek przeciwb\u00f3lowy czy numery kontaktowe do opiekun\u00f3w. Kart\u0119 wype\u0142nia si\u0119 niezmywalnym markerem.SPECYFIKACJAModel &#8211; Levi OneWymiary fotelika &#8211; 47 x 48 x 68-76 cmPrzedzia\u0142 wagowy &#8211; od 9 do 36 kgWaga fotelika &#8211; 4,4 kgMonta\u017c &#8211; przodem do kierunku jazdyMateria\u0142Podstawa: 100% HDPE (polietylen)Tapicerka: 100% Poliester + g\u0105bkaCertyfikatySNCHECE R44.04<\/p>\n<h2>Fotelik samochodowy Lionelo Levi Plus R\u00f3\u017cowo-Czarny 9-36kg Lionelo<\/h2>\n<p>po \u0142\u0105ce biega lato tekst, lol do druku, milena, pozna\u0144 atrakcje dla dzieci, zagadki dla dzieci 10-12 lat, kalendarz adwentowy diy z rolek, ja\u015bmina imi\u0119, testy z zemsty, kartka walentynkowa zrobiona przez dzieci, mira imi\u0119, kolorowanka sky, anio\u0142ki do druku, zagadki dla dzieci do druku, opowie\u015bci z narni lew czarownica i stara szafa test, maski superbohater\u00f3w do wydrukowania, pia, jak rozmawia\u0107 z dzie\u0107mi o wojnie, podchwytliwe zagadki, quiz flagi \u015bwiata, kolorowanka kotek<\/p>\n<p>yyyyy<\/p>\n<p>&nbsp;<\/p>\n","protected":false},"excerpt":{"rendered":"<p>Fotelik samochodowy Levi One Najbezpieczniejszy w swojej klasie Zabezpieczenia boczne 5-punktowe pasy bezpiecze\u0144stwa Oddychaj\u0105ca wk\u0142adka Dri-Seat Dodatkowa ochrona g\u0142\u00f3wki dziecka Regulowana wysoko\u015b\u0107 zag\u0142\u00f3wka Mo\u017cliwo\u015b\u0107 stosowania samej podstawki fotelika Zdejmowana tapicerka, nadaj\u0105ca si\u0119 do prania w pralce Prosty monta\u017c w aucie wiatraczek gratis (losowo kolory dok\u0142adane jezeli nie zostan\u0119 okre\u015blone w zam\u00f3wieniu) Bezpieczna podr\u00f3\u017cOchrona z ka\u017cdej [&hellip;]<\/p>\n","protected":false},"featured_media":2735,"comment_status":"closed","ping_status":"open","template":"","meta":[],"product_cat":[32,967],"product_tag":[765,802,784,580,730,637,690],"class_list":["post-2734","product","type-product","status-publish","has-post-thumbnail","hentry","product_cat-foteliki-samochodowe","product_cat-lionelo","product_tag-atrakcje-dla-dzieci-warszawa","product_tag-co-kupic-dziewczynce-na-roczek","product_tag-hymn-gorniczy","product_tag-janusz","product_tag-karyna","product_tag-niech-zyja-wakacje-tekst","product_tag-pieski-male-dwa-tekst"],"_links":{"self":[{"href":"http:\/\/klubmamgdynia.pl\/index.php\/wp-json\/wp\/v2\/product\/2734","targetHints":{"allow":["GET"]}}],"collection":[{"href":"http:\/\/klubmamgdynia.pl\/index.php\/wp-json\/wp\/v2\/product"}],"about":[{"href":"http:\/\/klubmamgdynia.pl\/index.php\/wp-json\/wp\/v2\/types\/product"}],"replies":[{"embeddable":true,"href":"http:\/\/klubmamgdynia.pl\/index.php\/wp-json\/wp\/v2\/comments?post=2734"}],"wp:featuredmedia":[{"embeddable":true,"href":"http:\/\/klubmamgdynia.pl\/index.php\/wp-json\/wp\/v2\/media\/2735"}],"wp:attachment":[{"href":"http:\/\/klubmamgdynia.pl\/index.php\/wp-json\/wp\/v2\/media?parent=2734"}],"wp:term":[{"taxonomy":"product_cat","embeddable":true,"href":"http:\/\/klubmamgdynia.pl\/index.php\/wp-json\/wp\/v2\/product_cat?post=2734"},{"taxonomy":"product_tag","embeddable":true,"href":"http:\/\/klubmamgdynia.pl\/index.php\/wp-json\/wp\/v2\/product_tag?post=2734"}],"curies":[{"name":"wp","href":"https:\/\/api.w.org\/{rel}","templated":true}]}}